45.151.61.12 - - [13/Nov/2025:04:14:02 +0800] "POST /wp-login.php HTTP/1.1" 200 2891 "http://cqqizhou.com" "Mozilla/5.0 (Macintosh; Intel Mac OS X 10_15_7; rv:126.0) Gecko/20100101 Firefox/126.0"
36.133.115.36 - - [13/Nov/2025:04:18:21 +0800] "POST /wp-cron.php?doing_wp_cron=1762978701.4636681079864501953125 HTTP/1.1" 200 31 "-" "WordPress/6.8.3; http://cqqizhou.com"
43.165.65.75 - - [13/Nov/2025:04:18:21 +0800] "GET /wp-admin/admin-ajax.php HTTP/1.1" 400 11 "-" "Mozilla/5.0 (iPhone; CPU iPhone OS 13_2_3 like Mac OS X) AppleWebKit/605.1.15 (KHTML, like Gecko) Version/13.0.3 Mobile/15E148 Safari/604.1"
36.133.115.36 - - [13/Nov/2025:04:18:56 +0800] "POST /wp-cron.php?doing_wp_cron=1762978736.9464430809020996093750 HTTP/1.1" 200 31 "-" "WordPress/6.8.3; http://cqqizhou.com"
134.122.6.46 - - [13/Nov/2025:04:18:57 +0800] "POST /wp-login.php HTTP/1.1" 200 2921 "http://cqqizhou.com" "Mozilla/5.0 (Windows NT 10.0; Win64; x64; rv:125.0.1) Gecko/20100101 Firefox/125.0.1"
36.133.115.36 - - [13/Nov/2025:04:26:23 +0800] "POST /wp-cron.php?doing_wp_cron=1762979183.4905030727386474609375 HTTP/1.1" 200 31 "-" "WordPress/6.8.3; http://cqqizhou.com"
43.131.23.154 - - [13/Nov/2025:04:26:23 +0800] "GET /comments/feed/ HTTP/1.1" 200 704 "-" "Mozilla/5.0 (iPhone; CPU iPhone OS 13_2_3 like Mac OS X) AppleWebKit/605.1.15 (KHTML, like Gecko) Version/13.0.3 Mobile/15E148 Safari/604.1"
36.133.115.36 - - [13/Nov/2025:04:28:38 +0800] "POST /wp-cron.php?doing_wp_cron=1762979318.2575759887695312500000 HTTP/1.1" 200 31 "-" "WordPress/6.8.3; http://cqqizhou.com"
103.28.36.199 - - [13/Nov/2025:04:28:38 +0800] "POST /wp-login.php HTTP/1.1" 200 2921 "http://cqqizhou.com" "Mozilla/5.0 (Windows NT 11.0; Win64; x64) AppleWebKit/537.36 (KHTML, like Gecko) Chrome/126.0.0.0 Safari/537.36"
36.133.115.36 - - [13/Nov/2025:04:33:31 +0800] "POST /wp-cron.php?doing_wp_cron=1762979611.6416950225830078125000 HTTP/1.1" 200 31 "-" "WordPress/6.8.3; http://cqqizhou.com"
4.240.89.23 - - [13/Nov/2025:04:33:31 +0800] "POST /wp-login.php HTTP/1.1" 200 2921 "http://cqqizhou.com" "Mozilla/5.0 (Windows NT 10.0; Win64; x64) AppleWebKit/537.36 (KHTML, like Gecko) Chrome/114.0.5735.134 Safari/537.36"
36.133.115.36 - - [13/Nov/2025:04:37:09 +0800] "POST /wp-cron.php?doing_wp_cron=1762979829.4498999118804931640625 HTTP/1.1" 200 31 "-" "WordPress/6.8.3; http://cqqizhou.com"
43.166.136.24 - - [13/Nov/2025:04:37:09 +0800] "GET / HTTP/1.1" 200 33462 "-" "Mozilla/5.0 (iPhone; CPU iPhone OS 13_2_3 like Mac OS X) AppleWebKit/605.1.15 (KHTML, like Gecko) Version/13.0.3 Mobile/15E148 Safari/604.1"
36.133.115.36 - - [13/Nov/2025:04:43:11 +0800] "POST /wp-cron.php?doing_wp_cron=1762980191.8803279399871826171875 HTTP/1.1" 200 31 "-" "WordPress/6.8.3; http://cqqizhou.com"
128.199.79.81 - - [13/Nov/2025:04:43:11 +0800] "POST /wp-login.php HTTP/1.1" 200 2921 "http://cqqizhou.com" "Mozilla/5.0 (Windows NT 11.0; Win64; x64) AppleWebKit/537.36 (KHTML, like Gecko) Chrome/126.0.0.0 Safari/537.36"
170.106.143.6 - - [13/Nov/2025:04:46:38 +0800] "GET /wp-content/uploads/2025/11/1762864369-QZ_Photo-11.webp HTTP/1.1" 200 240198 "-" "Mozilla/5.0 (iPhone; CPU iPhone OS 13_2_3 like Mac OS X) AppleWebKit/605.1.15 (KHTML, like Gecko) Version/13.0.3 Mobile/15E148 Safari/604.1"
36.133.115.36 - - [13/Nov/2025:04:52:40 +0800] "POST /wp-cron.php?doing_wp_cron=1762980760.0452919006347656250000 HTTP/1.1" 200 31 "-" "WordPress/6.8.3; http://cqqizhou.com"
94.191.24.214 - - [13/Nov/2025:04:52:40 +0800] "POST /wp-login.php HTTP/1.1" 200 2921 "http://cqqizhou.com" "Mozilla/5.0 (Windows NT 10.0; Win64; x64) AppleWebKit/537.36 (KHTML, like Gecko) Chrome/112.0.5615.138 Safari/537.36 Edg/112.0.1722.68"
36.133.115.36 - - [13/Nov/2025:04:56:35 +0800] "POST /wp-cron.php?doing_wp_cron=1762980995.6142079830169677734375 HTTP/1.1" 200 31 "-" "WordPress/6.8.3; http://cqqizhou.com"
223.16.233.103 - - [13/Nov/2025:04:56:35 +0800] "POST /hello.world?%ADd+allow_url_include%3d1+%ADd+auto_prepend_file%3dphp://input HTTP/1.1" 404 31381 "-" "libredtail-http"
223.16.233.103 - - [13/Nov/2025:04:56:37 +0800] "POST /?%ADd+allow_url_include%3d1+%ADd+auto_prepend_file%3dphp://input HTTP/1.1" 200 151921 "-" "libredtail-http"
223.16.233.103 - - [13/Nov/2025:04:56:37 +0800] "GET /vendor/phpunit/phpunit/src/Util/PHP/eval-stdin.php HTTP/1.1" 404 27 "-" "libredtail-http"
223.16.233.103 - - [13/Nov/2025:04:56:38 +0800] "GET /vendor/phpunit/phpunit/Util/PHP/eval-stdin.php HTTP/1.1" 404 27 "-" "libredtail-http"
223.16.233.103 - - [13/Nov/2025:04:56:38 +0800] "GET /vendor/phpunit/src/Util/PHP/eval-stdin.php HTTP/1.1" 404 27 "-" "libredtail-http"
223.16.233.103 - - [13/Nov/2025:04:56:39 +0800] "GET /vendor/phpunit/Util/PHP/eval-stdin.php HTTP/1.1" 404 27 "-" "libredtail-http"
223.16.233.103 - - [13/Nov/2025:04:56:39 +0800] "GET /vendor/phpunit/phpunit/LICENSE/eval-stdin.php HTTP/1.1" 404 27 "-" "libredtail-http"
223.16.233.103 - - [13/Nov/2025:04:56:39 +0800] "GET /vendor/vendor/phpunit/phpunit/src/Util/PHP/eval-stdin.php HTTP/1.1" 404 27 "-" "libredtail-http"
223.16.233.103 - - [13/Nov/2025:04:56:40 +0800] "GET /phpunit/phpunit/src/Util/PHP/eval-stdin.php HTTP/1.1" 404 27 "-" "libredtail-http"
223.16.233.103 - - [13/Nov/2025:04:56:40 +0800] "GET /phpunit/phpunit/Util/PHP/eval-stdin.php HTTP/1.1" 404 27 "-" "libredtail-http"
223.16.233.103 - - [13/Nov/2025:04:56:40 +0800] "GET /phpunit/src/Util/PHP/eval-stdin.php HTTP/1.1" 404 27 "-" "libredtail-http"
223.16.233.103 - - [13/Nov/2025:04:56:41 +0800] "GET /phpunit/Util/PHP/eval-stdin.php HTTP/1.1" 404 27 "-" "libredtail-http"
223.16.233.103 - - [13/Nov/2025:04:56:41 +0800] "GET /lib/phpunit/phpunit/src/Util/PHP/eval-stdin.php HTTP/1.1" 404 27 "-" "libredtail-http"
223.16.233.103 - - [13/Nov/2025:04:56:41 +0800] "GET /lib/phpunit/phpunit/Util/PHP/eval-stdin.php HTTP/1.1" 404 27 "-" "libredtail-http"
223.16.233.103 - - [13/Nov/2025:04:56:42 +0800] "GET /lib/phpunit/src/Util/PHP/eval-stdin.php HTTP/1.1" 404 27 "-" "libredtail-http"
223.16.233.103 - - [13/Nov/2025:04:56:42 +0800] "GET /lib/phpunit/Util/PHP/eval-stdin.php HTTP/1.1" 404 27 "-" "libredtail-http"
223.16.233.103 - - [13/Nov/2025:04:56:42 +0800] "GET /lib/vendor/phpunit/phpunit/src/Util/PHP/eval-stdin.php HTTP/1.1" 404 27 "-" "libredtail-http"
223.16.233.103 - - [13/Nov/2025:04:56:42 +0800] "GET /laravel/vendor/phpunit/phpunit/src/Util/PHP/eval-stdin.php HTTP/1.1" 404 27 "-" "libredtail-http"
223.16.233.103 - - [13/Nov/2025:04:56:43 +0800] "GET /www/vendor/phpunit/phpunit/src/Util/PHP/eval-stdin.php HTTP/1.1" 404 27 "-" "libredtail-http"
223.16.233.103 - - [13/Nov/2025:04:56:43 +0800] "GET /ws/vendor/phpunit/phpunit/src/Util/PHP/eval-stdin.php HTTP/1.1" 404 27 "-" "libredtail-http"
223.16.233.103 - - [13/Nov/2025:04:56:43 +0800] "GET /yii/vendor/phpunit/phpunit/src/Util/PHP/eval-stdin.php HTTP/1.1" 404 27 "-" "libredtail-http"
223.16.233.103 - - [13/Nov/2025:04:56:43 +0800] "GET /zend/vendor/phpunit/phpunit/src/Util/PHP/eval-stdin.php HTTP/1.1" 404 27 "-" "libredtail-http"
223.16.233.103 - - [13/Nov/2025:04:56:44 +0800] "GET /ws/ec/vendor/phpunit/phpunit/src/Util/PHP/eval-stdin.php HTTP/1.1" 404 27 "-" "libredtail-http"
223.16.233.103 - - [13/Nov/2025:04:56:44 +0800] "GET /V2/vendor/phpunit/phpunit/src/Util/PHP/eval-stdin.php HTTP/1.1" 404 27 "-" "libredtail-http"
223.16.233.103 - - [13/Nov/2025:04:56:44 +0800] "GET /tests/vendor/phpunit/phpunit/src/Util/PHP/eval-stdin.php HTTP/1.1" 404 27 "-" "libredtail-http"
223.16.233.103 - - [13/Nov/2025:04:56:45 +0800] "GET /test/vendor/phpunit/phpunit/src/Util/PHP/eval-stdin.php HTTP/1.1" 404 27 "-" "libredtail-http"
223.16.233.103 - - [13/Nov/2025:04:56:45 +0800] "GET /testing/vendor/phpunit/phpunit/src/Util/PHP/eval-stdin.php HTTP/1.1" 404 27 "-" "libredtail-http"
223.16.233.103 - - [13/Nov/2025:04:56:45 +0800] "GET /api/vendor/phpunit/phpunit/src/Util/PHP/eval-stdin.php HTTP/1.1" 404 27 "-" "libredtail-http"
223.16.233.103 - - [13/Nov/2025:04:56:46 +0800] "GET /demo/vendor/phpunit/phpunit/src/Util/PHP/eval-stdin.php HTTP/1.1" 404 27 "-" "libredtail-http"
223.16.233.103 - - [13/Nov/2025:04:56:46 +0800] "GET /cms/vendor/phpunit/phpunit/src/Util/PHP/eval-stdin.php HTTP/1.1" 404 27 "-" "libredtail-http"
223.16.233.103 - - [13/Nov/2025:04:56:46 +0800] "GET /crm/vendor/phpunit/phpunit/src/Util/PHP/eval-stdin.php HTTP/1.1" 404 27 "-" "libredtail-http"
223.16.233.103 - - [13/Nov/2025:04:56:46 +0800] "GET /admin/vendor/phpunit/phpunit/src/Util/PHP/eval-stdin.php HTTP/1.1" 404 27 "-" "libredtail-http"
223.16.233.103 - - [13/Nov/2025:04:56:47 +0800] "GET /backup/vendor/phpunit/phpunit/src/Util/PHP/eval-stdin.php HTTP/1.1" 404 27 "-" "libredtail-http"
223.16.233.103 - - [13/Nov/2025:04:56:47 +0800] "GET /blog/vendor/phpunit/phpunit/src/Util/PHP/eval-stdin.php HTTP/1.1" 404 27 "-" "libredtail-http"
223.16.233.103 - - [13/Nov/2025:04:56:47 +0800] "GET /workspace/drupal/vendor/phpunit/phpunit/src/Util/PHP/eval-stdin.php HTTP/1.1" 404 27 "-" "libredtail-http"
223.16.233.103 - - [13/Nov/2025:04:56:47 +0800] "GET /panel/vendor/phpunit/phpunit/src/Util/PHP/eval-stdin.php HTTP/1.1" 404 27 "-" "libredtail-http"
223.16.233.103 - - [13/Nov/2025:04:56:47 +0800] "GET /public/vendor/phpunit/phpunit/src/Util/PHP/eval-stdin.php HTTP/1.1" 404 27 "-" "libredtail-http"
223.16.233.103 - - [13/Nov/2025:04:56:48 +0800] "GET /apps/vendor/phpunit/phpunit/src/Util/PHP/eval-stdin.php HTTP/1.1" 404 27 "-" "libredtail-http"
223.16.233.103 - - [13/Nov/2025:04:56:48 +0800] "GET /app/vendor/phpunit/phpunit/src/Util/PHP/eval-stdin.php HTTP/1.1" 404 27 "-" "libredtail-http"
36.133.115.36 - - [13/Nov/2025:04:56:49 +0800] "POST /wp-cron.php?doing_wp_cron=1762981009.0814230442047119140625 HTTP/1.1" 200 31 "-" "WordPress/6.8.3; http://cqqizhou.com"
223.16.233.103 - - [13/Nov/2025:04:56:49 +0800] "GET /index.php?s=/index/\x5Cthink\x5Capp/invokefunction&function=call_user_func_array&vars[0]=md5&vars[1][]=Hello HTTP/1.1" 200 64768 "-" "libredtail-http"
223.16.233.103 - - [13/Nov/2025:04:56:49 +0800] "GET /public/index.php?s=/index/\x5Cthink\x5Capp/invokefunction&function=call_user_func_array&vars[0]=md5&vars[1][]=Hello HTTP/1.1" 404 27 "-" "libredtail-http"
223.16.233.103 - - [13/Nov/2025:04:56:50 +0800] "GET /index.php?lang=../../../../../../../../usr/local/lib/php/pearcmd&+config-create+/&/<?echo(md5(\x22hi\x22));?>+/tmp/index1.php HTTP/1.1" 200 151921 "-" "libredtail-http"
223.16.233.103 - - [13/Nov/2025:04:56:52 +0800] "GET /index.php?lang=../../../../../../../../tmp/index1 HTTP/1.1" 200 151921 "-" "libredtail-http"
223.16.233.103 - - [13/Nov/2025:04:56:53 +0800] "GET /containers/json HTTP/1.1" 301 5 "-" "libredtail-http"
223.16.233.103 - - [13/Nov/2025:04:56:55 +0800] "GET /containers/json HTTP/1.1" 301 5 "-" "libredtail-http"
43.130.139.136 - - [13/Nov/2025:04:57:26 +0800] "GET /wp-json/oembed/1.0/embed?url=http%3A%2F%2Fcqqizhou.com%2Fbug%2F HTTP/1.1" 200 1106 "-" "Mozilla/5.0 (iPhone; CPU iPhone OS 13_2_3 like Mac OS X) AppleWebKit/605.1.15 (KHTML, like Gecko) Version/13.0.3 Mobile/15E148 Safari/604.1"
34.100.191.26 - - [13/Nov/2025:04:57:31 +0800] "POST /wp-login.php HTTP/1.1" 200 2921 "http://cqqizhou.com" "Mozilla/5.0 (Macintosh; Intel Mac OS X 14.3) AppleWebKit/614.31.14 (KHTML, like Gecko) Version/17.0.96 Safari/614.31.14"
36.133.115.36 - - [13/Nov/2025:05:02:21 +0800] "POST /wp-cron.php?doing_wp_cron=1762981341.1195120811462402343750 HTTP/1.1" 200 31 "-" "WordPress/6.8.3; http://cqqizhou.com"
114.215.206.33 - - [13/Nov/2025:05:02:21 +0800] "POST /wp-login.php HTTP/1.1" 200 2921 "http://cqqizhou.com" "Mozilla/5.0 (Windows NT 10.0; Win64; x64) AppleWebKit/537.36 (KHTML, like Gecko) Chrome/114.0.5735.134 Safari/537.36"
49.51.178.45 - - [13/Nov/2025:05:06:35 +0800] "GET /wp-content/plugins/ HTTP/1.1" 200 31 "-" "Mozilla/5.0 (iPhone; CPU iPhone OS 13_2_3 like Mac OS X) AppleWebKit/605.1.15 (KHTML, like Gecko) Version/13.0.3 Mobile/15E148 Safari/604.1"
36.133.115.36 - - [13/Nov/2025:05:07:10 +0800] "POST /wp-cron.php?doing_wp_cron=1762981630.3873651027679443359375 HTTP/1.1" 200 31 "-" "WordPress/6.8.3; http://cqqizhou.com"
157.230.20.249 - - [13/Nov/2025:05:07:10 +0800] "POST /wp-login.php HTTP/1.1" 200 2921 "http://cqqizhou.com" "Mozilla/5.0 (Macintosh; Intel Mac OS X 14_6) AppleWebKit/605.1.15 (KHTML, like Gecko) Version/17.5 Safari/605.1.15"
36.255.98.251 - - [13/Nov/2025:05:10:52 +0800] "GET / HTTP/1.1" 200 33927 "-" "Go-http-client/1.1"
36.255.98.251 - - [13/Nov/2025:05:10:53 +0800] "GET /asdf.php HTTP/1.1" 404 47 "-" "Go-http-client/1.1"
36.255.98.251 - - [13/Nov/2025:05:10:53 +0800] "GET /dashboard/phpinfo.php HTTP/1.1" 404 47 "-" "Go-http-client/1.1"
36.255.98.251 - - [13/Nov/2025:05:10:53 +0800] "GET /test.php HTTP/1.1" 404 47 "-" "Go-http-client/1.1"
36.255.98.251 - - [13/Nov/2025:05:10:53 +0800] "GET /pinfo.php HTTP/1.1" 404 47 "-" "Go-http-client/1.1"
36.255.98.251 - - [13/Nov/2025:05:10:53 +0800] "GET /install/index.php HTTP/1.1" 404 47 "-" "Go-http-client/1.1"
36.255.98.251 - - [13/Nov/2025:05:10:53 +0800] "GET /time.php HTTP/1.1" 404 47 "-" "Go-http-client/1.1"
36.255.98.251 - - [13/Nov/2025:05:10:53 +0800] "GET /_profiler/phpinfo.php HTTP/1.1" 404 47 "-" "Go-http-client/1.1"
36.255.98.251 - - [13/Nov/2025:05:10:53 +0800] "GET /infos.php HTTP/1.1" 404 47 "-" "Go-http-client/1.1"
36.255.98.251 - - [13/Nov/2025:05:10:53 +0800] "GET /php-info.php HTTP/1.1" 404 47 "-" "Go-http-client/1.1"
36.255.98.251 - - [13/Nov/2025:05:10:53 +0800] "GET /test2.php HTTP/1.1" 404 47 "-" "Go-http-client/1.1"
36.255.98.251 - - [13/Nov/2025:05:10:53 +0800] "GET /config/security.config.php HTTP/1.1" 404 47 "-" "Go-http-client/1.1"
36.255.98.251 - - [13/Nov/2025:05:10:53 +0800] "GET /application/config/encryption.php HTTP/1.1" 404 47 "-" "Go-http-client/1.1"
36.255.98.251 - - [13/Nov/2025:05:10:53 +0800] "GET /php.php HTTP/1.1" 404 47 "-" "Go-http-client/1.1"
36.255.98.251 - - [13/Nov/2025:05:10:53 +0800] "GET /config/cache.php HTTP/1.1" 404 47 "-" "Go-http-client/1.1"
36.255.98.251 - - [13/Nov/2025:05:10:53 +0800] "GET /test1.php HTTP/1.1" 404 47 "-" "Go-http-client/1.1"
36.255.98.251 - - [13/Nov/2025:05:10:53 +0800] "GET /config/cli_bootstrap.php HTTP/1.1" 404 47 "-" "Go-http-client/1.1"
36.255.98.251 - - [13/Nov/2025:05:10:53 +0800] "GET /application/config/foreign_chars.php HTTP/1.1" 404 47 "-" "Go-http-client/1.1"
36.255.98.251 - - [13/Nov/2025:05:10:53 +0800] "GET /config/application.config.php HTTP/1.1" 404 47 "-" "Go-http-client/1.1"
36.255.98.251 - - [13/Nov/2025:05:10:53 +0800] "GET /secured/phpinfo.php HTTP/1.1" 404 47 "-" "Go-http-client/1.1"
36.255.98.251 - - [13/Nov/2025:05:10:53 +0800] "GET /config/app.default.php HTTP/1.1" 404 47 "-" "Go-http-client/1.1"
36.255.98.251 - - [13/Nov/2025:05:10:53 +0800] "GET /infophp.php HTTP/1.1" 404 47 "-" "Go-http-client/1.1"
36.255.98.251 - - [13/Nov/2025:05:10:53 +0800] "GET /config/autoload/global.php HTTP/1.1" 404 47 "-" "Go-http-client/1.1"
36.255.98.251 - - [13/Nov/2025:05:10:53 +0800] "GET / HTTP/1.1" 200 33927 "-" "Go-http-client/1.1"
36.255.98.251 - - [13/Nov/2025:05:10:53 +0800] "GET /config/bootstrap.php HTTP/1.1" 404 47 "-" "Go-http-client/1.1"
36.255.98.251 - - [13/Nov/2025:05:10:53 +0800] "GET /config/auth.php HTTP/1.1" 404 47 "-" "Go-http-client/1.1"
36.255.98.251 - - [13/Nov/2025:05:10:53 +0800] "GET /php_info.php HTTP/1.1" 404 47 "-" "Go-http-client/1.1"
36.255.98.251 - - [13/Nov/2025:05:10:53 +0800] "GET /i.php HTTP/1.1" 404 47 "-" "Go-http-client/1.1"
36.255.98.251 - - [13/Nov/2025:05:10:53 +0800] "GET /config/view.php HTTP/1.1" 404 47 "-" "Go-http-client/1.1"
36.255.98.251 - - [13/Nov/2025:05:10:53 +0800] "GET /phpversion.php HTTP/1.1" 404 47 "-" "Go-http-client/1.1"
36.255.98.251 - - [13/Nov/2025:05:10:53 +0800] "GET /application/config/constants.php HTTP/1.1" 404 47 "-" "Go-http-client/1.1"
36.255.98.251 - - [13/Nov/2025:05:10:53 +0800] "GET /temp.php HTTP/1.1" 404 47 "-" "Go-http-client/1.1"
36.255.98.251 - - [13/Nov/2025:05:10:53 +0800] "GET /config/acl.config.php HTTP/1.1" 404 47 "-" "Go-http-client/1.1"
36.255.98.251 - - [13/Nov/2025:05:10:53 +0800] "GET /config/session.php HTTP/1.1" 404 47 "-" "Go-http-client/1.1"
36.255.98.251 - - [13/Nov/2025:05:10:53 +0800] "GET /application/config/database.php HTTP/1.1" 404 47 "-" "Go-http-client/1.1"
36.255.98.251 - - [13/Nov/2025:05:10:53 +0800] "GET /config/mail.php HTTP/1.1" 404 47 "-" "Go-http-client/1.1"
36.255.98.251 - - [13/Nov/2025:05:10:53 +0800] "GET /config/filesystems.php HTTP/1.1" 404 47 "-" "Go-http-client/1.1"
36.255.98.251 - - [13/Nov/2025:05:10:54 +0800] "GET /phpinfos.php HTTP/1.1" 404 47 "-" "Go-http-client/1.1"
36.255.98.251 - - [13/Nov/2025:05:10:55 +0800] "GET /wp-config.php HTTP/1.1" 200 31 "-" "Go-http-client/1.1"
36.255.98.251 - - [13/Nov/2025:05:10:55 +0800] "GET /_profiler/phpinfo HTTP/1.1" 404 8990 "-" "Go-http-client/1.1"
36.255.98.251 - - [13/Nov/2025:05:10:55 +0800] "GET /application/config/mimes.php HTTP/1.1" 404 47 "-" "Go-http-client/1.1"
36.255.98.251 - - [13/Nov/2025:05:10:55 +0800] "GET /config/paths.php HTTP/1.1" 404 47 "-" "Go-http-client/1.1"
36.255.98.251 - - [13/Nov/2025:05:10:55 +0800] "GET /config/database.config.php HTTP/1.1" 404 47 "-" "Go-http-client/1.1"
36.255.98.251 - - [13/Nov/2025:05:10:55 +0800] "GET /config/requirements.php HTTP/1.1" 404 47 "-" "Go-http-client/1.1"
36.255.98.251 - - [13/Nov/2025:05:10:55 +0800] "GET /config/module.config.php HTTP/1.1" 404 47 "-" "Go-http-client/1.1"
36.255.98.251 - - [13/Nov/2025:05:10:55 +0800] "GET /config/production.config.php HTTP/1.1" 404 47 "-" "Go-http-client/1.1"
36.255.98.251 - - [13/Nov/2025:05:10:55 +0800] "GET /application/config/email.php HTTP/1.1" 404 47 "-" "Go-http-client/1.1"
36.255.98.251 - - [13/Nov/2025:05:10:55 +0800] "GET /config.php HTTP/1.1" 404 47 "-" "Go-http-client/1.1"
36.255.98.251 - - [13/Nov/2025:05:10:55 +0800] "GET /.vscode/sftp.json HTTP/1.1" 404 8990 "-" "Go-http-client/1.1"
36.255.98.251 - - [13/Nov/2025:05:10:55 +0800] "GET /wp-config.php.old HTTP/1.1" 404 8990 "-" "Go-http-client/1.1"
36.255.98.251 - - [13/Nov/2025:05:10:55 +0800] "GET /tsconfig.spec.json HTTP/1.1" 404 8990 "-" "Go-http-client/1.1"
36.255.98.251 - - [13/Nov/2025:05:10:55 +0800] "GET /laravel/.env HTTP/1.1" 404 8990 "-" "Go-http-client/1.1"
36.255.98.251 - - [13/Nov/2025:05:10:55 +0800] "GET /.remote HTTP/1.1" 404 8990 "-" "Go-http-client/1.1"
36.255.98.251 - - [13/Nov/2025:05:10:55 +0800] "GET /old_phpinfo.php HTTP/1.1" 404 47 "-" "Go-http-client/1.1"
36.255.98.251 - - [13/Nov/2025:05:10:55 +0800] "GET /config/config.php HTTP/1.1" 404 47 "-" "Go-http-client/1.1"
36.255.98.251 - - [13/Nov/2025:05:10:55 +0800] "GET /api/.env HTTP/1.1" 404 8990 "-" "Go-http-client/1.1"
36.255.98.251 - - [13/Nov/2025:05:10:55 +0800] "GET /config/queue.php HTTP/1.1" 404 47 "-" "Go-http-client/1.1"
36.255.98.251 - - [13/Nov/2025:05:10:55 +0800] "GET /src/config/config.json HTTP/1.1" 404 8990 "-" "Go-http-client/1.1"
36.255.98.251 - - [13/Nov/2025:05:10:55 +0800] "GET /application/config/routes.php HTTP/1.1" 404 47 "-" "Go-http-client/1.1"
36.255.98.251 - - [13/Nov/2025:05:10:55 +0800] "GET /application/config/hooks.php HTTP/1.1" 404 47 "-" "Go-http-client/1.1"
36.255.98.251 - - [13/Nov/2025:05:10:55 +0800] "GET /dev/phpinfo.php HTTP/1.1" 404 47 "-" "Go-http-client/1.1"
36.255.98.251 - - [13/Nov/2025:05:10:55 +0800] "GET /app/etc/config.local.php HTTP/1.1" 404 47 "-" "Go-http-client/1.1"
36.255.98.251 - - [13/Nov/2025:05:10:55 +0800] "GET /login/index.php HTTP/1.1" 404 47 "-" "Go-http-client/1.1"
36.255.98.251 - - [13/Nov/2025:05:10:55 +0800] "GET /config/services.php HTTP/1.1" 404 47 "-" "Go-http-client/1.1"
36.255.98.251 - - [13/Nov/2025:05:10:55 +0800] "GET /application/config/profiler.php HTTP/1.1" 404 47 "-" "Go-http-client/1.1"
36.255.98.251 - - [13/Nov/2025:05:10:56 +0800] "GET /phpinfo.php5 HTTP/1.1" 404 8989 "-" "Go-http-client/1.1"
36.255.98.251 - - [13/Nov/2025:05:10:56 +0800] "GET /bundleconfig.json HTTP/1.1" 404 8989 "-" "Go-http-client/1.1"
36.255.98.251 - - [13/Nov/2025:05:10:56 +0800] "GET /config/dev.json HTTP/1.1" 404 8989 "-" "Go-http-client/1.1"
36.255.98.251 - - [13/Nov/2025:05:10:56 +0800] "GET /config/daemon.json HTTP/1.1" 404 8989 "-" "Go-http-client/1.1"
36.255.98.251 - - [13/Nov/2025:05:10:56 +0800] "GET /.aws/config HTTP/1.1" 404 8989 "-" "Go-http-client/1.1"
36.255.98.251 - - [13/Nov/2025:05:10:56 +0800] "GET /application/config/autoload.php HTTP/1.1" 404 47 "-" "Go-http-client/1.1"
36.255.98.251 - - [13/Nov/2025:05:10:56 +0800] "GET /laravel/core/.env HTTP/1.1" 404 8989 "-" "Go-http-client/1.1"
36.255.98.251 - - [13/Nov/2025:05:10:56 +0800] "GET /.docker/config.json HTTP/1.1" 404 8989 "-" "Go-http-client/1.1"
36.255.98.251 - - [13/Nov/2025:05:10:56 +0800] "GET /.aws/credentials HTTP/1.1" 404 8989 "-" "Go-http-client/1.1"
36.255.98.251 - - [13/Nov/2025:05:10:56 +0800] "GET /.vscode/.env HTTP/1.1" 404 8989 "-" "Go-http-client/1.1"
36.255.98.251 - - [13/Nov/2025:05:10:56 +0800] "GET /application/config/doctypes.php HTTP/1.1" 404 47 "-" "Go-http-client/1.1"
36.255.98.251 - - [13/Nov/2025:05:10:56 +0800] "GET /config/config.json HTTP/1.1" 404 8989 "-" "Go-http-client/1.1"
36.255.98.251 - - [13/Nov/2025:05:10:56 +0800] "GET /config/app.php HTTP/1.1" 404 47 "-" "Go-http-client/1.1"
36.255.98.251 - - [13/Nov/2025:05:10:56 +0800] "GET /config/routes.php HTTP/1.1" 404 47 "-" "Go-http-client/1.1"
36.255.98.251 - - [13/Nov/2025:05:10:56 +0800] "GET /config/test.config.php HTTP/1.1" 404 47 "-" "Go-http-client/1.1"
36.255.98.251 - - [13/Nov/2025:05:10:56 +0800] "GET /config/autoload/local.php HTTP/1.1" 404 47 "-" "Go-http-client/1.1"
36.255.98.251 - - [13/Nov/2025:05:10:56 +0800] "GET /.production HTTP/1.1" 404 8989 "-" "Go-http-client/1.1"
36.255.98.251 - - [13/Nov/2025:05:10:56 +0800] "GET /config/app_local.php HTTP/1.1" 404 47 "-" "Go-http-client/1.1"
36.255.98.251 - - [13/Nov/2025:05:10:56 +0800] "GET /config/development.config.php HTTP/1.1" 404 47 "-" "Go-http-client/1.1"
36.255.98.251 - - [13/Nov/2025:05:10:56 +0800] "GET /.gitlab-ci/.env HTTP/1.1" 404 8989 "-" "Go-http-client/1.1"
36.255.98.251 - - [13/Nov/2025:05:10:56 +0800] "GET /prevlaravel/sftp-config.json HTTP/1.1" 404 8989 "-" "Go-http-client/1.1"
36.255.98.251 - - [13/Nov/2025:05:10:56 +0800] "GET /symfony/_profiler/phpinfo HTTP/1.1" 404 8989 "-" "Go-http-client/1.1"
36.255.98.251 - - [13/Nov/2025:05:10:56 +0800] "GET /app/etc/config.php HTTP/1.1" 404 47 "-" "Go-http-client/1.1"
36.255.98.251 - - [13/Nov/2025:05:10:56 +0800] "GET /.git/config HTTP/1.1" 404 8989 "-" "Go-http-client/1.1"
36.255.98.251 - - [13/Nov/2025:05:10:56 +0800] "GET /application/config/migration.php HTTP/1.1" 404 47 "-" "Go-http-client/1.1"
36.255.98.251 - - [13/Nov/2025:05:10:56 +0800] "GET /private/env.json HTTP/1.1" 404 8989 "-" "Go-http-client/1.1"
36.255.98.251 - - [13/Nov/2025:05:10:56 +0800] "GET /config/database.php HTTP/1.1" 404 47 "-" "Go-http-client/1.1"
36.133.115.36 - - [13/Nov/2025:05:10:56 +0800] "POST /wp-cron.php?doing_wp_cron=1762981855.3581070899963378906250 HTTP/1.1" 499 0 "-" "WordPress/6.8.3; http://cqqizhou.com"
36.133.115.36 - - [13/Nov/2025:05:10:56 +0800] "POST /wp-cron.php?doing_wp_cron=1762981855.3556780815124511718750 HTTP/1.1" 499 0 "-" "WordPress/6.8.3; http://cqqizhou.com"
36.255.98.251 - - [13/Nov/2025:05:10:56 +0800] "GET /application/config/constants.php/ HTTP/1.1" 404 8989 "-" "Go-http-client/1.1"
36.255.98.251 - - [13/Nov/2025:05:10:56 +0800] "GET /launchSettings.json HTTP/1.1" 404 8989 "-" "Go-http-client/1.1"
36.255.98.251 - - [13/Nov/2025:05:10:56 +0800] "GET /config/test.json HTTP/1.1" 404 8989 "-" "Go-http-client/1.1"
36.255.98.251 - - [13/Nov/2025:05:10:56 +0800] "GET /application/config/config.php HTTP/1.1" 404 47 "-" "Go-http-client/1.1"
36.255.98.251 - - [13/Nov/2025:05:10:56 +0800] "GET /frontend_dev.php/$ HTTP/1.1" 404 8989 "-" "Go-http-client/1.1"
36.255.98.251 - - [13/Nov/2025:05:10:56 +0800] "GET /config/broadcasting.php HTTP/1.1" 404 47 "-" "Go-http-client/1.1"
36.255.98.251 - - [13/Nov/2025:05:10:56 +0800] "GET /.vscode/settings.json HTTP/1.1" 404 8989 "-" "Go-http-client/1.1"
36.255.98.251 - - [13/Nov/2025:05:10:56 +0800] "GET /config/settings.json HTTP/1.1" 404 8989 "-" "Go-http-client/1.1"
36.255.98.251 - - [13/Nov/2025:05:10:56 +0800] "GET /config/php.ini HTTP/1.1" 404 8989 "-" "Go-http-client/1.1"
36.255.98.251 - - [13/Nov/2025:05:10:56 +0800] "GET /.ssh/sftp-config.json HTTP/1.1" 404 8989 "-" "Go-http-client/1.1"
36.255.98.251 - - [13/Nov/2025:05:10:56 +0800] "GET /aws.yml HTTP/1.1" 404 8989 "-" "Go-http-client/1.1"
36.255.98.251 - - [13/Nov/2025:05:10:56 +0800] "GET /conf/application.json HTTP/1.1" 404 8989 "-" "Go-http-client/1.1"
36.255.98.251 - - [13/Nov/2025:05:10:57 +0800] "GET /appsettings.Development.json HTTP/1.1" 404 8990 "-" "Go-http-client/1.1"
36.255.98.251 - - [13/Nov/2025:05:10:57 +0800] "GET /phpinfo.php4 HTTP/1.1" 404 8990 "-" "Go-http-client/1.1"
36.255.98.251 - - [13/Nov/2025:05:10:58 +0800] "GET /prod/.env HTTP/1.1" 404 8990 "-" "Go-http-client/1.1"
36.255.98.251 - - [13/Nov/2025:05:10:58 +0800] "GET /hosting.json HTTP/1.1" 404 8990 "-" "Go-http-client/1.1"
36.255.98.251 - - [13/Nov/2025:05:10:58 +0800] "GET /.wp-config.php.swp HTTP/1.1" 404 8990 "-" "Go-http-client/1.1"
36.255.98.251 - - [13/Nov/2025:05:10:58 +0800] "GET /config/aws.json HTTP/1.1" 404 8990 "-" "Go-http-client/1.1"
36.255.98.251 - - [13/Nov/2025:05:10:58 +0800] "GET /.local HTTP/1.1" 404 8990 "-" "Go-http-client/1.1"
36.255.98.251 - - [13/Nov/2025:05:10:58 +0800] "GET /Properties/launchSettings.json HTTP/1.1" 404 8990 "-" "Go-http-client/1.1"
36.255.98.251 - - [13/Nov/2025:05:10:58 +0800] "GET /tsconfig.app.json HTTP/1.1" 404 8990 "-" "Go-http-client/1.1"
36.255.98.251 - - [13/Nov/2025:05:10:59 +0800] "GET /appsettings.Production.json HTTP/1.1" 404 8990 "-" "Go-http-client/1.1"
36.255.98.251 - - [13/Nov/2025:05:10:59 +0800] "GET /config/production.json HTTP/1.1" 404 8990 "-" "Go-http-client/1.1"
36.255.98.251 - - [13/Nov/2025:05:10:59 +0800] "GET /.env.local HTTP/1.1" 404 8990 "-" "Go-http-client/1.1"
36.255.98.251 - - [13/Nov/2025:05:10:59 +0800] "GET /local/.env HTTP/1.1" 404 8990 "-" "Go-http-client/1.1"
36.255.98.251 - - [13/Nov/2025:05:10:59 +0800] "GET /index.php/phpinfo HTTP/1.1" 301 5 "-" "Go-http-client/1.1"
36.255.98.251 - - [13/Nov/2025:05:10:59 +0800] "GET /.env.prod.local HTTP/1.1" 404 8990 "-" "Go-http-client/1.1"
36.255.98.251 - - [13/Nov/2025:05:10:59 +0800] "GET /appsettings.QA.json HTTP/1.1" 404 8990 "-" "Go-http-client/1.1"
36.255.98.251 - - [13/Nov/2025:05:10:59 +0800] "GET /config/default.json HTTP/1.1" 404 8990 "-" "Go-http-client/1.1"
36.255.98.251 - - [13/Nov/2025:05:10:59 +0800] "GET /.docker/laravel/app/.env HTTP/1.1" 404 8990 "-" "Go-http-client/1.1"
36.255.98.251 - - [13/Nov/2025:05:10:59 +0800] "GET /phpinfo.php3 HTTP/1.1" 404 8990 "-" "Go-http-client/1.1"
36.255.98.251 - - [13/Nov/2025:05:10:59 +0800] "GET /appsettings.Staging.json HTTP/1.1" 404 8990 "-" "Go-http-client/1.1"
36.255.98.251 - - [13/Nov/2025:05:10:59 +0800] "GET /sftp-config.json HTTP/1.1" 404 8990 "-" "Go-http-client/1.1"
36.255.98.251 - - [13/Nov/2025:05:10:59 +0800] "GET /.env.production HTTP/1.1" 404 8990 "-" "Go-http-client/1.1"
36.255.98.251 - - [13/Nov/2025:05:10:59 +0800] "GET /config/development.json HTTP/1.1" 404 8990 "-" "Go-http-client/1.1"
36.255.98.251 - - [13/Nov/2025:05:10:59 +0800] "GET /application/.env HTTP/1.1" 404 8990 "-" "Go-http-client/1.1"
36.255.98.251 - - [13/Nov/2025:05:10:59 +0800] "GET /.env.docker.dev HTTP/1.1" 404 8990 "-" "Go-http-client/1.1"
36.255.98.251 - - [13/Nov/2025:05:10:59 +0800] "GET /appsettings.Local.json HTTP/1.1" 404 8990 "-" "Go-http-client/1.1"
36.255.98.251 - - [13/Nov/2025:05:10:59 +0800] "GET /login?pp=enable&pp=env HTTP/1.1" 404 8990 "-" "Go-http-client/1.1"
36.255.98.251 - - [13/Nov/2025:05:10:59 +0800] "GET /config/prod.json HTTP/1.1" 404 8990 "-" "Go-http-client/1.1"
36.255.98.251 - - [13/Nov/2025:05:10:59 +0800] "GET /sftp.json HTTP/1.1" 404 8990 "-" "Go-http-client/1.1"
36.255.98.251 - - [13/Nov/2025:05:10:59 +0800] "GET /manifest.json HTTP/1.1" 404 8990 "-" "Go-http-client/1.1"
36.255.98.251 - - [13/Nov/2025:05:10:59 +0800] "GET /app_dev.php/_profiler/phpinfo HTTP/1.1" 404 8990 "-" "Go-http-client/1.1"
36.255.98.251 - - [13/Nov/2025:05:10:59 +0800] "GET /config.json HTTP/1.1" 404 8990 "-" "Go-http-client/1.1"
36.255.98.251 - - [13/Nov/2025:05:10:59 +0800] "GET /angular.json HTTP/1.1" 404 8990 "-" "Go-http-client/1.1"
36.255.98.251 - - [13/Nov/2025:05:10:59 +0800] "GET /tsconfig.json HTTP/1.1" 404 8990 "-" "Go-http-client/1.1"
36.255.98.251 - - [13/Nov/2025:05:10:59 +0800] "GET /phpinfo HTTP/1.1" 404 8990 "-" "Go-http-client/1.1"
36.255.98.251 - - [13/Nov/2025:05:10:59 +0800] "GET /wp-config.php.bak HTTP/1.1" 404 8990 "-" "Go-http-client/1.1"
36.255.98.251 - - [13/Nov/2025:05:10:59 +0800] "GET /meteor.settings.json HTTP/1.1" 404 8990 "-" "Go-http-client/1.1"
36.255.98.251 - - [13/Nov/2025:05:10:59 +0800] "GET /appsettings.Test.json HTTP/1.1" 404 8990 "-" "Go-http-client/1.1"
36.255.98.251 - - [13/Nov/2025:05:10:59 +0800] "GET /?phpinfo=1 HTTP/1.1" 200 33462 "-" "Go-http-client/1.1"
36.255.98.251 - - [13/Nov/2025:05:11:01 +0800] "GET /phpinfo HTTP/1.1" 404 8989 "http://cqqizhou.com/index.php/phpinfo" "Go-http-client/1.1"
36.133.115.36 - - [13/Nov/2025:05:16:55 +0800] "POST /wp-cron.php?doing_wp_cron=1762982215.0667359828948974609375 HTTP/1.1" 200 31 "-" "WordPress/6.8.3; http://cqqizhou.com"
77.24.94.97 - - [13/Nov/2025:05:16:55 +0800] "POST /wp-login.php HTTP/1.1" 200 2921 "http://cqqizhou.com" "Mozilla/5.0 (Windows NT 10.0; Win64; x64; rv:129.0) Gecko/20100101 Firefox/129.0"
36.133.115.36 - - [13/Nov/2025:05:18:15 +0800] "POST /wp-cron.php?doing_wp_cron=1762982295.6015179157257080078125 HTTP/1.1" 200 31 "-" "WordPress/6.8.3; http://cqqizhou.com"
43.166.131.228 - - [13/Nov/2025:05:18:15 +0800] "GET / HTTP/1.1" 200 33462 "-" "Mozilla/5.0 (iPhone; CPU iPhone OS 13_2_3 like Mac OS X) AppleWebKit/605.1.15 (KHTML, like Gecko) Version/13.0.3 Mobile/15E148 Safari/604.1"
36.133.115.36 - - [13/Nov/2025:05:21:51 +0800] "POST /wp-cron.php?doing_wp_cron=1762982511.1849129199981689453125 HTTP/1.1" 200 31 "-" "WordPress/6.8.3; http://cqqizhou.com"
61.59.6.105 - - [13/Nov/2025:05:21:51 +0800] "POST /wp-login.php HTTP/1.1" 200 2921 "http://cqqizhou.com" "Mozilla/5.0 (Macintosh; Intel Mac OS X 10_15_7) AppleWebKit/537.36 (KHTML, like Gecko) Chrome/114.0.5735.134 Safari/537.36"
36.133.115.36 - - [13/Nov/2025:05:23:44 +0800] "POST /wp-cron.php?doing_wp_cron=1762982624.6360440254211425781250 HTTP/1.1" 200 31 "-" "WordPress/6.8.3; http://cqqizhou.com"
223.16.42.137 - - [13/Nov/2025:05:23:45 +0800] "GET / HTTP/1.0" 200 151899 "-" "-"
42.83.147.54 - - [13/Nov/2025:05:24:44 +0800] "GET / HTTP/1.1" 200 33927 "-" "Mozilla/5.0 (Windows NT 6.1; Win64; x64) AppleWebKit/537.36 (KHTML, like Gecko)Chrome/74.0.3729.169 Safari/537.36"
36.133.115.36 - - [13/Nov/2025:05:26:37 +0800] "POST /wp-cron.php?doing_wp_cron=1762982797.8271789550781250000000 HTTP/1.1" 200 31 "-" "WordPress/6.8.3; http://cqqizhou.com"
185.17.41.205 - - [13/Nov/2025:05:26:37 +0800] "POST /wp-login.php HTTP/1.1" 200 2921 "http://cqqizhou.com" "Mozilla/5.0 (Macintosh; Intel Mac OS X 14.3) AppleWebKit/614.31.14 (KHTML, like Gecko) Version/17.0.96 Safari/614.31.14"
36.133.115.36 - - [13/Nov/2025:05:36:37 +0800] "POST /wp-cron.php?doing_wp_cron=1762983397.6923499107360839843750 HTTP/1.1" 200 31 "-" "WordPress/6.8.3; http://cqqizhou.com"
104.248.157.6 - - [13/Nov/2025:05:36:37 +0800] "POST /wp-login.php HTTP/1.1" 200 2921 "http://cqqizhou.com" "Mozilla/5.0 (Windows NT 11.0; Win64; x64) AppleWebKit/537.36 (KHTML, like Gecko) Chrome/126.0.0.0 Safari/537.36"
43.157.95.239 - - [13/Nov/2025:05:36:41 +0800] "GET /portfolio-category/hot-dip-galvanized-coil/ HTTP/1.1" 200 17570 "-" "Mozilla/5.0 (iPhone; CPU iPhone OS 13_2_3 like Mac OS X) AppleWebKit/605.1.15 (KHTML, like Gecko) Version/13.0.3 Mobile/15E148 Safari/604.1"
36.133.115.36 - - [13/Nov/2025:05:40:47 +0800] "POST /wp-cron.php?doing_wp_cron=1762983647.0259840488433837890625 HTTP/1.1" 200 31 "-" "WordPress/6.8.3; http://cqqizhou.com"
118.71.15.110 - - [13/Nov/2025:05:40:47 +0800] "GET / HTTP/1.0" 200 151899 "-" "-"
36.133.115.36 - - [13/Nov/2025:05:45:56 +0800] "POST /wp-cron.php?doing_wp_cron=1762983956.1004889011383056640625 HTTP/1.1" 200 31 "-" "WordPress/6.8.3; http://cqqizhou.com"
1.58.196.136 - - [13/Nov/2025:05:45:56 +0800] "GET / HTTP/1.0" 200 151899 "-" "-"
221.224.30.114 - - [13/Nov/2025:05:46:13 +0800] "POST /wp-login.php HTTP/1.1" 200 2921 "http://cqqizhou.com" "Mozilla/5.0 (Windows NT 10.0; Win64; x64) AppleWebKit/537.36 (KHTML, like Gecko) Chrome/113.0.5672.126 Safari/537.36 Edg/113.0.1774.50"
180.153.236.133 - - [13/Nov/2025:05:46:39 +0800] "GET / HTTP/1.1" 200 33927 "http://cqqizhou.com" "Mozilla/5.0 (Windows NT 10.0; Win64; x64) AppleWebKit/537.36 (KHTML, like Gecko) Chrome/140.0.0.0 Safari/537.36 Edg/140.0.0.0; 360Spider"
36.133.115.36 - - [13/Nov/2025:05:47:51 +0800] "POST /wp-cron.php?doing_wp_cron=1762984071.0635039806365966796875 HTTP/1.1" 200 31 "-" "WordPress/6.8.3; http://cqqizhou.com"
43.130.72.40 - - [13/Nov/2025:05:47:51 +0800] "GET / HTTP/1.1" 200 33462 "-" "Mozilla/5.0 (iPhone; CPU iPhone OS 13_2_3 like Mac OS X) AppleWebKit/605.1.15 (KHTML, like Gecko) Version/13.0.3 Mobile/15E148 Safari/604.1"
36.133.115.36 - - [13/Nov/2025:05:51:05 +0800] "POST /wp-cron.php?doing_wp_cron=1762984265.5927090644836425781250 HTTP/1.1" 200 31 "-" "WordPress/6.8.3; http://cqqizhou.com"
178.239.147.108 - - [13/Nov/2025:05:51:05 +0800] "POST /wp-login.php HTTP/1.1" 200 2921 "http://cqqizhou.com" "Mozilla/5.0 (Macintosh; Intel Mac OS X 14.3) AppleWebKit/614.31.14 (KHTML, like Gecko) Version/17.0.96 Safari/614.31.14"
94.74.182.142 - - [13/Nov/2025:05:51:12 +0800] "GET / HTTP/1.1" 200 151921 "-" "-"
121.237.36.29 - - [13/Nov/2025:05:51:26 +0800] "GET / HTTP/1.1" 200 33462 "-" "Dalvik/2.1.0 (Linux; U; Android 9.0; ZTE BA520 Build/MRA58K)"
36.133.115.36 - - [13/Nov/2025:05:51:57 +0800] "POST /wp-cron.php?doing_wp_cron=1762984317.4743449687957763671875 HTTP/1.1" 200 31 "-" "WordPress/6.8.3; http://cqqizhou.com"
121.237.36.31 - - [13/Nov/2025:05:51:57 +0800] "GET / HTTP/1.1" 200 33462 "-" "Mozilla/5.0 (Linux; Android 5.1.1; vivo Xplay5A Build/LMY47V; wv) AppleWebKit/537.36 (KHTML, like Gecko) Version/4.0 Chrome/48.0.2564.116 Mobile Safari/537.36 T7/10.11 baiduboxapp/10.11.0.12 (Baidu; P1 5.1.1)"
36.133.115.36 - - [13/Nov/2025:05:53:08 +0800] "POST /wp-cron.php?doing_wp_cron=1762984388.3441960811614990234375 HTTP/1.1" 200 31 "-" "WordPress/6.8.3; http://cqqizhou.com"
121.237.36.27 - - [13/Nov/2025:05:53:08 +0800] "GET / HTTP/1.1" 200 33462 "-" "Mozilla/5.0 (iPhone 92; CPU iPhone OS 11_3_1 like Mac OS X) AppleWebKit/604.3.5 (KHTML, like Gecko) Version/11.0 MQQBrowser/8.3.0 Mobile/15B87 Safari/604.1 MttCustomUA/2 QBWebViewType/1 WKType/1"
188.130.187.79 - - [13/Nov/2025:05:53:44 +0800] "GET / HTTP/1.0" 200 153587 "http://cqqizhou.com/" "Mozilla/5.0 (Windows NT 10.0; Win64; x64) AppleWebKit/537.36 (KHTML, like Gecko) Chrome/129.0.0.0 Safari/537.36"
121.237.36.30 - - [13/Nov/2025:05:56:57 +0800] "GET / HTTP/1.1" 200 33927 "-" "Mozilla/5.0 (Macintosh; Intel Mac OS X 10_11) AppleWebKit/601.1.27 (KHTML, like Gecko) Chrome/47.0.2526.106 Safari/601.1.27"
36.133.115.36 - - [13/Nov/2025:06:05:46 +0800] "POST /wp-cron.php?doing_wp_cron=1762985146.7376189231872558593750 HTTP/1.1" 200 31 "-" "WordPress/6.8.3; http://cqqizhou.com"
146.83.7.1 - - [13/Nov/2025:06:05:46 +0800] "POST /wp-login.php HTTP/1.1" 200 2921 "http://cqqizhou.com" "Mozilla/5.0 (Windows NT 10.0; Win64; x64) AppleWebKit/537.36 (KHTML, like Gecko) Chrome/112.0.5615.138 Safari/537.36 Edg/112.0.1722.68"
36.133.115.36 - - [13/Nov/2025:06:20:23 +0800] "POST /wp-cron.php?doing_wp_cron=1762986023.5843830108642578125000 HTTP/1.1" 200 31 "-" "WordPress/6.8.3; http://cqqizhou.com"
34.100.191.26 - - [13/Nov/2025:06:20:23 +0800] "POST /wp-login.php HTTP/1.1" 200 2921 "http://cqqizhou.com" "Mozilla/5.0 (Windows NT 10.0; Win64; x64) AppleWebKit/537.36 (KHTML, like Gecko) Chrome/113.0.5672.93 Safari/537.36"
91.232.238.112 - - [13/Nov/2025:06:20:34 +0800] "GET / HTTP/1.0" 301 0 "-" "ivre-masscan/1.3 https://github.com/robertdavidgraham/"
36.133.115.36 - - [13/Nov/2025:06:25:11 +0800] "POST /wp-cron.php?doing_wp_cron=1762986311.1079399585723876953125 HTTP/1.1" 200 31 "-" "WordPress/6.8.3; http://cqqizhou.com"
18.229.229.99 - - [13/Nov/2025:06:25:11 +0800] "POST /wp-login.php HTTP/1.1" 200 2921 "http://cqqizhou.com" "Mozilla/5.0 (Windows NT 10.0; Win64; x64; rv:128.0) Gecko/20100101 Firefox/128.0"
36.133.115.36 - - [13/Nov/2025:06:30:08 +0800] "POST /wp-cron.php?doing_wp_cron=1762986608.1647050380706787109375 HTTP/1.1" 200 31 "-" "WordPress/6.8.3; http://cqqizhou.com"
35.247.159.133 - - [13/Nov/2025:06:30:08 +0800] "POST /wp-login.php HTTP/1.1" 200 2921 "http://cqqizhou.com" "Mozilla/5.0 (Macintosh; Intel Mac OS X 10_15_7) AppleWebKit/537.36 (KHTML, like Gecko) Chrome/112.0.5615.138 Safari/537.36"
36.133.115.36 - - [13/Nov/2025:06:31:18 +0800] "POST /wp-cron.php?doing_wp_cron=1762986678.2802670001983642578125 HTTP/1.1" 200 31 "-" "WordPress/6.8.3; http://cqqizhou.com"
62.171.145.225 - - [13/Nov/2025:06:31:18 +0800] "GET /robots.txt HTTP/1.1" 200 390 "-" "Mozilla/5.0 (compatible; MJ12bot/v1.4.8; http://mj12bot.com/)"
62.171.145.225 - - [13/Nov/2025:06:31:22 +0800] "GET /portfolio-tag/%E9%9E%8D%E9%92%A2%E8%92%82%E6%A3%AE/ HTTP/1.1" 200 22679 "-" "Mozilla/5.0 (compatible; MJ12bot/v1.4.8; http://mj12bot.com/)"
62.171.145.225 - - [13/Nov/2025:06:31:27 +0800] "GET /portfolio/%E5%86%B7%E8%BD%A7%E5%8D%B7/ HTTP/1.1" 200 22021 "-" "Mozilla/5.0 (compatible; MJ12bot/v1.4.8; http://mj12bot.com/)"
36.133.115.36 - - [13/Nov/2025:06:34:48 +0800] "POST /wp-cron.php?doing_wp_cron=1762986888.5277819633483886718750 HTTP/1.1" 200 31 "-" "WordPress/6.8.3; http://cqqizhou.com"
111.176.174.247 - - [13/Nov/2025:06:34:48 +0800] "GET / HTTP/1.1" 301 5 "-" "Mozilla/5.0 (Windows NT 7.9; Win64; x64) AppleWebKit/537.36 (KHTML, like Gecko) Chrome/79.0.2964.88 Safari/537.36"
111.176.174.247 - - [13/Nov/2025:06:34:48 +0800] "GET / HTTP/1.1" 200 33927 "-" "Mozilla/5.0 (Windows NT 7.9; Win64; x64) AppleWebKit/537.36 (KHTML, like Gecko) Chrome/79.0.2964.88 Safari/537.36"
111.176.174.247 - - [13/Nov/2025:06:34:48 +0800] "GET /contacts/ HTTP/1.1" 200 21632 "-" "Mozilla/5.0 (Windows NT 8.0; Win64; x64) AppleWebKit/537.36 (KHTML, like Gecko) Chrome/77.0.1571.88 Safari/537.36"
64.90.38.74 - - [13/Nov/2025:06:35:06 +0800] "POST /wp-login.php HTTP/1.1" 200 2921 "http://cqqizhou.com" "Mozilla/5.0 (Windows NT 10.0; Win64; x64) AppleWebKit/537.36 (KHTML, like Gecko) Chrome/113.0.5672.126 Safari/537.36 Edg/113.0.1774.50"
36.133.115.36 - - [13/Nov/2025:06:39:36 +0800] "POST /wp-cron.php?doing_wp_cron=1762987176.1744740009307861328125 HTTP/1.1" 200 31 "-" "WordPress/6.8.3; http://cqqizhou.com"
120.238.217.28 - - [13/Nov/2025:06:39:36 +0800] "GET / HTTP/1.1" 301 5 "-" "Mozilla/5.0 (Macintosh; Intel Mac OS X 10_15_7) AppleWebKit/537.36 (KHTML, like Gecko) Chrome/120.0.0.0 Safari/537.36 Edg/120.0.0.0"
36.133.115.36 - - [13/Nov/2025:06:40:14 +0800] "POST /wp-cron.php?doing_wp_cron=1762987213.9795629978179931640625 HTTP/1.1" 200 31 "-" "WordPress/6.8.3; http://cqqizhou.com"
117.176.71.250 - - [13/Nov/2025:06:40:14 +0800] "GET /robots.txt HTTP/1.1" 200 190 "-" "Mozilla/5.0 (Macintosh; Intel Mac OS X 10_7_0) AppleWebKit/535.11 (KHTML, like Gecko) Chrome/17.0.963.56 Safari/535.11"
183.208.202.73 - - [13/Nov/2025:06:40:15 +0800] "GET /sitemap.xml HTTP/1.1" 200 498 "-" "Mozilla/5.0 (Macintosh; Intel Mac OS X 10_7_0) AppleWebKit/535.11 (KHTML, like Gecko) Chrome/17.0.963.56 Safari/535.11"
36.133.115.36 - - [13/Nov/2025:06:44:56 +0800] "POST /wp-cron.php?doing_wp_cron=1762987496.0630381107330322265625 HTTP/1.1" 200 31 "-" "WordPress/6.8.3; http://cqqizhou.com"
81.88.53.133 - - [13/Nov/2025:06:44:56 +0800] "POST /wp-login.php HTTP/1.1" 200 2921 "http://cqqizhou.com" "Mozilla/5.0 (Windows NT 10.0; Win64; x64) AppleWebKit/537.36 (KHTML, like Gecko) Chrome/113.0.5672.93 Safari/537.36"
36.133.115.36 - - [13/Nov/2025:06:45:51 +0800] "POST /wp-cron.php?doing_wp_cron=1762987551.0862059593200683593750 HTTP/1.1" 200 31 "-" "WordPress/6.8.3; http://cqqizhou.com"
115.76.55.221 - - [13/Nov/2025:06:45:51 +0800] "GET / HTTP/1.0" 200 151899 "-" "-"
36.133.115.36 - - [13/Nov/2025:06:48:17 +0800] "POST /wp-cron.php?doing_wp_cron=1762987697.4102358818054199218750 HTTP/1.1" 200 31 "-" "WordPress/6.8.3; http://cqqizhou.com"
36.150.60.24 - - [13/Nov/2025:06:48:17 +0800] "GET / HTTP/1.1" 301 5 "-" "Dalvik/2.1.0 (Linux; U; Android 9.0; ZTE BA520 Build/MRA58K)"
36.150.60.24 - - [13/Nov/2025:06:48:18 +0800] "GET / HTTP/1.1" 200 33462 "-" "Dalvik/2.1.0 (Linux; U; Android 9.0; ZTE BA520 Build/MRA58K)"
36.133.115.36 - - [13/Nov/2025:06:49:03 +0800] "POST /wp-cron.php?doing_wp_cron=1762987743.3617091178894042968750 HTTP/1.1" 200 31 "-" "WordPress/6.8.3; http://cqqizhou.com"
221.178.143.70 - - [13/Nov/2025:06:49:03 +0800] "GET / HTTP/1.1" 301 5 "-" "Mozilla/5.0 (Macintosh; Intel Mac OS X 10_11) AppleWebKit/601.1.27 (KHTML, like Gecko) Chrome/47.0.2526.106 Safari/601.1.27"
221.178.143.70 - - [13/Nov/2025:06:49:03 +0800] "GET / HTTP/1.1" 200 33927 "-" "Mozilla/5.0 (Macintosh; Intel Mac OS X 10_11) AppleWebKit/601.1.27 (KHTML, like Gecko) Chrome/47.0.2526.106 Safari/601.1.27"
36.133.115.36 - - [13/Nov/2025:06:49:53 +0800] "POST /wp-cron.php?doing_wp_cron=1762987793.1670739650726318359375 HTTP/1.1" 200 31 "-" "WordPress/6.8.3; http://cqqizhou.com"
128.199.163.66 - - [13/Nov/2025:06:49:53 +0800] "POST /wp-login.php HTTP/1.1" 200 2921 "http://cqqizhou.com" "Mozilla/5.0 (Windows NT 10.0; Win64; x64) AppleWebKit/537.36 (KHTML, like Gecko) Chrome/113.0.5672.126 Safari/537.36 Edg/113.0.1774.50"
36.133.115.36 - - [13/Nov/2025:06:50:55 +0800] "POST /wp-cron.php?doing_wp_cron=1762987855.5864529609680175781250 HTTP/1.1" 200 31 "-" "WordPress/6.8.3; http://cqqizhou.com"
36.150.60.24 - - [13/Nov/2025:06:50:55 +0800] "GET / HTTP/1.1" 301 5 "-" "Mozilla/5.0 (Macintosh; Intel Mac OS X 10_5_8) AppleWebKit/535.1 (KHTML, like Gecko) Chrome/14.0.801.0 Safari/535.1"
36.133.115.36 - - [13/Nov/2025:06:52:59 +0800] "POST /wp-cron.php?doing_wp_cron=1762987979.9114840030670166015625 HTTP/1.1" 200 31 "-" "WordPress/6.8.3; http://cqqizhou.com"
36.150.60.24 - - [13/Nov/2025:06:52:59 +0800] "GET / HTTP/1.1" 301 5 "-" "Mozilla/5.0 (Macintosh; Intel Mac OS X 10_11) AppleWebKit/601.1.27 (KHTML, like Gecko) Chrome/47.0.2526.106 Safari/601.1.27"
36.150.60.24 - - [13/Nov/2025:06:53:00 +0800] "GET / HTTP/1.1" 200 33927 "-" "Mozilla/5.0 (Macintosh; Intel Mac OS X 10_11) AppleWebKit/601.1.27 (KHTML, like Gecko) Chrome/47.0.2526.106 Safari/601.1.27"
36.133.115.36 - - [13/Nov/2025:06:54:49 +0800] "POST /wp-cron.php?doing_wp_cron=1762988089.6454899311065673828125 HTTP/1.1" 200 31 "-" "WordPress/6.8.3; http://cqqizhou.com"
103.149.169.122 - - [13/Nov/2025:06:54:49 +0800] "POST /wp-login.php HTTP/1.1" 200 2921 "http://cqqizhou.com" "Mozilla/5.0 (Windows NT 10.0; Win64; x64; rv:127.0) Gecko/20100101 Firefox/127.0"
36.133.115.36 - - [13/Nov/2025:06:59:30 +0800] "POST /wp-cron.php?doing_wp_cron=1762988370.8561630249023437500000 HTTP/1.1" 200 31 "-" "WordPress/6.8.3; http://cqqizhou.com"
183.134.59.131 - - [13/Nov/2025:06:59:30 +0800] "GET / HTTP/1.1" 301 5 "-" "Mozilla/5.0 (Macintosh; Intel Mac OS X 10_11) AppleWebKit/601.1.27 (KHTML, like Gecko) Chrome/47.0.2526.106 Safari/601.1.27"
183.134.59.131 - - [13/Nov/2025:06:59:37 +0800] "GET / HTTP/1.1" 200 33927 "-" "Mozilla/5.0 (Macintosh; Intel Mac OS X 10_11) AppleWebKit/601.1.27 (KHTML, like Gecko) Chrome/47.0.2526.106 Safari/601.1.27"
60.5.26.37 - - [13/Nov/2025:07:06:08 +0800] "GET / HTTP/1.1" 200 153609 "-" "Mozilla/5.0 (Macintosh; Intel Mac OS X 10_15_7) AppleWebKit/537.36 (KHTML, like Gecko) Chrome/120.0.0.0 Safari/537.36 Edg/120.0.0.0"
36.150.60.24 - - [13/Nov/2025:07:06:14 +0800] "GET /index.php/user/login HTTP/1.1" 301 5 "-" "Mozilla/5.0 (Macintosh; Intel Mac OS X 10_5_8) AppleWebKit/535.1 (KHTML, like Gecko) Chrome/14.0.801.0 Safari/535.1"
36.133.115.36 - - [13/Nov/2025:07:06:14 +0800] "POST /wp-cron.php?doing_wp_cron=1762988774.3215520381927490234375 HTTP/1.1" 200 31 "-" "WordPress/6.8.3; http://cqqizhou.com"
36.133.115.36 - - [13/Nov/2025:07:06:14 +0800] "POST /wp-cron.php?doing_wp_cron=1762988774.3211889266967773437500 HTTP/1.1" 200 31 "-" "WordPress/6.8.3; http://cqqizhou.com"
36.150.60.24 - - [13/Nov/2025:07:06:14 +0800] "GET /index/index/info?type=ultimate&date=1633382774669 HTTP/1.1" 404 8991 "-" "Mozilla/5.0 (Macintosh; Intel Mac OS X 10_5_8) AppleWebKit/535.1 (KHTML, like Gecko) Chrome/14.0.801.0 Safari/535.1"
36.150.60.24 - - [13/Nov/2025:07:06:14 +0800] "GET /index/index/info?type=ultimate HTTP/1.1" 404 8991 "-" "Mozilla/5.0 (Macintosh; Intel Mac OS X 10_5_8) AppleWebKit/535.1 (KHTML, like Gecko) Chrome/14.0.801.0 Safari/535.1"
36.150.60.24 - - [13/Nov/2025:07:06:14 +0800] "GET /jw HTTP/1.1" 404 8991 "-" "Mozilla/5.0 (Macintosh; Intel Mac OS X 10_5_8) AppleWebKit/535.1 (KHTML, like Gecko) Chrome/14.0.801.0 Safari/535.1"
36.150.60.24 - - [13/Nov/2025:07:06:14 +0800] "GET /api/Event/Products/Average HTTP/1.1" 404 8991 "-" "Mozilla/5.0 (Macintosh; Intel Mac OS X 10_5_8) AppleWebKit/535.1 (KHTML, like Gecko) Chrome/14.0.801.0 Safari/535.1"
36.150.60.24 - - [13/Nov/2025:07:06:15 +0800] "GET /?teir HTTP/1.1" 301 5 "-" "Mozilla/5.0 (Macintosh; Intel Mac OS X 10_5_8) AppleWebKit/535.1 (KHTML, like Gecko) Chrome/14.0.801.0 Safari/535.1"
112.22.211.30 - - [13/Nov/2025:07:06:43 +0800] "GET /robots.txt HTTP/1.1" 200 190 "-" "Mozilla/5.0 (Macintosh; Intel Mac OS X 10_7_0) AppleWebKit/535.11 (KHTML, like Gecko) Chrome/17.0.963.56 Safari/535.11"
120.230.1.206 - - [13/Nov/2025:07:06:45 +0800] "GET /sitemap.xml HTTP/1.1" 200 498 "-" "Mozilla/5.0 (Macintosh; Intel Mac OS X 10_7_0) AppleWebKit/535.11 (KHTML, like Gecko) Chrome/17.0.963.56 Safari/535.11"
36.133.115.36 - - [13/Nov/2025:07:06:47 +0800] "POST /wp-cron.php?doing_wp_cron=1762988807.2630939483642578125000 HTTP/1.1" 200 31 "-" "WordPress/6.8.3; http://cqqizhou.com"
36.143.64.115 - - [13/Nov/2025:07:06:47 +0800] "GET /config.json HTTP/1.1" 404 8990 "-" "Mozilla/5.0 (Macintosh; Intel Mac OS X 10_7_0) AppleWebKit/535.11 (KHTML, like Gecko) Chrome/17.0.963.56 Safari/535.11"
113.9.219.57 - - [13/Nov/2025:07:07:56 +0800] "GET /wp-content/plugins/elementor/readme.txt HTTP/1.1" 200 10671 "-" "Mozilla/5.0 (compatible; MSIE 8.0; Windows NT 6.1; Trident/4.1)"
36.133.115.36 - - [13/Nov/2025:07:10:33 +0800] "POST /wp-cron.php?doing_wp_cron=1762989033.9456200599670410156250 HTTP/1.1" 200 31 "-" "WordPress/6.8.3; http://cqqizhou.com"
4.224.244.18 - - [13/Nov/2025:07:10:34 +0800] "POST /wp-login.php HTTP/1.1" 200 2921 "http://cqqizhou.com" "Mozilla/5.0 (Windows NT 10.0; Win64; x64) AppleWebKit/537.36 (KHTML, like Gecko) Chrome/112.0.5615.138 Safari/537.36"
36.133.115.36 - - [13/Nov/2025:07:15:29 +0800] "POST /wp-cron.php?doing_wp_cron=1762989329.8978281021118164062500 HTTP/1.1" 200 31 "-" "WordPress/6.8.3; http://cqqizhou.com"
103.149.169.120 - - [13/Nov/2025:07:15:30 +0800] "POST /wp-login.php HTTP/1.1" 200 2921 "http://cqqizhou.com" "Mozilla/5.0 (Windows NT 10.0; Win64; x64; rv:128.0) Gecko/20100101 Firefox/128.0"
36.133.115.36 - - [13/Nov/2025:07:20:29 +0800] "POST /wp-cron.php?doing_wp_cron=1762989629.4211180210113525390625 HTTP/1.1" 200 31 "-" "WordPress/6.8.3; http://cqqizhou.com"
103.31.38.163 - - [13/Nov/2025:07:20:29 +0800] "POST /wp-login.php HTTP/1.1" 200 2921 "http://cqqizhou.com" "Mozilla/5.0 (Macintosh; Intel Mac OS X 10_15_7) AppleWebKit/537.36 (KHTML, like Gecko) Chrome/112.0.5615.138 Safari/537.36"
36.133.108.119 - - [13/Nov/2025:07:28:06 +0800] "HEAD /zend/vendor/phpunit/phpunit/src/Util/PHP/eval-stdin.php HTTP/1.1" 404 0 "-" "Mozilla/5.0 (Windows; U; Windows NT 6.1; en-US) AppleWebKit/533.20.25 (KHTML, like Gecko) Version/5.0.4 Safari/533.20.27"
36.133.115.36 - - [13/Nov/2025:07:29:46 +0800] "POST /wp-cron.php?doing_wp_cron=1762990186.9603669643402099609375 HTTP/1.1" 200 31 "-" "WordPress/6.8.3; http://cqqizhou.com"
220.181.108.84 - - [13/Nov/2025:07:29:47 +0800] "GET /wp-content/uploads/2025/07/1753453127-%D3%E0%BE%EDproduct_Single600%A1%C1284.webp HTTP/1.1" 404 31381 "-" "Mozilla/5.0 (compatible; Baiduspider/2.0; +http://www.baidu.com/search/spider.html)"
220.181.108.111 - - [13/Nov/2025:07:29:47 +0800] "GET /wp-content/uploads/2025/07/1753453096-%CB%AB%CF%E0%B8%D6product_Single600%A1%C1284.webp HTTP/1.1" 404 31381 "-" "Mozilla/5.0 (compatible; Baiduspider/2.0; +http://www.baidu.com/search/spider.html)"
220.181.108.92 - - [13/Nov/2025:07:29:47 +0800] "GET /wp-content/uploads/2025/07/1753456723-%CB%AB%CF%E0%B8%D6roduct_Single600.webp HTTP/1.1" 404 31381 "-" "Mozilla/5.0 (compatible; Baiduspider/2.0; +http://www.baidu.com/search/spider.html)"
220.181.108.165 - - [13/Nov/2025:07:29:50 +0800] "GET /wp-content/uploads/2025/07/1753456770-%C8%C8%B6%C6%D0%BF%BE%EDproduct_Single600.webp HTTP/1.1" 404 31381 "-" "Mozilla/5.0 (compatible; Baiduspider/2.0; +http://www.baidu.com/search/spider.html)"
36.133.115.36 - - [13/Nov/2025:07:41:06 +0800] "POST /wp-cron.php?doing_wp_cron=1762990866.8043229579925537109375 HTTP/1.1" 200 31 "-" "WordPress/6.8.3; http://cqqizhou.com"
94.103.87.20 - - [13/Nov/2025:07:41:06 +0800] "GET /robots.txt HTTP/1.1" 200 390 "-" "Mozilla/5.0 (compatible; MJ12bot/v1.4.8; http://mj12bot.com/)"
94.103.87.20 - - [13/Nov/2025:07:41:08 +0800] "GET /portfolio/%E5%86%B7%E8%BD%A7%E5%8D%B7/ HTTP/1.1" 200 22021 "-" "Mozilla/5.0 (compatible; MJ12bot/v1.4.8; http://mj12bot.com/)"
36.133.115.36 - - [13/Nov/2025:07:45:36 +0800] "POST /wp-cron.php?doing_wp_cron=1762991136.5253360271453857421875 HTTP/1.1" 200 31 "-" "WordPress/6.8.3; http://cqqizhou.com"
103.218.122.203 - - [13/Nov/2025:07:45:36 +0800] "POST /wp-login.php HTTP/1.1" 200 2921 "http://cqqizhou.com" "Mozilla/5.0 (Windows NT 10.0; Win64; x64) AppleWebKit/537.36 (KHTML, like Gecko) Chrome/126.0.0.0 Safari/537.36"
