36.99.136.143 - - [15/Oct/2025:05:38:54 +0800] "GET /2163/ HTTP/1.1" 200 24072 "-" "Mozilla/5.0 (Windows NT 10.0; Win64; x64) AppleWebKit/537.36 (KHTML, like Gecko) Chrome/92.0.4515.107 Safari/537.36"
36.99.136.143 - - [15/Oct/2025:05:38:58 +0800] "GET /wp-content/uploads/2025/07/1753454089-Article_images_W900px.webp HTTP/1.1" 200 27552 "http://cqqizhou.com/2163/" "Mozilla/5.0 (Windows NT 10.0; Win64; x64) AppleWebKit/537.36 (KHTML, like Gecko) Chrome/92.0.4515.107 Safari/537.36"
36.99.136.141 - - [15/Oct/2025:05:38:58 +0800] "GET /wp-content/uploads/2025/07/1753454089-Article_images_W900px-150x150.webp HTTP/1.1" 200 5292 "http://cqqizhou.com/2163/" "Mozilla/5.0 (Windows NT 10.0; Win64; x64) AppleWebKit/537.36 (KHTML, like Gecko) Chrome/92.0.4515.107 Safari/537.36"
36.99.136.141 - - [15/Oct/2025:05:38:58 +0800] "GET /wp-content/uploads/2025/07/1751425283-qizhou.kf_.qq_.com_.webp HTTP/1.1" 200 16864 "http://cqqizhou.com/2163/" "Mozilla/5.0 (Windows NT 10.0; Win64; x64) AppleWebKit/537.36 (KHTML, like Gecko) Chrome/92.0.4515.107 Safari/537.36"
36.99.136.143 - - [15/Oct/2025:05:38:59 +0800] "GET /wp-content/uploads/2025/07/1753410289-News2000%C3%97400_202571.webp HTTP/1.1" 200 17830 "http://cqqizhou.com/2163/" "Mozilla/5.0 (Windows NT 10.0; Win64; x64) AppleWebKit/537.36 (KHTML, like Gecko) Chrome/92.0.4515.107 Safari/537.36"
36.99.136.142 - - [15/Oct/2025:05:39:02 +0800] "GET /2163/ HTTP/1.1" 304 0 "-" "Mozilla/5.0 (Windows NT 10.0; Win64; x64) AppleWebKit/537.36 (KHTML, like Gecko) Chrome/92.0.4515.107 Safari/537.36"
36.133.115.36 - - [15/Oct/2025:05:50:59 +0800] "POST /wp-cron.php?doing_wp_cron=1760478659.2025709152221679687500 HTTP/1.1" 200 31 "-" "WordPress/6.8.2; http://cqqizhou.com"
87.120.191.93 - - [15/Oct/2025:05:50:59 +0800] "GET / HTTP/1.1" 200 33466 "-" "Mozilla/5.0 (Windows NT 10.0; Win64; x64) AppleWebKit/537.36 (KHTML, like Gecko) Chrome/90.0.4430.85 Safari/537.36 Edg/90.0.818.46"
36.133.115.36 - - [15/Oct/2025:05:51:52 +0800] "POST /wp-cron.php?doing_wp_cron=1760478712.1794340610504150390625 HTTP/1.1" 200 31 "-" "WordPress/6.8.2; http://cqqizhou.com"
176.65.141.87 - - [15/Oct/2025:05:51:53 +0800] "GET / HTTP/1.1" 200 151919 "-" "Mozilla/5.0 (Windows NT 10.0; Win64; x64) AppleWebKit/537.36 (KHTML, like Gecko) Chrome/42.0.2311.135 Safari/537.36 Edge/12.246"
36.133.115.36 - - [15/Oct/2025:06:08:58 +0800] "POST /wp-cron.php?doing_wp_cron=1760479738.2600049972534179687500 HTTP/1.1" 200 31 "-" "WordPress/6.8.2; http://cqqizhou.com"
194.50.16.36 - - [15/Oct/2025:06:08:58 +0800] "GET /level/15/exec/-/sh/run/CR HTTP/1.1" 301 5 "-" "libwww-perl/6.77"
194.50.16.36 - - [15/Oct/2025:06:08:59 +0800] "GET /level/15/exec/-/sh/run/CR HTTP/1.1" 404 31381 "-" "libwww-perl/6.77"
36.99.136.133 - - [15/Oct/2025:06:11:34 +0800] "GET /logistics/ HTTP/1.1" 200 22415 "-" "Mozilla/5.0 (Windows NT 10.0; Win64; x64) AppleWebKit/537.36 (KHTML, like Gecko) Chrome/92.0.4515.107 Safari/537.36"
36.99.136.135 - - [15/Oct/2025:06:13:14 +0800] "GET /logistics/ HTTP/1.1" 200 22415 "-" "Mozilla/5.0 (Windows NT 10.0; Win64; x64) AppleWebKit/537.36 (KHTML, like Gecko) Chrome/92.0.4515.107 Safari/537.36"
36.133.115.36 - - [15/Oct/2025:06:18:35 +0800] "POST /wp-cron.php?doing_wp_cron=1760480315.7521278858184814453125 HTTP/1.1" 200 31 "-" "WordPress/6.8.2; http://cqqizhou.com"
87.120.191.6 - - [15/Oct/2025:06:18:36 +0800] "GET / HTTP/1.1" 200 33466 "-" "Mozilla/5.0 (Windows NT 10.0; Win64; x64) AppleWebKit/537.36 (KHTML, like Gecko) Chrome/90.0.4430.85 Safari/537.36 Edg/90.0.818.46"
36.133.115.36 - - [15/Oct/2025:06:56:37 +0800] "POST /wp-cron.php?doing_wp_cron=1760482597.5296819210052490234375 HTTP/1.1" 200 31 "-" "WordPress/6.8.2; http://cqqizhou.com"
87.120.191.93 - - [15/Oct/2025:06:56:37 +0800] "GET / HTTP/1.1" 200 33466 "-" "Mozilla/5.0 (Windows NT 10.0; Win64; x64) AppleWebKit/537.36 (KHTML, like Gecko) Chrome/90.0.4430.85 Safari/537.36 Edg/90.0.818.46"
36.133.115.36 - - [15/Oct/2025:07:05:07 +0800] "POST /wp-cron.php?doing_wp_cron=1760483107.5542979240417480468750 HTTP/1.1" 200 31 "-" "WordPress/6.8.2; http://cqqizhou.com"
91.231.89.112 - - [15/Oct/2025:07:05:07 +0800] "GET / HTTP/1.1" 301 5 "-" "Mozilla/5.0 (X11; Ubuntu; Linux x86_64; rv:134.0) Gecko/20100101 Firefox/134.0"
36.133.115.36 - - [15/Oct/2025:07:09:50 +0800] "POST /wp-cron.php?doing_wp_cron=1760483390.6819100379943847656250 HTTP/1.1" 200 31 "-" "WordPress/6.8.2; http://cqqizhou.com"
194.50.16.36 - - [15/Oct/2025:07:09:50 +0800] "GET /level/15/exec/-/sh/run/CR HTTP/1.1" 301 5 "-" "libwww-perl/6.77"
194.50.16.36 - - [15/Oct/2025:07:09:52 +0800] "GET /level/15/exec/-/sh/run/CR HTTP/1.1" 404 31381 "-" "libwww-perl/6.77"
91.231.89.122 - - [15/Oct/2025:07:27:43 +0800] "GET / HTTP/1.1" 200 165874 "-" "Mozilla/5.0 (X11; Ubuntu; Linux x86_64; rv:134.0) Gecko/20100101 Firefox/134.0"
42.236.12.235 - - [15/Oct/2025:07:29:20 +0800] "GET / HTTP/1.1" 200 39371 "http://cqqizhou.com" "Mozilla/5.0 (Windows NT 10.0; Win64; x64) AppleWebKit/537.36 (KHTML, like Gecko) Chrome/140.0.0.0 Safari/537.36 Edg/140.0.0.0; 360Spider"
36.133.115.36 - - [15/Oct/2025:07:49:16 +0800] "POST /wp-cron.php?doing_wp_cron=1760485756.7906000614166259765625 HTTP/1.1" 200 31 "-" "WordPress/6.8.2; http://cqqizhou.com"
176.65.141.86 - - [15/Oct/2025:07:49:16 +0800] "GET /cgi-bin/luci/;stok=/locale HTTP/1.1" 301 5 "-" "-"
36.133.115.36 - - [15/Oct/2025:07:52:41 +0800] "POST /wp-cron.php?doing_wp_cron=1760485961.2327680587768554687500 HTTP/1.1" 200 31 "-" "WordPress/6.8.2; http://cqqizhou.com"
87.120.191.93 - - [15/Oct/2025:07:52:41 +0800] "GET / HTTP/1.1" 200 33466 "-" "Mozilla/5.0 (Windows NT 10.0; Win64; x64) AppleWebKit/537.36 (KHTML, like Gecko) Chrome/90.0.4430.85 Safari/537.36 Edg/90.0.818.46"
87.120.191.6 - - [15/Oct/2025:07:52:42 +0800] "GET / HTTP/1.1" 200 33466 "-" "Mozilla/5.0 (Windows NT 10.0; Win64; x64) AppleWebKit/537.36 (KHTML, like Gecko) Chrome/90.0.4430.85 Safari/537.36 Edg/90.0.818.46"
36.133.115.36 - - [15/Oct/2025:07:58:57 +0800] "POST /wp-cron.php?doing_wp_cron=1760486337.9314510822296142578125 HTTP/1.1" 200 31 "-" "WordPress/6.8.2; http://cqqizhou.com"
213.209.143.66 - - [15/Oct/2025:07:58:58 +0800] "GET / HTTP/1.1" 200 33466 "-" "Mozilla/5.0 (Windows NT 10.0; Win64; x64) AppleWebKit/537.36 (KHTML, like Gecko) Chrome/90.0.4430.85 Safari/537.36 Edg/90.0.818.46"
36.133.115.36 - - [15/Oct/2025:08:16:46 +0800] "POST /wp-cron.php?doing_wp_cron=1760487406.4449141025543212890625 HTTP/1.1" 200 31 "-" "WordPress/6.8.2; http://cqqizhou.com"
36.133.108.125 - - [15/Oct/2025:08:16:46 +0800] "HEAD /v2/.env HTTP/1.1" 404 0 "-" "Mozilla/5.0 (Macintosh; U; Intel Mac OS X 10_6_6; fr-ch) AppleWebKit/533.19.4 (KHTML, like Gecko) Version/5.0.3 Safari/533.19.4"
36.133.108.119 - - [15/Oct/2025:08:16:51 +0800] "HEAD /__tests__/test-become/.env HTTP/1.1" 404 0 "-" "Mozilla/5.0 (compatible; MSIE 8.0; Windows NT 5.1; Trident/4.0; .NET CLR 1.1.4322; .NET CLR 2.0.50727)"
36.133.108.121 - - [15/Oct/2025:08:17:01 +0800] "HEAD /gists/cache HTTP/1.1" 404 0 "-" "Mozilla/5.0 (compatible; MSIE 9.0; Windows NT 6.1; Trident/5.0; FunWebProducts)"
36.133.115.36 - - [15/Oct/2025:08:26:10 +0800] "POST /wp-cron.php?doing_wp_cron=1760487970.6018290519714355468750 HTTP/1.1" 200 31 "-" "WordPress/6.8.2; http://cqqizhou.com"
45.153.34.54 - - [15/Oct/2025:08:26:11 +0800] "GET / HTTP/1.0" 200 109870 "-" "Mozilla/5.0 (X11; Ubuntu; Linux x86_64; rv:71.0) Gecko/20100101 Firefox/71.0"
36.133.115.36 - - [15/Oct/2025:08:48:14 +0800] "POST /wp-cron.php?doing_wp_cron=1760489294.5356318950653076171875 HTTP/1.1" 200 31 "-" "WordPress/6.8.2; http://cqqizhou.com"
87.120.191.90 - - [15/Oct/2025:08:48:14 +0800] "GET / HTTP/1.1" 200 33468 "-" "Mozilla/5.0 (Windows NT 10.0; Win64; x64) AppleWebKit/537.36 (KHTML, like Gecko) Chrome/90.0.4430.85 Safari/537.36 Edg/90.0.818.46"
36.133.115.36 - - [15/Oct/2025:08:54:37 +0800] "POST /wp-cron.php?doing_wp_cron=1760489677.7301781177520751953125 HTTP/1.1" 200 31 "-" "WordPress/6.8.2; http://cqqizhou.com"
87.120.191.91 - - [15/Oct/2025:08:54:38 +0800] "GET / HTTP/1.1" 200 33468 "-" "Mozilla/5.0 (Windows NT 10.0; Win64; x64) AppleWebKit/537.36 (KHTML, like Gecko) Chrome/90.0.4430.85 Safari/537.36 Edg/90.0.818.46"
36.133.115.36 - - [15/Oct/2025:09:00:47 +0800] "POST /wp-cron.php?doing_wp_cron=1760490047.5992770195007324218750 HTTP/1.1" 200 31 "-" "WordPress/6.8.2; http://cqqizhou.com"
87.120.191.93 - - [15/Oct/2025:09:00:47 +0800] "GET / HTTP/1.1" 200 33468 "-" "Mozilla/5.0 (Windows NT 10.0; Win64; x64) AppleWebKit/537.36 (KHTML, like Gecko) Chrome/90.0.4430.85 Safari/537.36 Edg/90.0.818.46"
36.133.115.36 - - [15/Oct/2025:09:03:26 +0800] "POST /wp-cron.php?doing_wp_cron=1760490206.6540710926055908203125 HTTP/1.1" 200 31 "-" "WordPress/6.8.2; http://cqqizhou.com"
36.133.108.119 - - [15/Oct/2025:09:03:26 +0800] "HEAD /.env.dev HTTP/1.1" 404 0 "-" "Mozilla/5.0 (Windows NT 6.1) AppleWebKit/537.36 (KHTML, like Gecko) Chrome/27.0.1453.90 Safari/537.36"
36.133.115.36 - - [15/Oct/2025:09:04:02 +0800] "POST /wp-cron.php?doing_wp_cron=1760490242.6559660434722900390625 HTTP/1.1" 200 31 "-" "WordPress/6.8.2; http://cqqizhou.com"
36.133.108.119 - - [15/Oct/2025:09:04:02 +0800] "HEAD /blog/.env HTTP/1.1" 404 0 "-" "Mozilla/5.0 (Windows NT 6.2; WOW64) AppleWebKit/537.14 (KHTML, like Gecko) Chrome/24.0.1292.0 Safari/537.14"
36.133.115.36 - - [15/Oct/2025:09:07:35 +0800] "POST /wp-cron.php?doing_wp_cron=1760490455.9473700523376464843750 HTTP/1.1" 200 31 "-" "WordPress/6.8.2; http://cqqizhou.com"
36.133.108.125 - - [15/Oct/2025:09:07:36 +0800] "HEAD /.remote HTTP/1.1" 404 0 "-" "Mozilla/4.0 (compatible; MSIE 8.0; Windows NT 6.1; WOW64; Trident/4.0; SLCC2; Media Center PC 6.0; InfoPath.2; MS-RTC LM 8"
36.133.115.36 - - [15/Oct/2025:09:26:48 +0800] "POST /wp-cron.php?doing_wp_cron=1760491608.3853669166564941406250 HTTP/1.1" 200 31 "-" "WordPress/6.8.2; http://cqqizhou.com"
87.120.191.6 - - [15/Oct/2025:09:26:48 +0800] "GET / HTTP/1.1" 200 33468 "-" "Mozilla/5.0 (Windows NT 10.0; Win64; x64) AppleWebKit/537.36 (KHTML, like Gecko) Chrome/90.0.4430.85 Safari/537.36 Edg/90.0.818.46"
183.229.46.13 - - [15/Oct/2025:09:27:58 +0800] "GET / HTTP/1.1" 200 39371 "http://cqqizhou.com/" "Mozilla/5.0 (Windows NT 6.1; WOW64) AppleWebKit/537.36 (KHTML, like Gecko) Chrome/50.0.2661.102 Safari/537.36"
121.237.36.27 - - [15/Oct/2025:09:30:51 +0800] "GET / HTTP/1.1" 200 39371 "-" "Mozilla/4.0 (compatible; MSIE 5.0; Linux 2.4.20-13.7 i686) Opera 6.11 [de]"
36.133.115.36 - - [15/Oct/2025:09:31:43 +0800] "POST /wp-cron.php?doing_wp_cron=1760491903.2237188816070556640625 HTTP/1.1" 200 31 "-" "WordPress/6.8.2; http://cqqizhou.com"
121.237.36.27 - - [15/Oct/2025:09:31:43 +0800] "GET / HTTP/1.1" 200 33468 "-" "Dalvik/2.1.0 (Linux; U; Android 9.0; ZTE BA520 Build/MRA58K)"
52.167.144.218 - - [15/Oct/2025:09:33:22 +0800] "GET /bug/ HTTP/1.1" 200 12811 "-" "Mozilla/5.0 AppleWebKit/537.36 (KHTML, like Gecko; compatible; bingbot/2.0; +http://www.bing.com/bingbot.htm) Chrome/116.0.1938.76 Safari/537.36"
36.133.115.36 - - [15/Oct/2025:09:49:56 +0800] "POST /wp-cron.php?doing_wp_cron=1760492996.9493889808654785156250 HTTP/1.1" 200 31 "-" "WordPress/6.8.2; http://cqqizhou.com"
20.98.166.120 - - [15/Oct/2025:09:49:57 +0800] "GET /developmentserver/metadatauploader HTTP/1.1" 404 8989 "-" "Mozilla/5.0 zgrab/0.x"
121.237.36.31 - - [15/Oct/2025:09:57:37 +0800] "GET / HTTP/1.1" 200 39371 "-" "Mozilla/5.0 (Macintosh; Intel Mac OS X 10_11) AppleWebKit/601.1.27 (KHTML, like Gecko) Chrome/47.0.2526.106 Safari/601.1.27"
36.133.115.36 - - [15/Oct/2025:09:59:41 +0800] "POST /wp-cron.php?doing_wp_cron=1760493581.2227001190185546875000 HTTP/1.1" 200 31 "-" "WordPress/6.8.2; http://cqqizhou.com"
87.120.191.93 - - [15/Oct/2025:09:59:41 +0800] "GET / HTTP/1.1" 200 33468 "-" "Mozilla/5.0 (Windows NT 10.0; Win64; x64) AppleWebKit/537.36 (KHTML, like Gecko) Chrome/90.0.4430.85 Safari/537.36 Edg/90.0.818.46"
36.133.115.36 - - [15/Oct/2025:10:07:33 +0800] "POST /wp-cron.php?doing_wp_cron=1760494053.0668470859527587890625 HTTP/1.1" 200 31 "-" "WordPress/6.8.2; http://cqqizhou.com"
199.45.155.84 - - [15/Oct/2025:10:07:33 +0800] "GET / HTTP/1.1" 301 5 "-" "Mozilla/5.0 (compatible; CensysInspect/1.1; +https://about.censys.io/)"
199.45.155.84 - - [15/Oct/2025:10:07:40 +0800] "GET / HTTP/1.1" 200 39371 "-" "Mozilla/5.0 (compatible; CensysInspect/1.1; +https://about.censys.io/)"
121.237.36.31 - - [15/Oct/2025:10:07:54 +0800] "GET / HTTP/1.1" 200 39371 "-" "Mozilla/5.0 (Macintosh; Intel Mac OS X 10_11) AppleWebKit/601.1.27 (KHTML, like Gecko) Chrome/47.0.2526.106 Safari/601.1.27"
36.133.115.36 - - [15/Oct/2025:10:11:17 +0800] "POST /wp-cron.php?doing_wp_cron=1760494277.0184650421142578125000 HTTP/1.1" 200 31 "-" "WordPress/6.8.2; http://cqqizhou.com"
66.132.153.116 - - [15/Oct/2025:10:11:17 +0800] "GET /robots.txt HTTP/1.1" 200 190 "-" "Mozilla/5.0 (compatible; CensysInspect/1.1; +https://about.censys.io/)"
36.133.115.36 - - [15/Oct/2025:10:13:09 +0800] "POST /wp-cron.php?doing_wp_cron=1760494388.9650409221649169921875 HTTP/1.1" 200 31 "-" "WordPress/6.8.2; http://cqqizhou.com"
206.168.34.219 - - [15/Oct/2025:10:13:09 +0800] "GET / HTTP/1.1" 301 5 "-" "Mozilla/5.0 (compatible; CensysInspect/1.1; +https://about.censys.io/)"
206.168.34.219 - - [15/Oct/2025:10:13:57 +0800] "GET / HTTP/1.1" 200 39371 "-" "Mozilla/5.0 (compatible; CensysInspect/1.1; +https://about.censys.io/)"
36.133.115.36 - - [15/Oct/2025:10:15:42 +0800] "POST /wp-cron.php?doing_wp_cron=1760494542.0503718852996826171875 HTTP/1.1" 200 31 "-" "WordPress/6.8.2; http://cqqizhou.com"
121.237.36.31 - - [15/Oct/2025:10:15:42 +0800] "GET / HTTP/1.1" 200 33468 "-" "Dalvik/2.1.0 (Linux; U; Android 9.0; ZTE BA520 Build/MRA58K)"
36.133.115.36 - - [15/Oct/2025:10:27:21 +0800] "POST /wp-cron.php?doing_wp_cron=1760495241.4971599578857421875000 HTTP/1.1" 200 31 "-" "WordPress/6.8.2; http://cqqizhou.com"
87.120.191.91 - - [15/Oct/2025:10:27:21 +0800] "GET / HTTP/1.1" 200 33468 "-" "Mozilla/5.0 (Windows NT 10.0; Win64; x64) AppleWebKit/537.36 (KHTML, like Gecko) Chrome/90.0.4430.85 Safari/537.36 Edg/90.0.818.46"
36.133.115.36 - - [15/Oct/2025:10:28:41 +0800] "POST /wp-cron.php?doing_wp_cron=1760495321.3072988986968994140625 HTTP/1.1" 200 31 "-" "WordPress/6.8.2; http://cqqizhou.com"
87.120.191.90 - - [15/Oct/2025:10:28:41 +0800] "GET / HTTP/1.1" 200 33468 "-" "Mozilla/5.0 (Windows NT 10.0; Win64; x64) AppleWebKit/537.36 (KHTML, like Gecko) Chrome/90.0.4430.85 Safari/537.36 Edg/90.0.818.46"
36.133.115.36 - - [15/Oct/2025:10:29:36 +0800] "POST /wp-cron.php?doing_wp_cron=1760495376.1417379379272460937500 HTTP/1.1" 200 31 "-" "WordPress/6.8.2; http://cqqizhou.com"
87.120.191.6 - - [15/Oct/2025:10:29:36 +0800] "GET / HTTP/1.1" 200 33468 "-" "Mozilla/5.0 (Windows NT 10.0; Win64; x64) AppleWebKit/537.36 (KHTML, like Gecko) Chrome/90.0.4430.85 Safari/537.36 Edg/90.0.818.46"
36.133.115.36 - - [15/Oct/2025:10:44:45 +0800] "POST /wp-cron.php?doing_wp_cron=1760496285.3614170551300048828125 HTTP/1.1" 200 31 "-" "WordPress/6.8.2; http://cqqizhou.com"
205.169.39.57 - - [15/Oct/2025:10:44:45 +0800] "GET / HTTP/1.1" 301 5 "-" "Mozilla/5.0 (Windows NT 10.0; Win64; x64) AppleWebKit/537.36 (KHTML, like Gecko) Chrome/117.0.5938.132 Safari/537.36"
205.169.39.57 - - [15/Oct/2025:10:44:46 +0800] "GET / HTTP/1.1" 200 39371 "-" "Mozilla/5.0 (Windows NT 10.0; Win64; x64) AppleWebKit/537.36 (KHTML, like Gecko) Chrome/117.0.5938.132 Safari/537.36"
205.169.39.57 - - [15/Oct/2025:10:44:47 +0800] "GET /wp-content/uploads/2025/07/1751425283-qizhou.kf_.qq_.com_.webp HTTP/1.1" 200 16864 "http://cqqizhou.com/" "Mozilla/5.0 (Windows NT 10.0; Win64; x64) AppleWebKit/537.36 (KHTML, like Gecko) Chrome/117.0.5938.132 Safari/537.36"
205.169.39.57 - - [15/Oct/2025:10:44:49 +0800] "GET /wp-content/uploads/2025/07/1750174127-Marketing1920x800_3.webp HTTP/1.1" 200 52790 "http://cqqizhou.com/wp-content/uploads/elementor/css/post-1666.css?ver=1756373176" "Mozilla/5.0 (Windows NT 10.0; Win64; x64) AppleWebKit/537.36 (KHTML, like Gecko) Chrome/117.0.5938.132 Safari/537.36"
205.169.39.57 - - [15/Oct/2025:10:44:49 +0800] "GET /wp-content/uploads/2025/07/1753456723-%E5%8F%8C%E7%9B%B8%E9%92%A2roduct_Single600.webp HTTP/1.1" 200 22790 "http://cqqizhou.com/" "Mozilla/5.0 (Windows NT 10.0; Win64; x64) AppleWebKit/537.36 (KHTML, like Gecko) Chrome/117.0.5938.132 Safari/537.36"
205.169.39.57 - - [15/Oct/2025:10:44:49 +0800] "GET /wp-content/uploads/2025/07/1753453096-%E5%8F%8C%E7%9B%B8%E9%92%A2product_Single600%C3%97284.webp HTTP/1.1" 200 14562 "http://cqqizhou.com/" "Mozilla/5.0 (Windows NT 10.0; Win64; x64) AppleWebKit/537.36 (KHTML, like Gecko) Chrome/117.0.5938.132 Safari/537.36"
205.169.39.57 - - [15/Oct/2025:10:44:49 +0800] "GET /wp-content/uploads/2025/07/1753456770-%E7%83%AD%E9%95%80%E9%94%8C%E5%8D%B7product_Single600.webp HTTP/1.1" 200 27502 "http://cqqizhou.com/" "Mozilla/5.0 (Windows NT 10.0; Win64; x64) AppleWebKit/537.36 (KHTML, like Gecko) Chrome/117.0.5938.132 Safari/537.36"
205.169.39.57 - - [15/Oct/2025:10:44:49 +0800] "GET /wp-content/uploads/2025/07/1753453127-%E4%BD%99%E5%8D%B7product_Single600%C3%97284.webp HTTP/1.1" 200 18744 "http://cqqizhou.com/" "Mozilla/5.0 (Windows NT 10.0; Win64; x64) AppleWebKit/537.36 (KHTML, like Gecko) Chrome/117.0.5938.132 Safari/537.36"
36.133.115.36 - - [15/Oct/2025:10:44:50 +0800] "POST /wp-cron.php?doing_wp_cron=1760496290.7351460456848144531250 HTTP/1.1" 200 31 "-" "WordPress/6.8.2; http://cqqizhou.com"
205.169.39.57 - - [15/Oct/2025:10:44:50 +0800] "POST /wp-admin/admin-ajax.php HTTP/1.1" 403 33 "http://cqqizhou.com/" "Mozilla/5.0 (Windows NT 10.0; Win64; x64) AppleWebKit/537.36 (KHTML, like Gecko) Chrome/117.0.5938.132 Safari/537.36"
205.169.39.57 - - [15/Oct/2025:10:44:51 +0800] "GET /wp-content/uploads/revslider/slider-1/1750929639-yuanjing_Slider_3840%C3%972160_20250626171955-scaled.webp HTTP/1.1" 200 203290 "http://cqqizhou.com/" "Mozilla/5.0 (Windows NT 10.0; Win64; x64) AppleWebKit/537.36 (KHTML, like Gecko) Chrome/117.0.5938.132 Safari/537.36"
205.169.39.57 - - [15/Oct/2025:10:44:51 +0800] "GET /wp-content/uploads/2025/07/1753587901-Slider_3840%C3%972160_20250727-scaled-50x100.webp HTTP/1.1" 200 1660 "http://cqqizhou.com/" "Mozilla/5.0 (Windows NT 10.0; Win64; x64) AppleWebKit/537.36 (KHTML, like Gecko) Chrome/117.0.5938.132 Safari/537.36"
205.169.39.57 - - [15/Oct/2025:10:44:51 +0800] "GET /wp-content/uploads/revslider/slider-1/1750861156-logistics_Slider_3840%C3%972160_20250625191356-scaled-50x100.webp HTTP/1.1" 200 1416 "http://cqqizhou.com/" "Mozilla/5.0 (Windows NT 10.0; Win64; x64) AppleWebKit/537.36 (KHTML, like Gecko) Chrome/117.0.5938.132 Safari/537.36"
205.169.39.57 - - [15/Oct/2025:10:44:51 +0800] "GET /wp-content/uploads/revslider/slider-1/1750861156-logistics_Slider_3840%C3%972160_20250625191356-scaled-50x100.webp HTTP/1.1" 200 1416 "http://cqqizhou.com/" "Mozilla/5.0 (Windows NT 10.0; Win64; x64) AppleWebKit/537.36 (KHTML, like Gecko) Chrome/117.0.5938.132 Safari/537.36"
205.169.39.57 - - [15/Oct/2025:10:44:51 +0800] "GET /wp-content/uploads/2025/07/1753587901-Slider_3840%C3%972160_20250727-scaled-50x100.webp HTTP/1.1" 200 1660 "http://cqqizhou.com/" "Mozilla/5.0 (Windows NT 10.0; Win64; x64) AppleWebKit/537.36 (KHTML, like Gecko) Chrome/117.0.5938.132 Safari/537.36"
205.169.39.57 - - [15/Oct/2025:10:44:52 +0800] "GET /wp-json/sliderrevolution/sliders/1?srengine=7&slideid=3 HTTP/1.1" 200 2292 "http://cqqizhou.com/" "Mozilla/5.0 (Windows NT 10.0; Win64; x64) AppleWebKit/537.36 (KHTML, like Gecko) Chrome/117.0.5938.132 Safari/537.36"
205.169.39.57 - - [15/Oct/2025:10:44:52 +0800] "GET /wp-json/sliderrevolution/sliders/1?srengine=7&slideid=2 HTTP/1.1" 200 2058 "http://cqqizhou.com/" "Mozilla/5.0 (Windows NT 10.0; Win64; x64) AppleWebKit/537.36 (KHTML, like Gecko) Chrome/117.0.5938.132 Safari/537.36"
205.169.39.57 - - [15/Oct/2025:10:44:52 +0800] "GET /wp-content/uploads/2025/07/1753587901-Slider_3840%C3%972160_20250727-scaled.webp HTTP/1.1" 200 141034 "http://cqqizhou.com/" "Mozilla/5.0 (Windows NT 10.0; Win64; x64) AppleWebKit/537.36 (KHTML, like Gecko) Chrome/117.0.5938.132 Safari/537.36"
205.169.39.57 - - [15/Oct/2025:10:44:53 +0800] "GET /wp-content/uploads/revslider/slider-1/1750861156-logistics_Slider_3840%C3%972160_20250625191356-scaled.webp HTTP/1.1" 200 197360 "http://cqqizhou.com/" "Mozilla/5.0 (Windows NT 10.0; Win64; x64) AppleWebKit/537.36 (KHTML, like Gecko) Chrome/117.0.5938.132 Safari/537.36"
36.133.115.36 - - [15/Oct/2025:10:53:52 +0800] "POST /wp-cron.php?doing_wp_cron=1760496832.2356820106506347656250 HTTP/1.1" 200 31 "-" "WordPress/6.8.2; http://cqqizhou.com"
106.119.167.146 - - [15/Oct/2025:10:53:52 +0800] "GET / HTTP/1.1" 200 33468 "-" "Mozilla/5.0 (iPhone; CPU iPhone OS 13_2_3 like Mac OS X) AppleWebKit/605.1.15 (KHTML, like Gecko) Version/13.0.3 Mobile/15E148 Safari/604.1"
115.49.208.85 - - [15/Oct/2025:10:54:49 +0800] "GET /boaform/admin/formLogin?username=adminisp&psd=adminisp HTTP/1.0" 404 31368 "-" "-"
36.133.115.36 - - [15/Oct/2025:11:07:06 +0800] "POST /wp-cron.php?doing_wp_cron=1760497626.6111850738525390625000 HTTP/1.1" 200 31 "-" "WordPress/6.8.2; http://cqqizhou.com"
87.120.191.90 - - [15/Oct/2025:11:07:06 +0800] "GET / HTTP/1.1" 200 33468 "-" "Mozilla/5.0 (Windows NT 10.0; Win64; x64) AppleWebKit/537.36 (KHTML, like Gecko) Chrome/90.0.4430.85 Safari/537.36 Edg/90.0.818.46"
36.133.115.36 - - [15/Oct/2025:11:11:10 +0800] "POST /wp-cron.php?doing_wp_cron=1760497870.8807950019836425781250 HTTP/1.1" 200 31 "-" "WordPress/6.8.2; http://cqqizhou.com"
176.65.141.87 - - [15/Oct/2025:11:11:11 +0800] "GET / HTTP/1.1" 200 151919 "-" "Mozilla/5.0 (Windows NT 10.0; Win64; x64) AppleWebKit/537.36 (KHTML, like Gecko) Chrome/42.0.2311.135 Safari/537.36 Edge/12.246"
36.133.115.36 - - [15/Oct/2025:11:21:14 +0800] "POST /wp-cron.php?doing_wp_cron=1760498474.9100680351257324218750 HTTP/1.1" 200 31 "-" "WordPress/6.8.2; http://cqqizhou.com"
167.172.100.49 - - [15/Oct/2025:11:21:14 +0800] "GET / HTTP/1.1" 301 5 "-" "Mozilla/5.0 (Windows NT 10.0; Win64; x64) AppleWebKit/537.36 (KHTML, like Gecko) Chrome/108.0.0.0 Safari/537.36"
167.172.100.49 - - [15/Oct/2025:11:21:16 +0800] "GET / HTTP/1.1" 200 39371 "http://36.133.115.36/" "Mozilla/5.0 (Windows NT 10.0; Win64; x64) AppleWebKit/537.36 (KHTML, like Gecko) Chrome/108.0.0.0 Safari/537.36"
167.172.100.49 - - [15/Oct/2025:11:21:17 +0800] "GET /form.html HTTP/1.1" 404 8990 "-" "curl/8.1.2"
167.172.100.49 - - [15/Oct/2025:11:21:18 +0800] "GET /upl.php HTTP/1.1" 404 47 "-" "Mozilla/5.0"
167.172.100.49 - - [15/Oct/2025:11:21:19 +0800] "GET /t4 HTTP/1.1" 404 8990 "-" "Mozilla/5.0"
167.172.100.49 - - [15/Oct/2025:11:21:21 +0800] "GET /geoip/ HTTP/1.1" 404 8990 "-" "Mozilla/5.0 (Windows NT 10.0; Win64; x64) AppleWebKit/537.36 (KHTML, like Gecko) Chrome/108.0.0.0 Safari/537.36"
167.172.100.49 - - [15/Oct/2025:11:21:22 +0800] "GET /1.php HTTP/1.1" 404 47 "-" "Mozilla/5.0 (Windows NT 10.0; Win64; x64) AppleWebKit/537.36 (KHTML, like Gecko) Chrome/108.0.0.0 Safari/537.36"
167.172.100.49 - - [15/Oct/2025:11:21:24 +0800] "GET /systembc/password.php HTTP/1.1" 404 47 "-" "Mozilla/5.0 (Windows NT 10.0; Win64; x64) AppleWebKit/537.36 (KHTML, like Gecko) Chrome/108.0.0.0 Safari/537.36"
167.172.100.49 - - [15/Oct/2025:11:21:24 +0800] "GET /password.php HTTP/1.1" 404 47 "-" "Mozilla/5.0 (Windows NT 10.0; Win64; x64) AppleWebKit/537.36 (KHTML, like Gecko) Chrome/108.0.0.0 Safari/537.36"
36.133.115.36 - - [15/Oct/2025:11:30:16 +0800] "POST /wp-cron.php?doing_wp_cron=1760499016.9439690113067626953125 HTTP/1.1" 200 31 "-" "WordPress/6.8.2; http://cqqizhou.com"
78.153.140.224 - - [15/Oct/2025:11:30:17 +0800] "GET /.env HTTP/1.1" 404 31381 "-" "Opera/9.80 (Windows NT 5.1; U; ro) Presto/2.10.289 Version/12.00"
78.153.140.224 - - [15/Oct/2025:11:30:18 +0800] "GET /api/.env HTTP/1.1" 404 31381 "-" "Opera/9.80 (Windows NT 6.1; WOW64; Edition Campaign 06) Presto/2.12.388 Version/12.18"
78.153.140.224 - - [15/Oct/2025:11:30:20 +0800] "GET /backend/.env HTTP/1.1" 404 31381 "-" "Mozilla/5.0 (X11; Linux x86_64) AppleWebKit/537.36 (KHTML, like Gecko) Chrome/45.0.2454.78 Safari/537.36 OPR/32.0.1953.96473"
78.153.140.224 - - [15/Oct/2025:11:30:22 +0800] "GET /admin/.env HTTP/1.1" 404 31381 "-" "Mozilla/4.0 (compatible; MSIE 8.0; Windows NT 6.1; WOW64; Trident/7.0; SLCC2; .NET CLR 2.0.50727; .NET CLR 3.5.30729; .NET CLR 3.0.30729; Media Center PC 6.0; .NET4.0C; .NET4.0E; InfoPath.3)"
78.153.140.224 - - [15/Oct/2025:11:30:24 +0800] "GET /.env.example HTTP/1.1" 404 31381 "-" "Mozilla/5.0 (Windows; U; Windows NT 5.2; fr; rv:1.9b5) Gecko/2008032620 Firefox/3.0b5"
78.153.140.224 - - [15/Oct/2025:11:30:26 +0800] "GET /app_dev.php/_profiler/phpinfo HTTP/1.1" 404 31381 "-" "Mozilla/5.0 (Windows NT 6.2; Win64; x64; rv:54.0) Gecko/20100101 Firefox/54.0"
87.120.191.91 - - [15/Oct/2025:11:30:41 +0800] "GET / HTTP/1.1" 200 33468 "-" "Mozilla/5.0 (Windows NT 10.0; Win64; x64) AppleWebKit/537.36 (KHTML, like Gecko) Chrome/90.0.4430.85 Safari/537.36 Edg/90.0.818.46"
36.133.115.36 - - [15/Oct/2025:11:44:24 +0800] "POST /wp-cron.php?doing_wp_cron=1760499864.5112109184265136718750 HTTP/1.1" 200 31 "-" "WordPress/6.8.2; http://cqqizhou.com"
87.120.191.90 - - [15/Oct/2025:11:44:24 +0800] "GET / HTTP/1.1" 200 33468 "-" "Mozilla/5.0 (Windows NT 10.0; Win64; x64) AppleWebKit/537.36 (KHTML, like Gecko) Chrome/90.0.4430.85 Safari/537.36 Edg/90.0.818.46"
196.251.86.13 - - [15/Oct/2025:11:50:34 +0800] "GET /sites/all/libraries/plupload/examples/upload.php HTTP/1.1" 404 27 "-" "ALittle Client"
36.133.115.36 - - [15/Oct/2025:11:58:56 +0800] "POST /wp-cron.php?doing_wp_cron=1760500736.3665790557861328125000 HTTP/1.1" 200 31 "-" "WordPress/6.8.2; http://cqqizhou.com"
112.44.101.158 - - [15/Oct/2025:11:58:56 +0800] "GET / HTTP/1.1" 301 5 "-" "Mozilla/5.0 (Windows NT 6.1; WOW64) AppleWebKit/537.36 (KHTML, like Gecko) Chrome/85.0.4183.38"
101.87.128.109 - - [15/Oct/2025:11:58:56 +0800] "GET / HTTP/1.1" 200 39371 "-" "Mozilla/5.0 (Windows NT 10.0; Win64; x64) AppleWebKit/537.36 (KHTML, like Gecko) Chrome/76.0.3809.68"
112.44.101.158 - - [15/Oct/2025:11:58:56 +0800] "GET / HTTP/1.1" 200 39371 "-" "Mozilla/5.0 (Windows NT 6.1; WOW64) AppleWebKit/537.36 (KHTML, like Gecko) Chrome/85.0.4183.38"
36.133.115.36 - - [15/Oct/2025:12:13:04 +0800] "POST /wp-cron.php?doing_wp_cron=1760501584.0478739738464355468750 HTTP/1.1" 200 31 "-" "WordPress/6.8.2; http://cqqizhou.com"
43.165.189.110 - - [15/Oct/2025:12:13:04 +0800] "GET / HTTP/1.1" 200 33468 "-" "Mozilla/5.0 (iPhone; CPU iPhone OS 13_2_3 like Mac OS X) AppleWebKit/605.1.15 (KHTML, like Gecko) Version/13.0.3 Mobile/15E148 Safari/604.1"
36.133.115.36 - - [15/Oct/2025:12:21:03 +0800] "POST /wp-cron.php?doing_wp_cron=1760502063.2003240585327148437500 HTTP/1.1" 200 31 "-" "WordPress/6.8.2; http://cqqizhou.com"
87.120.191.90 - - [15/Oct/2025:12:21:03 +0800] "GET / HTTP/1.1" 200 33468 "-" "Mozilla/5.0 (Windows NT 10.0; Win64; x64) AppleWebKit/537.36 (KHTML, like Gecko) Chrome/90.0.4430.85 Safari/537.36 Edg/90.0.818.46"
36.133.115.36 - - [15/Oct/2025:12:24:10 +0800] "POST /wp-cron.php?doing_wp_cron=1760502250.8220810890197753906250 HTTP/1.1" 200 31 "-" "WordPress/6.8.2; http://cqqizhou.com"
38.175.215.9 - - [15/Oct/2025:12:24:11 +0800] "POST /index.php?s=captcha HTTP/1.1" 200 65005 "http://36.133.115.36/index.php?s=captcha" "Mozilla/5.0 (Macintosh; U; Intel Mac OS X; en-US; rv:1.8.0.7) Gecko/20060909 Firefox/1.5.0.7"
38.175.215.9 - - [15/Oct/2025:12:24:12 +0800] "POST /index.php?s=captcha HTTP/1.1" 200 65005 "http://36.133.115.36/index.php?s=captcha" "Mozilla/5.0 (Windows; U; Windows NT 6.0; en-US) AppleWebKit/530.1 (KHTML, like Gecko) Chrome/2.0.164.0 Safari/530.1"
38.175.215.9 - - [15/Oct/2025:12:24:12 +0800] "GET /lnt.php HTTP/1.1" 404 27 "http://36.133.115.36/lnt.php" "Mozilla/5.0 (Macintosh; U; PPC Mac OS X 10_4_11; hu-hu) AppleWebKit/531.21.8 (KHTML, like Gecko) Version/4.0.4 Safari/531.21.10"
38.175.215.9 - - [15/Oct/2025:12:24:13 +0800] "POST /index.php?s=captcha HTTP/1.1" 200 65005 "http://36.133.115.36/index.php?s=captcha" "Mozilla/5.0 (Macintosh; U; PPC Mac OS X 10_4_11; fr) AppleWebKit/533.16 (KHTML, like Gecko) Version/5.0 Safari/533.16"
38.175.215.9 - - [15/Oct/2025:12:24:14 +0800] "GET /yehg.php HTTP/1.1" 404 27 "http://36.133.115.36/yehg.php" "Mozilla/5.0 (Macintosh; U; Intel Mac OS X 10_5_6; en-US) AppleWebKit/530.9 (KHTML, like Gecko) Chrome/ Safari/530.9"
38.175.215.9 - - [15/Oct/2025:12:24:14 +0800] "POST /index.php?s=captcha HTTP/1.1" 400 2528 "http://36.133.115.36/index.php?s=captcha" "Mozilla/5.0 (Macintosh; U; Intel Mac OS X 10_6_0; en-US) AppleWebKit/533.4 (KHTML, like Gecko) Chrome/5.0.375.86 Safari/533.4"
38.175.215.9 - - [15/Oct/2025:12:24:15 +0800] "GET /jxjo.php HTTP/1.1" 404 27 "http://36.133.115.36/jxjo.php" "Mozilla/4.7 (compatible; OffByOne; Windows 2000)"
38.175.215.9 - - [15/Oct/2025:12:24:15 +0800] "POST /index.php?s=captcha HTTP/1.1" 400 2528 "http://36.133.115.36/index.php?s=captcha" "Mozilla/4.0 (compatible; MSIE 8.0; Windows NT 6.1; WOW64; Trident/4.0; SLCC2; .NET CLR 2.0.50727; .NET CLR 3.5.30729; .NET CLR 3.0.30729; Media Center PC 6.0; InfoPath.2; OfficeLiveConnector.1.4; OfficeLivePatch.1.3; yie8)"
38.175.215.9 - - [15/Oct/2025:12:24:16 +0800] "GET /vjma.php HTTP/1.1" 404 27 "http://36.133.115.36/vjma.php" "Mozilla/5.0 (Windows; U; Windows NT 6.0; en-US) AppleWebKit/531.3 (KHTML, like Gecko) Chrome/3.0.193.0 Safari/531.3"
38.175.215.9 - - [15/Oct/2025:12:24:17 +0800] "POST / HTTP/1.1" 200 151919 "http://36.133.115.36/" "Mozilla/5.0 (Windows; U; Windows NT 5.2; en-US) AppleWebKit/530.5 (KHTML, like Gecko) Chrome/2.0.172.43 Safari/530.5"
38.175.215.9 - - [15/Oct/2025:12:24:18 +0800] "GET /arxz.php HTTP/1.1" 404 27 "http://36.133.115.36/arxz.php" "Mozilla/4.0 (compatible; MSIE 7.0b; Windows NT 5.1; .NET CLR 1.1.4322)"
38.175.215.9 - - [15/Oct/2025:12:24:18 +0800] "POST /php-cgi/php-cgi.exe?%add+allow_url_include%3d1+%add+auto_prepend_file%3dphp://input HTTP/1.1" 404 31381 "http://36.133.115.36/php-cgi/php-cgi.exe?%add+allow_url_include%3d1+%add+auto_prepend_file%3dphp://input" "Mozilla/5.0 (Windows; U; Windows NT 5.1; en-US) AppleWebKit/534.13 (KHTML, like Gecko) Chrome/9.0.597.15 Safari/534.13"
36.133.115.36 - - [15/Oct/2025:12:27:14 +0800] "POST /wp-cron.php?doing_wp_cron=1760502434.2205390930175781250000 HTTP/1.1" 200 31 "-" "WordPress/6.8.2; http://cqqizhou.com"
49.51.204.74 - - [15/Oct/2025:12:27:14 +0800] "GET / HTTP/1.1" 200 33468 "-" "Mozilla/5.0 (iPhone; CPU iPhone OS 13_2_3 like Mac OS X) AppleWebKit/605.1.15 (KHTML, like Gecko) Version/13.0.3 Mobile/15E148 Safari/604.1"
36.133.115.36 - - [15/Oct/2025:12:30:45 +0800] "POST /wp-cron.php?doing_wp_cron=1760502645.9543349742889404296875 HTTP/1.1" 200 31 "-" "WordPress/6.8.2; http://cqqizhou.com"
36.155.132.154 - - [15/Oct/2025:12:30:46 +0800] "GET / HTTP/1.1" 301 5 "http://m.baidu.com/s?wd=park8aj" "Mozilla/5.0 (Windows NT 6.1; WOW64; rv:43.0) Gecko/20100101 Firefox/43.0"
36.155.132.152 - - [15/Oct/2025:12:30:46 +0800] "GET / HTTP/1.1" 200 39371 "-" "Mozilla/5.0 (Windows NT 6.1; WOW64; rv:43.0) Gecko/20100101 Firefox/43.0"
36.133.115.36 - - [15/Oct/2025:12:35:16 +0800] "POST /wp-cron.php?doing_wp_cron=1760502916.4919970035552978515625 HTTP/1.1" 200 31 "-" "WordPress/6.8.2; http://cqqizhou.com"
183.134.59.131 - - [15/Oct/2025:12:35:16 +0800] "GET / HTTP/1.1" 301 5 "-" "Mozilla/5.0 (X11; U; Linux x86_64; en-US; rv:1.9.0.8) Gecko/2009032712 Ubuntu/8.10 (intrepid) Firefox/3.0.8"
36.133.115.36 - - [15/Oct/2025:12:36:04 +0800] "POST /wp-cron.php?doing_wp_cron=1760502964.4526898860931396484375 HTTP/1.1" 200 31 "-" "WordPress/6.8.2; http://cqqizhou.com"
121.52.252.229 - - [15/Oct/2025:12:36:04 +0800] "GET / HTTP/1.0" 301 0 "-" "Mozilla/5.0 (Windows NT 10.0; Win64; x64) AppleWebKit/537.36 (KHTML, like Gecko) Chrome/124.0.0.0 Safari/537.36"
121.52.252.229 - - [15/Oct/2025:12:36:05 +0800] "GET / HTTP/1.0" 200 165852 "-" "Mozilla/5.0 (Windows NT 10.0; Win64; x64) AppleWebKit/537.36 (KHTML, like Gecko) Chrome/124.0.0.0 Safari/537.36"
183.134.59.131 - - [15/Oct/2025:12:36:21 +0800] "GET / HTTP/1.1" 301 5 "-" "Mozilla/5.0 (Macintosh; Intel Mac OS X 10_11) AppleWebKit/601.1.27 (KHTML, like Gecko) Chrome/47.0.2526.106 Safari/601.1.27"
183.134.59.131 - - [15/Oct/2025:12:36:26 +0800] "GET / HTTP/1.1" 200 39371 "-" "Mozilla/5.0 (Macintosh; Intel Mac OS X 10_11) AppleWebKit/601.1.27 (KHTML, like Gecko) Chrome/47.0.2526.106 Safari/601.1.27"
36.133.115.36 - - [15/Oct/2025:12:37:00 +0800] "POST /wp-cron.php?doing_wp_cron=1760503020.1638948917388916015625 HTTP/1.1" 200 31 "-" "WordPress/6.8.2; http://cqqizhou.com"
101.32.15.141 - - [15/Oct/2025:12:37:00 +0800] "GET /portfolio/hot-dip-galvanized-coil/ HTTP/1.1" 200 18821 "-" "Mozilla/5.0 (iPhone; CPU iPhone OS 13_2_3 like Mac OS X) AppleWebKit/605.1.15 (KHTML, like Gecko) Version/13.0.3 Mobile/15E148 Safari/604.1"
36.133.115.36 - - [15/Oct/2025:12:38:16 +0800] "POST /wp-cron.php?doing_wp_cron=1760503096.0115299224853515625000 HTTP/1.1" 200 31 "-" "WordPress/6.8.2; http://cqqizhou.com"
183.134.59.131 - - [15/Oct/2025:12:38:16 +0800] "GET / HTTP/1.1" 301 5 "-" "Dalvik/2.1.0 (Linux; U; Android 9.0; ZTE BA520 Build/MRA58K)"
183.134.59.131 - - [15/Oct/2025:12:38:18 +0800] "GET / HTTP/1.1" 200 33468 "-" "Dalvik/2.1.0 (Linux; U; Android 9.0; ZTE BA520 Build/MRA58K)"
36.133.115.36 - - [15/Oct/2025:12:38:27 +0800] "POST /wp-cron.php?doing_wp_cron=1760503107.6004660129547119140625 HTTP/1.1" 200 31 "-" "WordPress/6.8.2; http://cqqizhou.com"
183.134.59.131 - - [15/Oct/2025:12:38:27 +0800] "GET / HTTP/1.1" 301 5 "-" "Mozilla/5.0 (Linux; U; Android 5.1; zh-cn; MX5 Build/LMY47I) AppleWebKit/534.30 (KHTML, like Gecko) Version/4.0 UCBrowser/1.0.0.100 U3/0.8.0 Mobile Safari/534.30 AliApp(TB/6.6.4) WindVane/8.0.0 1080X1920 GCanvas/1.4.2.21"
36.133.115.36 - - [15/Oct/2025:12:40:03 +0800] "POST /wp-cron.php?doing_wp_cron=1760503203.0076689720153808593750 HTTP/1.1" 200 31 "-" "WordPress/6.8.2; http://cqqizhou.com"
167.172.226.104 - - [15/Oct/2025:12:40:03 +0800] "GET /.env HTTP/1.1" 404 8989 "-" "Mozilla/5.0; Keydrop.io/1.0(onlyscans.com/about);"
167.172.226.104 - - [15/Oct/2025:12:40:04 +0800] "GET /.git/config HTTP/1.1" 404 8990 "-" "Mozilla/5.0; Keydrop.io/1.0(onlyscans.com/about);"
36.133.115.36 - - [15/Oct/2025:12:46:34 +0800] "POST /wp-cron.php?doing_wp_cron=1760503594.8457989692687988281250 HTTP/1.1" 200 31 "-" "WordPress/6.8.2; http://cqqizhou.com"
43.157.38.228 - - [15/Oct/2025:12:46:35 +0800] "GET / HTTP/1.1" 200 33468 "-" "Mozilla/5.0 (iPhone; CPU iPhone OS 13_2_3 like Mac OS X) AppleWebKit/605.1.15 (KHTML, like Gecko) Version/13.0.3 Mobile/15E148 Safari/604.1"
183.134.59.131 - - [15/Oct/2025:12:49:02 +0800] "GET /?teir HTTP/1.1" 301 5 "-" "Mozilla/5.0 (X11; U; Linux x86_64; en-US; rv:1.9.0.8) Gecko/2009032712 Ubuntu/8.10 (intrepid) Firefox/3.0.8"
36.133.115.36 - - [15/Oct/2025:12:49:02 +0800] "POST /wp-cron.php?doing_wp_cron=1760503742.9460020065307617187500 HTTP/1.1" 200 31 "-" "WordPress/6.8.2; http://cqqizhou.com"
183.134.59.131 - - [15/Oct/2025:12:49:02 +0800] "GET /index.php/user/login HTTP/1.1" 301 5 "-" "Mozilla/5.0 (X11; U; Linux x86_64; en-US; rv:1.9.0.8) Gecko/2009032712 Ubuntu/8.10 (intrepid) Firefox/3.0.8"
183.134.59.131 - - [15/Oct/2025:12:49:03 +0800] "GET /index/index/info?type=ultimate HTTP/1.1" 404 8990 "-" "Mozilla/5.0 (X11; U; Linux x86_64; en-US; rv:1.9.0.8) Gecko/2009032712 Ubuntu/8.10 (intrepid) Firefox/3.0.8"
183.134.59.131 - - [15/Oct/2025:12:49:03 +0800] "GET /jw HTTP/1.1" 404 8990 "-" "Mozilla/5.0 (X11; U; Linux x86_64; en-US; rv:1.9.0.8) Gecko/2009032712 Ubuntu/8.10 (intrepid) Firefox/3.0.8"
183.134.59.131 - - [15/Oct/2025:12:49:03 +0800] "GET /index/index/leaveMsg/s/4 HTTP/1.1" 404 8990 "-" "Mozilla/5.0 (X11; U; Linux x86_64; en-US; rv:1.9.0.8) Gecko/2009032712 Ubuntu/8.10 (intrepid) Firefox/3.0.8"
183.134.59.131 - - [15/Oct/2025:12:49:03 +0800] "GET /?teir HTTP/1.1" 301 5 "-" "Mozilla/5.0 (X11; U; Linux x86_64; en-US; rv:1.9.0.8) Gecko/2009032712 Ubuntu/8.10 (intrepid) Firefox/3.0.8"
183.134.59.131 - - [15/Oct/2025:12:49:03 +0800] "GET /index/index/info?type=ultimate&date=1633382774669 HTTP/1.1" 404 8990 "-" "Mozilla/5.0 (X11; U; Linux x86_64; en-US; rv:1.9.0.8) Gecko/2009032712 Ubuntu/8.10 (intrepid) Firefox/3.0.8"
183.134.59.131 - - [15/Oct/2025:12:49:03 +0800] "GET /api/Event/Products/Average HTTP/1.1" 404 8990 "-" "Mozilla/5.0 (X11; U; Linux x86_64; en-US; rv:1.9.0.8) Gecko/2009032712 Ubuntu/8.10 (intrepid) Firefox/3.0.8"
36.133.115.36 - - [15/Oct/2025:12:50:24 +0800] "POST /wp-cron.php?doing_wp_cron=1760503824.5815410614013671875000 HTTP/1.1" 200 31 "-" "WordPress/6.8.2; http://cqqizhou.com"
176.65.141.86 - - [15/Oct/2025:12:50:24 +0800] "GET /cgi-bin/luci/;stok=/locale HTTP/1.1" 301 5 "-" "-"
36.133.115.36 - - [15/Oct/2025:12:56:25 +0800] "POST /wp-cron.php?doing_wp_cron=1760504185.6233029365539550781250 HTTP/1.1" 200 31 "-" "WordPress/6.8.2; http://cqqizhou.com"
87.120.191.90 - - [15/Oct/2025:12:56:25 +0800] "GET / HTTP/1.1" 200 33468 "-" "Mozilla/5.0 (Windows NT 10.0; Win64; x64) AppleWebKit/537.36 (KHTML, like Gecko) Chrome/90.0.4430.85 Safari/537.36 Edg/90.0.818.46"
43.157.22.109 - - [15/Oct/2025:13:00:19 +0800] "GET /wp-content/uploads/2025/07/1751425283-qizhou.kf_.qq_.com_.webp HTTP/1.1" 200 16864 "-" "Mozilla/5.0 (iPhone; CPU iPhone OS 13_2_3 like Mac OS X) AppleWebKit/605.1.15 (KHTML, like Gecko) Version/13.0.3 Mobile/15E148 Safari/604.1"
220.181.108.91 - - [15/Oct/2025:13:07:15 +0800] "GET /portfolio/ HTTP/1.1" 200 20575 "-" "Mozilla/5.0 (compatible; Baiduspider/2.0; +http://www.baidu.com/search/spider.html)"
116.179.32.110 - - [15/Oct/2025:13:07:15 +0800] "GET /business/ HTTP/1.1" 200 22433 "-" "Mozilla/5.0 (compatible; Baiduspider/2.0; +http://www.baidu.com/search/spider.html)"
36.133.115.36 - - [15/Oct/2025:13:07:15 +0800] "POST /wp-cron.php?doing_wp_cron=1760504835.8020129203796386718750 HTTP/1.1" 200 31 "-" "WordPress/6.8.2; http://cqqizhou.com"
220.181.51.90 - - [15/Oct/2025:13:07:15 +0800] "GET /robots.txt HTTP/1.1" 200 190 "-" "Mozilla/5.0 (Windows NT 10.0; WOW64) AppleWebKit/537.36 (KHTML, like Gecko) Chrome/48.0.2564.116 Safari/537.36"
220.181.51.113 - - [15/Oct/2025:13:07:16 +0800] "GET /robots.txt HTTP/1.1" 200 190 "-" "Mozilla/5.0 (Windows NT 10.0; WOW64) AppleWebKit/537.36 (KHTML, like Gecko) Chrome/48.0.2564.116 Safari/537.36"
220.181.108.157 - - [15/Oct/2025:13:07:16 +0800] "GET /2215/ HTTP/1.1" 200 24300 "-" "Mozilla/5.0 (compatible; Baiduspider/2.0; +http://www.baidu.com/search/spider.html)"
220.181.51.90 - - [15/Oct/2025:13:07:31 +0800] "GET /robots.txt HTTP/1.1" 200 190 "-" "Mozilla/5.0 (Windows NT 10.0; WOW64) AppleWebKit/537.36 (KHTML, like Gecko) Chrome/48.0.2564.116 Safari/537.36"
36.133.115.36 - - [15/Oct/2025:13:08:01 +0800] "POST /wp-cron.php?doing_wp_cron=1760504881.8027501106262207031250 HTTP/1.1" 200 31 "-" "WordPress/6.8.2; http://cqqizhou.com"
220.181.51.85 - - [15/Oct/2025:13:08:01 +0800] "GET /robots.txt HTTP/1.1" 200 190 "-" "Mozilla/5.0 (Windows NT 10.0; WOW64) AppleWebKit/537.36 (KHTML, like Gecko) Chrome/48.0.2564.116 Safari/537.36"
36.133.115.36 - - [15/Oct/2025:13:14:09 +0800] "POST /wp-cron.php?doing_wp_cron=1760505249.4517030715942382812500 HTTP/1.1" 200 31 "-" "WordPress/6.8.2; http://cqqizhou.com"
101.33.80.42 - - [15/Oct/2025:13:14:09 +0800] "GET /wp-content/uploads/2025/07/1753453096- HTTP/1.1" 404 8990 "-" "Mozilla/5.0 (iPhone; CPU iPhone OS 13_2_3 like Mac OS X) AppleWebKit/605.1.15 (KHTML, like Gecko) Version/13.0.3 Mobile/15E148 Safari/604.1"
36.133.115.36 - - [15/Oct/2025:13:18:17 +0800] "POST /wp-cron.php?doing_wp_cron=1760505497.6374969482421875000000 HTTP/1.1" 200 31 "-" "WordPress/6.8.2; http://cqqizhou.com"
162.216.150.36 - - [15/Oct/2025:13:18:17 +0800] "GET / HTTP/1.1" 200 33468 "-" "Hello from Palo Alto Networks, find out more about our scans in https://docs-cortex.paloaltonetworks.com/r/1/Cortex-Xpanse/Scanning-activity"
36.133.115.36 - - [15/Oct/2025:13:24:41 +0800] "POST /wp-cron.php?doing_wp_cron=1760505881.1687910556793212890625 HTTP/1.1" 200 31 "-" "WordPress/6.8.2; http://cqqizhou.com"
170.106.11.141 - - [15/Oct/2025:13:24:41 +0800] "GET / HTTP/1.1" 200 33468 "-" "Mozilla/5.0 (iPhone; CPU iPhone OS 13_2_3 like Mac OS X) AppleWebKit/605.1.15 (KHTML, like Gecko) Version/13.0.3 Mobile/15E148 Safari/604.1"
36.133.115.36 - - [15/Oct/2025:13:25:46 +0800] "POST /wp-cron.php?doing_wp_cron=1760505946.7536129951477050781250 HTTP/1.1" 200 31 "-" "WordPress/6.8.2; http://cqqizhou.com"
43.156.228.27 - - [15/Oct/2025:13:25:46 +0800] "GET /portfolio/duplex-stainless-steel/ HTTP/1.1" 200 18678 "-" "Mozilla/5.0 (iPhone; CPU iPhone OS 13_2_3 like Mac OS X) AppleWebKit/605.1.15 (KHTML, like Gecko) Version/13.0.3 Mobile/15E148 Safari/604.1"
36.133.115.36 - - [15/Oct/2025:13:34:12 +0800] "POST /wp-cron.php?doing_wp_cron=1760506452.9365029335021972656250 HTTP/1.1" 200 31 "-" "WordPress/6.8.2; http://cqqizhou.com"
87.120.191.90 - - [15/Oct/2025:13:34:13 +0800] "GET / HTTP/1.1" 200 33468 "-" "Mozilla/5.0 (Windows NT 10.0; Win64; x64) AppleWebKit/537.36 (KHTML, like Gecko) Chrome/90.0.4430.85 Safari/537.36 Edg/90.0.818.46"
36.133.115.36 - - [15/Oct/2025:13:38:40 +0800] "POST /wp-cron.php?doing_wp_cron=1760506720.8427319526672363281250 HTTP/1.1" 200 31 "-" "WordPress/6.8.2; http://cqqizhou.com"
43.157.181.189 - - [15/Oct/2025:13:38:41 +0800] "GET /portfolio-tag/%e9%9e%8d%e9%92%a2%e8%92%82%e6%a3%ae/ HTTP/1.1" 200 18123 "-" "Mozilla/5.0 (iPhone; CPU iPhone OS 13_2_3 like Mac OS X) AppleWebKit/605.1.15 (KHTML, like Gecko) Version/13.0.3 Mobile/15E148 Safari/604.1"
36.133.115.36 - - [15/Oct/2025:13:40:51 +0800] "POST /wp-cron.php?doing_wp_cron=1760506851.1147298812866210937500 HTTP/1.1" 200 31 "-" "WordPress/6.8.2; http://cqqizhou.com"
213.209.143.66 - - [15/Oct/2025:13:40:51 +0800] "GET / HTTP/1.1" 200 33468 "-" "Mozilla/5.0 (Windows NT 10.0; Win64; x64) AppleWebKit/537.36 (KHTML, like Gecko) Chrome/90.0.4430.85 Safari/537.36 Edg/90.0.818.46"
36.133.115.36 - - [15/Oct/2025:13:45:38 +0800] "POST /wp-cron.php?doing_wp_cron=1760507138.0451190471649169921875 HTTP/1.1" 200 31 "-" "WordPress/6.8.2; http://cqqizhou.com"
87.120.191.6 - - [15/Oct/2025:13:45:38 +0800] "GET / HTTP/1.1" 200 33468 "-" "Mozilla/5.0 (Windows NT 10.0; Win64; x64) AppleWebKit/537.36 (KHTML, like Gecko) Chrome/90.0.4430.85 Safari/537.36 Edg/90.0.818.46"
36.133.115.36 - - [15/Oct/2025:13:48:14 +0800] "POST /wp-cron.php?doing_wp_cron=1760507294.3932659626007080078125 HTTP/1.1" 200 31 "-" "WordPress/6.8.2; http://cqqizhou.com"
43.133.187.11 - - [15/Oct/2025:13:48:14 +0800] "GET /logistics HTTP/1.1" 301 5 "-" "Mozilla/5.0 (iPhone; CPU iPhone OS 13_2_3 like Mac OS X) AppleWebKit/605.1.15 (KHTML, like Gecko) Version/13.0.3 Mobile/15E148 Safari/604.1"
43.133.187.11 - - [15/Oct/2025:13:48:17 +0800] "GET /logistics/ HTTP/1.1" 200 18250 "http://cqqizhou.com/logistics" "Mozilla/5.0 (iPhone; CPU iPhone OS 13_2_3 like Mac OS X) AppleWebKit/605.1.15 (KHTML, like Gecko) Version/13.0.3 Mobile/15E148 Safari/604.1"
36.133.115.36 - - [15/Oct/2025:13:59:26 +0800] "POST /wp-cron.php?doing_wp_cron=1760507966.8634510040283203125000 HTTP/1.1" 200 31 "-" "WordPress/6.8.2; http://cqqizhou.com"
49.51.233.46 - - [15/Oct/2025:13:59:27 +0800] "GET /portfolio-category/hot-dip-galvanized-coil/ HTTP/1.1" 200 17629 "-" "Mozilla/5.0 (iPhone; CPU iPhone OS 13_2_3 like Mac OS X) AppleWebKit/605.1.15 (KHTML, like Gecko) Version/13.0.3 Mobile/15E148 Safari/604.1"
36.133.115.36 - - [15/Oct/2025:14:08:03 +0800] "POST /wp-cron.php?doing_wp_cron=1760508483.9137170314788818359375 HTTP/1.1" 200 31 "-" "WordPress/6.8.2; http://cqqizhou.com"
176.65.141.87 - - [15/Oct/2025:14:08:04 +0800] "GET / HTTP/1.1" 200 151919 "-" "Mozilla/5.0 (Windows NT 10.0; Win64; x64) AppleWebKit/537.36 (KHTML, like Gecko) Chrome/42.0.2311.135 Safari/537.36 Edge/12.246"
43.130.37.243 - - [15/Oct/2025:14:08:04 +0800] "GET / HTTP/1.1" 200 33468 "-" "Mozilla/5.0 (iPhone; CPU iPhone OS 13_2_3 like Mac OS X) AppleWebKit/605.1.15 (KHTML, like Gecko) Version/13.0.3 Mobile/15E148 Safari/604.1"
36.133.115.36 - - [15/Oct/2025:14:13:52 +0800] "POST /wp-cron.php?doing_wp_cron=1760508832.3819971084594726562500 HTTP/1.1" 200 31 "-" "WordPress/6.8.2; http://cqqizhou.com"
87.120.191.90 - - [15/Oct/2025:14:13:52 +0800] "GET / HTTP/1.1" 200 33468 "-" "Mozilla/5.0 (Windows NT 10.0; Win64; x64) AppleWebKit/537.36 (KHTML, like Gecko) Chrome/90.0.4430.85 Safari/537.36 Edg/90.0.818.46"
36.133.115.36 - - [15/Oct/2025:14:18:07 +0800] "POST /wp-cron.php?doing_wp_cron=1760509087.0574040412902832031250 HTTP/1.1" 200 31 "-" "WordPress/6.8.2; http://cqqizhou.com"
124.156.179.141 - - [15/Oct/2025:14:18:07 +0800] "GET /portfolio/ HTTP/1.1" 200 17015 "-" "Mozilla/5.0 (iPhone; CPU iPhone OS 13_2_3 like Mac OS X) AppleWebKit/605.1.15 (KHTML, like Gecko) Version/13.0.3 Mobile/15E148 Safari/604.1"
42.236.17.71 - - [15/Oct/2025:14:25:12 +0800] "GET / HTTP/1.1" 200 39371 "http://cqqizhou.com/" "Mozilla/5.0 (Windows NT 10.0; Win64; x64) AppleWebKit/537.36 (KHTML, like Gecko) Chrome/140.0.0.0 Safari/537.36 Edg/140.0.0.0; 360Spider"
123.57.13.121 - - [15/Oct/2025:14:27:51 +0800] "GET / HTTP/1.1" 200 39371 "-" "Mozilla/5.0 (Windows NT 10.0; Win64; x64) AppleWebKit/537.36 (KHTML, like Gecko) Chrome/104.0.0.0 Safari/537.36"
36.133.115.36 - - [15/Oct/2025:14:28:57 +0800] "POST /wp-cron.php?doing_wp_cron=1760509737.4217479228973388671875 HTTP/1.1" 200 31 "-" "WordPress/6.8.2; http://cqqizhou.com"
43.135.135.57 - - [15/Oct/2025:14:28:57 +0800] "GET /wp-json/oembed/1.0/embed?url=http%3A%2F%2Fcqqizhou.com%2Fportfolio%2Fduplex-stainless-steel%2F HTTP/1.1" 200 1204 "-" "Mozilla/5.0 (iPhone; CPU iPhone OS 13_2_3 like Mac OS X) AppleWebKit/605.1.15 (KHTML, like Gecko) Version/13.0.3 Mobile/15E148 Safari/604.1"
36.133.115.36 - - [15/Oct/2025:14:40:12 +0800] "POST /wp-cron.php?doing_wp_cron=1760510412.4244050979614257812500 HTTP/1.1" 200 31 "-" "WordPress/6.8.2; http://cqqizhou.com"
43.166.131.228 - - [15/Oct/2025:14:40:12 +0800] "GET /wp-content/uploads/2025/07/1753451773- HTTP/1.1" 404 8989 "-" "Mozilla/5.0 (iPhone; CPU iPhone OS 13_2_3 like Mac OS X) AppleWebKit/605.1.15 (KHTML, like Gecko) Version/13.0.3 Mobile/15E148 Safari/604.1"
43.130.32.245 - - [15/Oct/2025:14:48:12 +0800] "GET /wp-content/uploads/2025/07/1751864664-Logistics800x500_1.webp HTTP/1.1" 200 76914 "-" "Mozilla/5.0 (iPhone; CPU iPhone OS 13_2_3 like Mac OS X) AppleWebKit/605.1.15 (KHTML, like Gecko) Version/13.0.3 Mobile/15E148 Safari/604.1"
36.133.115.36 - - [15/Oct/2025:14:49:39 +0800] "POST /wp-cron.php?doing_wp_cron=1760510979.1313641071319580078125 HTTP/1.1" 200 31 "-" "WordPress/6.8.2; http://cqqizhou.com"
87.120.191.91 - - [15/Oct/2025:14:49:39 +0800] "GET / HTTP/1.1" 200 33468 "-" "Mozilla/5.0 (Windows NT 10.0; Win64; x64) AppleWebKit/537.36 (KHTML, like Gecko) Chrome/90.0.4430.85 Safari/537.36 Edg/90.0.818.46"
36.133.115.36 - - [15/Oct/2025:14:52:14 +0800] "POST /wp-cron.php?doing_wp_cron=1760511134.6531839370727539062500 HTTP/1.1" 200 31 "-" "WordPress/6.8.2; http://cqqizhou.com"
87.120.191.90 - - [15/Oct/2025:14:52:14 +0800] "GET / HTTP/1.1" 200 33468 "-" "Mozilla/5.0 (Windows NT 10.0; Win64; x64) AppleWebKit/537.36 (KHTML, like Gecko) Chrome/90.0.4430.85 Safari/537.36 Edg/90.0.818.46"
36.133.115.36 - - [15/Oct/2025:14:55:46 +0800] "POST /wp-cron.php?doing_wp_cron=1760511346.0464329719543457031250 HTTP/1.1" 200 31 "-" "WordPress/6.8.2; http://cqqizhou.com"
43.156.204.134 - - [15/Oct/2025:14:55:46 +0800] "GET / HTTP/1.1" 200 33468 "-" "Mozilla/5.0 (iPhone; CPU iPhone OS 13_2_3 like Mac OS X) AppleWebKit/605.1.15 (KHTML, like Gecko) Version/13.0.3 Mobile/15E148 Safari/604.1"
36.103.173.7 - - [15/Oct/2025:14:56:19 +0800] "GET / HTTP/1.1" 301 5 "-" "Mozilla/5.0 (Windows NT 10.0; Win64; x64) AppleWebKit/537.36 (KHTML, like Gecko) Chrome/122.0.0.0 Safari/537.36 Edg/122.0.0.0"
36.103.173.7 - - [15/Oct/2025:14:56:30 +0800] "GET / HTTP/1.1" 200 39371 "http://www.cqqizhou.com" "Mozilla/5.0 (Windows NT 10.0; Win64; x64) AppleWebKit/537.36 (KHTML, like Gecko) Chrome/122.0.0.0 Safari/537.36 Edg/122.0.0.0"
36.133.115.36 - - [15/Oct/2025:14:57:33 +0800] "POST /wp-cron.php?doing_wp_cron=1760511453.9324800968170166015625 HTTP/1.1" 200 31 "-" "WordPress/6.8.2; http://cqqizhou.com"
162.62.231.139 - - [15/Oct/2025:14:57:34 +0800] "GET /2215/ HTTP/1.1" 200 20083 "-" "Mozilla/5.0 (iPhone; CPU iPhone OS 13_2_3 like Mac OS X) AppleWebKit/605.1.15 (KHTML, like Gecko) Version/13.0.3 Mobile/15E148 Safari/604.1"
36.133.115.36 - - [15/Oct/2025:15:28:55 +0800] "POST /wp-cron.php?doing_wp_cron=1760513335.7676579952239990234375 HTTP/1.1" 200 31 "-" "WordPress/6.8.2; http://cqqizhou.com"
220.181.108.110 - - [15/Oct/2025:15:28:55 +0800] "GET /wp-json/oembed/1.0/embed?url=http%3A%2F%2Fcqqizhou.com%2Fclub%2F HTTP/1.1" 200 1108 "-" "Mozilla/5.0 (compatible; Baiduspider/2.0; +http://www.baidu.com/search/spider.html)"
36.133.115.36 - - [15/Oct/2025:15:31:40 +0800] "POST /wp-cron.php?doing_wp_cron=1760513500.7512478828430175781250 HTTP/1.1" 200 31 "-" "WordPress/6.8.2; http://cqqizhou.com"
87.120.191.90 - - [15/Oct/2025:15:31:41 +0800] "GET / HTTP/1.1" 200 33468 "-" "Mozilla/5.0 (Windows NT 10.0; Win64; x64) AppleWebKit/537.36 (KHTML, like Gecko) Chrome/90.0.4430.85 Safari/537.36 Edg/90.0.818.46"
36.133.115.36 - - [15/Oct/2025:15:52:44 +0800] "POST /wp-cron.php?doing_wp_cron=1760514764.4110059738159179687500 HTTP/1.1" 200 31 "-" "WordPress/6.8.2; http://cqqizhou.com"
220.181.108.166 - - [15/Oct/2025:15:52:44 +0800] "GET /wp-json/oembed/1.0/embed?url=http%3A%2F%2Fcqqizhou.com%2F2231%2F HTTP/1.1" 200 1296 "-" "Mozilla/5.0 (compatible; Baiduspider/2.0; +http://www.baidu.com/search/spider.html)"
36.133.115.36 - - [15/Oct/2025:16:09:39 +0800] "POST /wp-cron.php?doing_wp_cron=1760515779.7605071067810058593750 HTTP/1.1" 200 31 "-" "WordPress/6.8.2; http://cqqizhou.com"
87.120.191.90 - - [15/Oct/2025:16:09:40 +0800] "GET / HTTP/1.1" 200 33468 "-" "Mozilla/5.0 (Windows NT 10.0; Win64; x64) AppleWebKit/537.36 (KHTML, like Gecko) Chrome/90.0.4430.85 Safari/537.36 Edg/90.0.818.46"
